{"id":707791,"date":"2025-08-27T16:09:08","date_gmt":"2025-08-27T13:09:08","guid":{"rendered":"https:\/\/roveyayinevi.com.tr\/index.php\/urun\/cizgili-pijamali-cocuk-ciltli\/"},"modified":"2026-04-16T02:16:25","modified_gmt":"2026-04-15T23:16:25","slug":"cizgili-pijamali-cocuk-ciltli","status":"publish","type":"product","link":"https:\/\/roveyayinevi.com.tr\/index.php\/urun\/cizgili-pijamali-cocuk-ciltli\/","title":{"rendered":"\u00c7izgili Pijamal\u0131 \u00c7ocuk &#8211; Ciltli"},"content":{"rendered":"<p>D\u00fcnyaca \u00fcnl\u00fc \u0130rlandal\u0131 yazar John Boyne&#8217;un kaleminden, 46 farkl\u0131 dile \u00e7evrilen, bol \u00f6d\u00fcll\u00fc bir klasik.\u00c7izgili Pijamal\u0131 \u00c7ocuk, 2. D\u00fcnya Sava\u015f\u0131 s\u0131ras\u0131nda yollar\u0131 kesi\u015fen iki k\u00fc\u00e7\u00fck \u00e7ocu\u011fun s\u0131ra d\u0131\u015f\u0131 dostluklar\u0131n\u0131 anlatan sars\u0131c\u0131 bir roman.\u00c7ocuklardan biri, Auschwitz Toplama Kamp\u0131 komutanlar\u0131ndan birinin o\u011flu Bruno, \u00f6teki ise kamptaki esir \u00e7ocuklardan biri olan Schmuel. G\u00fc\u00e7l\u00fc hikayesiyle salt \u00e7ocuklara de\u011fil yeti\u015fkinlere de seslenen bu kitab\u0131 okumaya ba\u015flad\u0131\u011f\u0131n\u0131zda, Bruno ad\u0131nda dokuz ya\u015f\u0131nda bir \u00e7ocu\u011fun pe\u015fine tak\u0131l\u0131p kendinizi tehlikeli bir tel \u00f6rg\u00fcn\u00fcn ard\u0131nda bulabilirsiniz&#8230;Miramax taraf\u0131ndan sinemaya da uyarlanarak pek \u00e7ok \u00f6d\u00fcle de\u011fer g\u00f6r\u00fclen bu \u00e7arp\u0131c\u0131 kitap, Nazi toplama kamplar\u0131 ger\u00e7e\u011fini iki \u00e7ocu\u011fun g\u00f6z\u00fcnden aktar\u0131yor.\u201cSars\u0131c\u0131 finali ile insan\u0131n akl\u0131ndan g\u00fcnlerce \u00e7\u0131kmayan, \u00e7ok yal\u0131n ve iyi yaz\u0131lm\u0131\u015f bu roman gen\u00e7ler kadar yeti\u015fkinler taraf\u0131ndan da okunmay\u0131 bekliyor.\u201d Radikal Kitap\u201cJohn Boyne, kitap boyunca okurun hep bir ad\u0131m \u00f6n\u00fcnde konumunu korurken, \u00f6ld\u00fcr\u00fcc\u00fc darbeyi son sayfalarda indiriyor.\u201d The Independent<\/p>\n","protected":false},"excerpt":{"rendered":"<p>D\u00fcnyaca \u00fcnl\u00fc \u0130rlandal\u0131 yazar John Boyne&#8217;un kaleminden, 46 farkl\u0131 dile \u00e7evrilen, bol \u00f6d\u00fcll\u00fc bir klasik.\u00c7izgili Pijamal\u0131 \u00c7ocuk, 2. D\u00fcnya Sava\u015f\u0131 s\u0131ras\u0131nda yollar\u0131 kesi\u015fen iki k\u00fc\u00e7\u00fck \u00e7ocu\u011fun<span class=\"excerpt-hellip\"> [\u2026]<\/span><\/p>\n","protected":false},"featured_media":0,"template":"","meta":{"_monsterinsights_skip_tracking":false,"_monsterinsights_sitenote_active":false,"_monsterinsights_sitenote_note":"","_monsterinsights_sitenote_category":0},"product_brand":[],"product_cat":[12274,12467],"product_tag":[],"class_list":{"0":"post-707791","1":"product","2":"type-product","3":"status-publish","5":"product_cat-cocuk-ve-genclik-kitaplari","6":"product_cat-dunya-klasikleri","7":"pa_cilt-ciltli","8":"pa_tur-kitap","9":"pa_yayinevi-tudem-yayinlari","10":"pa_yazar-john-boyne","12":"first","13":"instock","14":"sale","15":"shipping-taxable","16":"purchasable","17":"product-type-simple"},"_links":{"self":[{"href":"https:\/\/roveyayinevi.com.tr\/index.php\/wp-json\/wp\/v2\/product\/707791","targetHints":{"allow":["GET"]}}],"collection":[{"href":"https:\/\/roveyayinevi.com.tr\/index.php\/wp-json\/wp\/v2\/product"}],"about":[{"href":"https:\/\/roveyayinevi.com.tr\/index.php\/wp-json\/wp\/v2\/types\/product"}],"wp:attachment":[{"href":"https:\/\/roveyayinevi.com.tr\/index.php\/wp-json\/wp\/v2\/media?parent=707791"}],"wp:term":[{"taxonomy":"product_brand","embeddable":true,"href":"https:\/\/roveyayinevi.com.tr\/index.php\/wp-json\/wp\/v2\/product_brand?post=707791"},{"taxonomy":"product_cat","embeddable":true,"href":"https:\/\/roveyayinevi.com.tr\/index.php\/wp-json\/wp\/v2\/product_cat?post=707791"},{"taxonomy":"product_tag","embeddable":true,"href":"https:\/\/roveyayinevi.com.tr\/index.php\/wp-json\/wp\/v2\/product_tag?post=707791"}],"curies":[{"name":"wp","href":"https:\/\/api.w.org\/{rel}","templated":true}]}}