{"id":707789,"date":"2025-08-27T16:09:07","date_gmt":"2025-08-27T13:09:07","guid":{"rendered":"https:\/\/roveyayinevi.com.tr\/index.php\/urun\/bu-simdiki-zaman-kipinde-yazilmaliydi\/"},"modified":"2026-04-16T02:16:24","modified_gmt":"2026-04-15T23:16:24","slug":"bu-simdiki-zaman-kipinde-yazilmaliydi","status":"publish","type":"product","link":"https:\/\/roveyayinevi.com.tr\/index.php\/urun\/bu-simdiki-zaman-kipinde-yazilmaliydi\/","title":{"rendered":"Bu \u015eimdiki Zaman Kipinde Yaz\u0131lmal\u0131yd\u0131"},"content":{"rendered":"<p>\u201cBu kadar gen\u00e7 olmam\u0131za dayanam\u0131yorum. Fazla genciz biz.\u201d\u201cNe i\u00e7in fazla genciz?\u201d\u201cHer \u015fey i\u00e7in. \u015eu yapt\u0131\u011f\u0131m\u0131z \u015feyler i\u00e7in de fazla genciz. Tek yapt\u0131\u011f\u0131m\u0131z \u015fey bu g\u00fczel g\u00fcnlerin sonunun gelmesini beklemek.\u201dDanimarka&#8217;n\u0131n usta, minimalist yazar\u0131 Helle Helle&#8217;den hem hi\u00e7bir \u015feyin olmad\u0131\u011f\u0131, hem de \u00e7ok \u015feyin oldu\u011fu e\u015fsiz ve s\u00fcr\u00fckleyici bir roman: Bu, \u015eimdiki Zaman Kipinde Yaz\u0131lmal\u0131yd\u0131.Bu, \u015fimdiki zaman kipinde yaz\u0131lmal\u0131yd\u0131. Ama yaz\u0131lmad\u0131.Dorte, Kopenhag&#8217;da \u00fcniversitede olmal\u0131yd\u0131. Ama orada de\u011fil.Muhtemelen yeni evine perde almas\u0131 gerekecek.Ve kom\u015fusunun erkek arkada\u015f\u0131yla yatmay\u0131 b\u0131rakmas\u0131&#8230;Belki de i\u015fler her zaman olmas\u0131 gerekti\u011fi gibi gitmiyordur.&#8221;\u0130hti\u015fam\u0131 i\u00e7inde sakl\u0131 bir kitap.&#8221; -The Guardian&#8221;Y\u0131l\u0131n en iyi edebi ke\u015fiflerinden biri.&#8221; -Bookmunch<\/p>\n","protected":false},"excerpt":{"rendered":"<p>\u201cBu kadar gen\u00e7 olmam\u0131za dayanam\u0131yorum. Fazla genciz biz.\u201d\u201cNe i\u00e7in fazla genciz?\u201d\u201cHer \u015fey i\u00e7in. \u015eu yapt\u0131\u011f\u0131m\u0131z \u015feyler i\u00e7in de fazla genciz. Tek yapt\u0131\u011f\u0131m\u0131z \u015fey bu g\u00fczel g\u00fcnlerin<span class=\"excerpt-hellip\"> [\u2026]<\/span><\/p>\n","protected":false},"featured_media":0,"template":"","meta":{"_monsterinsights_skip_tracking":false,"_monsterinsights_sitenote_active":false,"_monsterinsights_sitenote_note":"","_monsterinsights_sitenote_category":0},"product_brand":[],"product_cat":[13661,12291],"product_tag":[],"class_list":{"0":"post-707789","1":"product","2":"type-product","3":"status-publish","5":"product_cat-diger-ulke-edebiyatlari","6":"product_cat-edebiyat","7":"pa_cilt-ciltsiz","8":"pa_tur-kitap","9":"pa_yayinevi-pinhan-yayincilik","10":"pa_yazar-helle-helle","12":"first","13":"instock","14":"sale","15":"shipping-taxable","16":"purchasable","17":"product-type-simple"},"_links":{"self":[{"href":"https:\/\/roveyayinevi.com.tr\/index.php\/wp-json\/wp\/v2\/product\/707789","targetHints":{"allow":["GET"]}}],"collection":[{"href":"https:\/\/roveyayinevi.com.tr\/index.php\/wp-json\/wp\/v2\/product"}],"about":[{"href":"https:\/\/roveyayinevi.com.tr\/index.php\/wp-json\/wp\/v2\/types\/product"}],"wp:attachment":[{"href":"https:\/\/roveyayinevi.com.tr\/index.php\/wp-json\/wp\/v2\/media?parent=707789"}],"wp:term":[{"taxonomy":"product_brand","embeddable":true,"href":"https:\/\/roveyayinevi.com.tr\/index.php\/wp-json\/wp\/v2\/product_brand?post=707789"},{"taxonomy":"product_cat","embeddable":true,"href":"https:\/\/roveyayinevi.com.tr\/index.php\/wp-json\/wp\/v2\/product_cat?post=707789"},{"taxonomy":"product_tag","embeddable":true,"href":"https:\/\/roveyayinevi.com.tr\/index.php\/wp-json\/wp\/v2\/product_tag?post=707789"}],"curies":[{"name":"wp","href":"https:\/\/api.w.org\/{rel}","templated":true}]}}