{"id":707782,"date":"2025-08-27T16:09:03","date_gmt":"2025-08-27T13:09:03","guid":{"rendered":"https:\/\/roveyayinevi.com.tr\/index.php\/urun\/toltek-ic-ozgurluk-rehberi\/"},"modified":"2026-04-16T02:16:24","modified_gmt":"2026-04-15T23:16:24","slug":"toltek-ic-ozgurluk-rehberi","status":"publish","type":"product","link":"https:\/\/roveyayinevi.com.tr\/index.php\/urun\/toltek-ic-ozgurluk-rehberi\/","title":{"rendered":"Toltek \u0130\u00e7 \u00d6zg\u00fcrl\u00fck Rehberi"},"content":{"rendered":"<p>G\u00fcnl\u00fck ya\u015fam i\u00e7inde &#8220;acil&#8221; i\u015flerin ve durumlar\u0131n pe\u015finde ko\u015fu\u015ftururken kendimizi g\u00fc\u00e7s\u00fcz, kurban gibi hissetti\u011fimiz anlar\u0131n esaretine kap\u0131lmak \u00e7ok kolay. Bu duyguyu bilmeyenimiz yoktur.Bu anlar ya\u015fam enerjimizi \u00e7al\u0131yor, ya\u015famaya de\u011fer bir hayat s\u00fcrd\u00fcrmenin \u00e7ok g\u00fc\u00e7 oldu\u011funa bizi inand\u0131r\u0131yor, ruh sa\u011fl\u0131\u011f\u0131m\u0131z\u0131 korumakta zorland\u0131\u011f\u0131m\u0131z\u0131 hissediyoruz.Antik \u00e7a\u011fda Meksika&#8217;daki Toltekler alg\u0131lad\u0131\u011f\u0131m\u0131z haliyle hayat\u0131n bir D\u00fc\u015f oldu\u011funa inan\u0131yordu. Her birimiz kendi bireysel D\u00fc\u015f\u00fcm\u00fczde ya\u015far\u0131z ve hepsi bir araya geldi\u011finde Gezegenin D\u00fc\u015f\u00fcn\u00fc olu\u015fturur.Ya da biz bunu i\u00e7inde ya\u015fad\u0131\u011f\u0131m\u0131z D\u00fcnya olarak alg\u0131lar\u0131z.D\u00fc\u015fler \u00fczerinde bir kontrol\u00fcm\u00fcz olmad\u0131\u011f\u0131na inan\u0131rsak sorunlar do\u011fmaya ba\u015flar. Oysa kendi ger\u00e7e\u011fimizin mimar\u0131 oldu\u011fumuzu bilirsek D\u00fc\u015f\u00fcm\u00fcz\u00fc de\u011fi\u015ftirebilece\u011fimizi de biliriz. Don Miguel Ruiz Jr. tepeden bakan bir guru olarak de\u011fil, ayn\u0131 yolda y\u00fcr\u00fcyen bir yol arkada\u015f\u0131m\u0131z olarak bu paradigma de\u011fi\u015fimi i\u00e7in bize rehberlik hizmeti sunuyor.\u2022 Nas\u0131l uyanabiliriz?\u2022 \u0130ll\u00fczyona dayal\u0131 sahte inan\u00e7lardan nas\u0131l \u00f6zg\u00fcrle\u015febiliriz?\u2022 Nas\u0131l hayat\u0131m\u0131z\u0131n sanat\u00e7\u0131s\u0131 olabiliriz?\u2022 Sadece tek ba\u015f\u0131nayken ya da meditasyon yaparken de\u011fil, t\u0131kanan trafikte, kalabal\u0131k markette, zorland\u0131\u011f\u0131m\u0131z her durumda ve yerde ger\u00e7ek benli\u011fimizle nas\u0131l ya\u015fayabiliriz?Kitab\u0131 okumay\u0131 bitirdikten sonra evinizden \u00e7\u0131k\u0131n, dola\u015f\u0131n ve D\u00fcnyay\u0131 yepyeni g\u00f6zlerle nas\u0131l alg\u0131lad\u0131\u011f\u0131n\u0131za tan\u0131k olun. Tutkuyla ya\u015faman\u0131n ne demek oldu\u011funu hissedebilmenin g\u00fcc\u00fc bamba\u015fka. <\/p>\n","protected":false},"excerpt":{"rendered":"<p>G\u00fcnl\u00fck ya\u015fam i\u00e7inde &#8220;acil&#8221; i\u015flerin ve durumlar\u0131n pe\u015finde ko\u015fu\u015ftururken kendimizi g\u00fc\u00e7s\u00fcz, kurban gibi hissetti\u011fimiz anlar\u0131n esaretine kap\u0131lmak \u00e7ok kolay. Bu duyguyu bilmeyenimiz yoktur.Bu anlar ya\u015fam enerjimizi<span class=\"excerpt-hellip\"> [\u2026]<\/span><\/p>\n","protected":false},"featured_media":0,"template":"","meta":{"_monsterinsights_skip_tracking":false,"_monsterinsights_sitenote_active":false,"_monsterinsights_sitenote_note":"","_monsterinsights_sitenote_category":0},"product_brand":[],"product_cat":[12364,12376],"product_tag":[],"class_list":{"0":"post-707782","1":"product","2":"type-product","3":"status-publish","5":"product_cat-genel-konular","6":"product_cat-kisisel-gelisim","7":"pa_cilt-ciltsiz","8":"pa_tur-kitap","9":"pa_yayinevi-otesi-yayincilik","10":"pa_yazar-don-miguel-ruiz-jr","12":"first","13":"instock","14":"sale","15":"shipping-taxable","16":"purchasable","17":"product-type-simple"},"_links":{"self":[{"href":"https:\/\/roveyayinevi.com.tr\/index.php\/wp-json\/wp\/v2\/product\/707782","targetHints":{"allow":["GET"]}}],"collection":[{"href":"https:\/\/roveyayinevi.com.tr\/index.php\/wp-json\/wp\/v2\/product"}],"about":[{"href":"https:\/\/roveyayinevi.com.tr\/index.php\/wp-json\/wp\/v2\/types\/product"}],"wp:attachment":[{"href":"https:\/\/roveyayinevi.com.tr\/index.php\/wp-json\/wp\/v2\/media?parent=707782"}],"wp:term":[{"taxonomy":"product_brand","embeddable":true,"href":"https:\/\/roveyayinevi.com.tr\/index.php\/wp-json\/wp\/v2\/product_brand?post=707782"},{"taxonomy":"product_cat","embeddable":true,"href":"https:\/\/roveyayinevi.com.tr\/index.php\/wp-json\/wp\/v2\/product_cat?post=707782"},{"taxonomy":"product_tag","embeddable":true,"href":"https:\/\/roveyayinevi.com.tr\/index.php\/wp-json\/wp\/v2\/product_tag?post=707782"}],"curies":[{"name":"wp","href":"https:\/\/api.w.org\/{rel}","templated":true}]}}