{"id":707743,"date":"2025-08-27T16:08:44","date_gmt":"2025-08-27T13:08:44","guid":{"rendered":"https:\/\/roveyayinevi.com.tr\/index.php\/urun\/hukuk-metodolojisinin-sorunlari\/"},"modified":"2026-04-16T02:16:23","modified_gmt":"2026-04-15T23:16:23","slug":"hukuk-metodolojisinin-sorunlari","status":"publish","type":"product","link":"https:\/\/roveyayinevi.com.tr\/index.php\/urun\/hukuk-metodolojisinin-sorunlari\/","title":{"rendered":"Hukuk Metodolojisinin Sorunlar\u0131"},"content":{"rendered":"<p>T\u00fcrk hukuk biliminin en geri kalm\u0131\u015f k\u0131sm\u0131, hukukun genel teorisidir. Bu teorinin en geri kalm\u0131\u015f k\u0131sm\u0131 ise hukuk metodolojisi ve arg\u00fcmantasyon teorisidir. T\u00fcrk hukuk bilimi, hukuk metodolojisi ve arg\u00fcmantasyon teorisi a\u00e7\u0131s\u0131ndan \u201cta\u015f devri\u201dnde ya\u015f\u0131yor. Ertu\u011frul Uzun\u2019un elinizde tuttu\u011funuz bu kitab\u0131, ta\u015f devri gecesinde bir kutup y\u0131ld\u0131z\u0131 gibi parl\u0131yor.   Prof. Dr. Kemal G\u00f6zler   Yorum sorununu \u00e7\u00f6zme iddias\u0131ndaki safdil bir hukuki s\u00f6ylem \u201cyorum metotlar\u0131\u2019\u2019 ba\u015fl\u0131\u011f\u0131 alt\u0131nda ve tasniften ba\u015fka bir i\u015fe yaramayan bir anlat\u0131 \u00fcretimini kendine u\u011fra\u015f edinedursun, Ertu\u011frul Uzun\u2019un bize bir panoramas\u0131n\u0131 sunup uygulamas\u0131n\u0131 g\u00f6sterdi\u011fi as\u0131l Hukuk Metodolojisi, hukuki tart\u0131\u015fman\u0131n ve kan\u0131tlaman\u0131n i\u00e7 d\u00fcnyas\u0131na n\u00fcfuz edilmedik\u00e7e yarg\u0131laman\u0131n de\u011fil bili\u015fsel ahlaki ko\u015fullar\u0131n\u0131n bile sa\u011flanamayaca\u011f\u0131n\u0131; bilimsiz ve y\u00f6ntemsiz, hak\u00eem, feh\u00eem ve metin olunamayaca\u011f\u0131n\u0131 g\u00f6steriyor.   Yrd. Do\u00e7. Dr. Ahmet Hal\u00fbk Atalay <\/p>\n","protected":false},"excerpt":{"rendered":"<p>T\u00fcrk hukuk biliminin en geri kalm\u0131\u015f k\u0131sm\u0131, hukukun genel teorisidir. Bu teorinin en geri kalm\u0131\u015f k\u0131sm\u0131 ise hukuk metodolojisi ve arg\u00fcmantasyon teorisidir. T\u00fcrk hukuk bilimi, hukuk<span class=\"excerpt-hellip\"> [\u2026]<\/span><\/p>\n","protected":false},"featured_media":0,"template":"","meta":{"_monsterinsights_skip_tracking":false,"_monsterinsights_sitenote_active":false,"_monsterinsights_sitenote_note":"","_monsterinsights_sitenote_category":0},"product_brand":[],"product_cat":[15350,17602],"product_tag":[],"class_list":{"0":"post-707743","1":"product","2":"type-product","3":"status-publish","5":"product_cat-hukuk","6":"product_cat-hukuk-uzerine","7":"pa_cilt-ciltsiz","8":"pa_tur-kitap","9":"pa_yayinevi-nora-kitap","10":"pa_yazar-ertugrul-uzun","12":"first","13":"instock","14":"sale","15":"shipping-taxable","16":"purchasable","17":"product-type-simple"},"_links":{"self":[{"href":"https:\/\/roveyayinevi.com.tr\/index.php\/wp-json\/wp\/v2\/product\/707743","targetHints":{"allow":["GET"]}}],"collection":[{"href":"https:\/\/roveyayinevi.com.tr\/index.php\/wp-json\/wp\/v2\/product"}],"about":[{"href":"https:\/\/roveyayinevi.com.tr\/index.php\/wp-json\/wp\/v2\/types\/product"}],"wp:attachment":[{"href":"https:\/\/roveyayinevi.com.tr\/index.php\/wp-json\/wp\/v2\/media?parent=707743"}],"wp:term":[{"taxonomy":"product_brand","embeddable":true,"href":"https:\/\/roveyayinevi.com.tr\/index.php\/wp-json\/wp\/v2\/product_brand?post=707743"},{"taxonomy":"product_cat","embeddable":true,"href":"https:\/\/roveyayinevi.com.tr\/index.php\/wp-json\/wp\/v2\/product_cat?post=707743"},{"taxonomy":"product_tag","embeddable":true,"href":"https:\/\/roveyayinevi.com.tr\/index.php\/wp-json\/wp\/v2\/product_tag?post=707743"}],"curies":[{"name":"wp","href":"https:\/\/api.w.org\/{rel}","templated":true}]}}