{"id":707725,"date":"2025-08-27T16:08:35","date_gmt":"2025-08-27T13:08:35","guid":{"rendered":"https:\/\/roveyayinevi.com.tr\/index.php\/urun\/genc-elitler-ciltli\/"},"modified":"2026-04-16T02:16:23","modified_gmt":"2026-04-15T23:16:23","slug":"genc-elitler-ciltli","status":"publish","type":"product","link":"https:\/\/roveyayinevi.com.tr\/index.php\/urun\/genc-elitler-ciltli\/","title":{"rendered":"Gen\u00e7 Elitler (Ciltli)"},"content":{"rendered":"<p>Onlar Hayatta Kalanlar, Liderler, Sava\u015f\u00e7\u0131lar. Onlar Gen\u00e7 Elitler.Adelina Amouteru, \u00f6l\u00fcmc\u00fcl bir hastal\u0131ktan kurtulmu\u015ftur. On y\u0131l \u00f6nce \u00fclkesini kas\u0131p kavuran kanl\u0131 humma v\u00fccudunda tuhaf izler b\u0131rakm\u0131\u015ft\u0131r. Fakat hastal\u0131\u011f\u0131 atlatanlar\u0131n baz\u0131lar\u0131nda, ba\u015fka \u015feyler de kald\u0131\u011f\u0131 rivayet edilmektedir\u2026 Gizemli ve s\u0131rad\u0131\u015f\u0131 yeteneklere kavu\u015ftuklar\u0131na inan\u0131lan bu insanlar\u0131n kimlikleri gizlidir ancak onlara Gen\u00e7 Elitler denmeye ba\u015flam\u0131\u015ft\u0131r.Teren Santoro, Kral i\u00e7in \u00e7al\u0131\u015fmaktad\u0131r. Engizisyon Mihveri\u2019nin lideri olarak g\u00f6revi, tehlikeli oldu\u011funa inand\u0131\u011f\u0131 Gen\u00e7 Elitler\u2019i bulmak ve onlar \u00fclkeyi yok etmeden onlar\u0131 yok etmektir ama asl\u0131nda Teren hepsininkinden b\u00fcy\u00fck bir s\u0131r saklamaktad\u0131r.Enzo Valenciano, Han\u00e7er Cemiyeti \u00fcyesidir. Bu gizli Gen\u00e7 Elit grubu, kendilerinden olanlar\u0131 Engizisyon Mihveri\u2019nden \u00f6nce bulmaya \u00e7al\u0131\u015fmaktad\u0131r ama Adelina\u2019y\u0131 bulduklar\u0131nda onun \u015fimdiye dek g\u00f6rmedikleri g\u00fc\u00e7lere sahip oldu\u011funu ke\u015ffedeceklerdir.Birbirinden apayr\u0131 sava\u015flar s\u00fcrd\u00fcren bu \u00fc\u00e7l\u00fcn\u00fcn yollar\u0131 hi\u00e7 beklenmedik \u015fekilde kesi\u015fecektir. Ancak hepsinin emin oldu\u011fu tek \u015fey vard\u0131r: Karanl\u0131k bir intikam ve yok etme arzusuyla yan\u0131p tutu\u015fan Adelina\u2019n\u0131n g\u00fc\u00e7lerine bu d\u00fcnyada yer yoktur. \u201cBu kitab\u0131 eline alanlar b\u00fcy\u00fclenmeye haz\u0131r olsun\u2026 Tabii bir de serinin devam\u0131na.\u201dBooklist \u201cLu, karakterlerinin m\u00fcthi\u015f hatalar yapmas\u0131na izin vererek \u00e7\u0131tay\u0131 ger\u00e7ekten y\u00fckseltiyor\u2026 Tekrar tekrar ziyaret etmek isteyece\u011finiz bir d\u00fcnya.\u201d New York Times Book Review  \u201cLu \u2018romantizmle olgunla\u015fma\u2019 form\u00fcl\u00fcnden \u00e7ark ederek sevgi temas\u0131n\u0131n i\u00e7inde yer alan pek \u00e7ok hissi tek tek ele alm\u0131\u015f\u2026 Bu kitapta ne Adelina ne de okurlar i\u00e7in huzur var. \u0130hanet, \u00f6l\u00fcm tehditleri ve reddedilmenin hissedilmedi\u011fi tek bir g\u00fcvenli b\u00f6lge bile yok.\u201dPublishers Weekly  \u201cGer\u00e7ekten s\u00fcr\u00fckleyici fantastik eserlerin hayranlar\u0131 i\u00e7in ka\u00e7\u0131r\u0131lmaz bir f\u0131rsat.\u201d Kirkus Reviews \u201cOn d\u00f6rd\u00fcnc\u00fc y\u00fczy\u0131lda ve korkunun g\u00fc\u00e7 anlam\u0131na geldi\u011fi bir d\u00fcnyada ge\u00e7en bu fantastik eserde Game of Thrones, X-Men\u2019le kar\u015f\u0131la\u015f\u0131yor. Bu epik fantazya her \u015feyin de\u011fi\u015fece\u011finin rivayet edildi\u011fi ikinci kitab\u0131 d\u00f6rt g\u00f6zle beklemenize sebep olacak.\u201d Shelf Awareness \u201cHeyecan y\u00fckl\u00fc ve dopdolu bu \u00f6yk\u00fcde nabz\u0131n\u0131z\u0131 h\u0131zland\u0131racak d\u00f6v\u00fc\u015f sahneleri, kalbinizi durduracak kadar k\u0131l pay\u0131 kurtulu\u015flar ve y\u0131k\u0131ma s\u00fcr\u00fckleyen ihanetler var.\u201dThe Bulletin of the Center for Children\u2019s Books \u201cLu, Gen\u00e7 Elitler ve Adelina\u2019n\u0131n hik\u00e2yesini \u00f6rerken her sayfaya b\u00fcy\u00fcs\u00fcn\u00fc katm\u0131\u015f. Hi\u00e7bir \u015fey g\u00f6r\u00fcnd\u00fc\u011f\u00fc gibi de\u011fil.\u201dVOYA \u201cLu unutulmaz ve b\u00fcy\u00fcleyici bir tarihi fantazyay\u0131, t\u00fcm gen\u00e7lerin tecr\u00fcbe etti\u011fi kendini kabul sorunuyla bo\u011fu\u015fan, g\u00fc\u00e7l\u00fc bir kad\u0131n kahramanla harmanlam\u0131\u015f. Bu yeni seri hem eski takip\u00e7ilerini etkileyecek hem de yepyeni hayranlar edinmesini sa\u011flayacak.\u201dSchool Library Journal<\/p>\n","protected":false},"excerpt":{"rendered":"<p>Onlar Hayatta Kalanlar, Liderler, Sava\u015f\u00e7\u0131lar. Onlar Gen\u00e7 Elitler.Adelina Amouteru, \u00f6l\u00fcmc\u00fcl bir hastal\u0131ktan kurtulmu\u015ftur. On y\u0131l \u00f6nce \u00fclkesini kas\u0131p kavuran kanl\u0131 humma v\u00fccudunda tuhaf izler b\u0131rakm\u0131\u015ft\u0131r. Fakat<span class=\"excerpt-hellip\"> [\u2026]<\/span><\/p>\n","protected":false},"featured_media":0,"template":"","meta":{"_monsterinsights_skip_tracking":false,"_monsterinsights_sitenote_active":false,"_monsterinsights_sitenote_note":"","_monsterinsights_sitenote_category":0},"product_brand":[],"product_cat":[12291,14777],"product_tag":[],"class_list":{"0":"post-707725","1":"product","2":"type-product","3":"status-publish","5":"product_cat-edebiyat","6":"product_cat-fantastik","7":"pa_cilt-ciltli","8":"pa_tur-kitap","9":"pa_yayinevi-pegasus-yayinlari","10":"pa_yazar-marie-lu","12":"first","13":"instock","14":"sale","15":"shipping-taxable","16":"purchasable","17":"product-type-simple"},"_links":{"self":[{"href":"https:\/\/roveyayinevi.com.tr\/index.php\/wp-json\/wp\/v2\/product\/707725","targetHints":{"allow":["GET"]}}],"collection":[{"href":"https:\/\/roveyayinevi.com.tr\/index.php\/wp-json\/wp\/v2\/product"}],"about":[{"href":"https:\/\/roveyayinevi.com.tr\/index.php\/wp-json\/wp\/v2\/types\/product"}],"wp:attachment":[{"href":"https:\/\/roveyayinevi.com.tr\/index.php\/wp-json\/wp\/v2\/media?parent=707725"}],"wp:term":[{"taxonomy":"product_brand","embeddable":true,"href":"https:\/\/roveyayinevi.com.tr\/index.php\/wp-json\/wp\/v2\/product_brand?post=707725"},{"taxonomy":"product_cat","embeddable":true,"href":"https:\/\/roveyayinevi.com.tr\/index.php\/wp-json\/wp\/v2\/product_cat?post=707725"},{"taxonomy":"product_tag","embeddable":true,"href":"https:\/\/roveyayinevi.com.tr\/index.php\/wp-json\/wp\/v2\/product_tag?post=707725"}],"curies":[{"name":"wp","href":"https:\/\/api.w.org\/{rel}","templated":true}]}}