{"id":707703,"date":"2025-08-27T16:08:25","date_gmt":"2025-08-27T13:08:25","guid":{"rendered":"https:\/\/roveyayinevi.com.tr\/index.php\/urun\/aya-kulak-ver\/"},"modified":"2026-04-16T02:16:22","modified_gmt":"2026-04-15T23:16:22","slug":"aya-kulak-ver","status":"publish","type":"product","link":"https:\/\/roveyayinevi.com.tr\/index.php\/urun\/aya-kulak-ver\/","title":{"rendered":"Ay&#8217;a Kulak Ver"},"content":{"rendered":"<p>\u201cAy, g\u00f6ky\u00fcz\u00fcndeki y\u0131ld\u0131zlar\u0131n aras\u0131nda s\u00fcz\u00fcl\u00fcyor; ara s\u0131ra bulutlar\u0131n aras\u0131nda kaybolsa da, sanki bir koruyucu melek gibi bizi takip ediyordu. Ay\u2019a m\u0131r\u0131ldan\u0131yordum; s\u00f6z verdi\u011fim gibi, ona, babama m\u0131r\u0131ldan\u0131yordum.\u201dSava\u015f At\u0131, Kay\u0131p Zamanlar, Iss\u0131z Adan\u0131n Kral\u0131 gibi \u00e7oksatan kitaplar\u0131n bol \u00f6d\u00fcll\u00fc yazar\u0131 Michael Morpurgo, \u201c\u015fimdiye dek kaleme ald\u0131\u011f\u0131m en ki\u015fisel roman\u201d \u015feklinde yorumlad\u0131\u011f\u0131 Ay\u2019a Kulak Ver&#8217;de, kendi \u00f6z b\u00fcy\u00fckannesinin hayat ser\u00fcveninden esinlenerek olu\u015fturdu\u011fu inan\u0131lmaz bir ya\u015fam \u00f6yk\u00fcs\u00fcne imza at\u0131yor.\u0130ngiltere\u2019nin Bhryer adas\u0131nda ya\u015fayan Alfie, babas\u0131yla bal\u0131\u011fa \u00e7\u0131kt\u0131\u011f\u0131 bir g\u00fcn a\u00e7l\u0131ktan \u00f6lmek \u00fczere olan, y\u00fcksek ate\u015fi nedeniyle yar\u0131 deli h\u00e2ldeki bir k\u0131z \u00e7ocu\u011fuyla kar\u015f\u0131la\u015f\u0131r. Yakla\u015f\u0131k on iki ya\u015flar\u0131nda, \u201cLucy\u201d d\u0131\u015f\u0131nda tek kelime edemeyen bu k\u0131z nereden gelmi\u015ftir? Bir denizk\u0131z\u0131 misali \u00e7aresizce karaya vuran bu \u00fcrkek \u00e7ocuk asl\u0131nda kimdir? Bir Alman casusu mu? Hayalet mi? Yoksa ger\u00e7ekten bir denizk\u0131z\u0131 m\u0131?Alfie ve annesi Mary\u2019nin yo\u011fun \u00e7abalar\u0131 sonucunda tekrardan hayata tutunmaya \u00e7al\u0131\u015fan Lucy adeta yeniden do\u011fmu\u015ftur. \u00d6zlem ve korku dolu g\u00f6zlerindeki f\u0131rt\u0131na hi\u00e7 dinmeyen bu \u201chayalet\u201d k\u0131z\u0131n s\u0131\u011f\u0131nd\u0131\u011f\u0131 tek liman ise m\u00fczik ve ay\u0131\u015f\u0131\u011f\u0131d\u0131r. G\u00fcnlerini, ada doktorunun kendisine arma\u011fan etti\u011fi gramofonda Mozart dinleyerek ge\u00e7iren Lucy, zihninin karanl\u0131k dehlizlerinde kaybolmaktad\u0131r\u2026Ge\u00e7mi\u015fini hat\u0131rlamakta g\u00fc\u00e7l\u00fck \u00e7ekti\u011fi d\u00fc\u015f\u00fcn\u00fclen ve kimseyle konu\u015fmayan k\u00fc\u00e7\u00fck Lucy asl\u0131nda her \u015feyi hat\u0131rl\u0131yor ve konu\u015fulanlar\u0131 anl\u0131yor olabilir mi? New York\u2019tan \u0130ngiltere\u2019ye do\u011fru yol al\u0131rken Alman denizalt\u0131s\u0131 taraf\u0131ndan bat\u0131r\u0131lan dev transatlantik Lusitania\u2019n\u0131n Lucy\u2019nin hikayesindeki yeri ne?..2003 y\u0131l\u0131nda \u0130ngiliz \u00c7ocuk Edebiyat\u0131 El\u00e7isi olarak da se\u00e7ilen Children\u2019s Book \u00d6d\u00fcl\u00fc\u2019n\u00fcn sahibi Michael Morpurgo, \u201cya\u015fam\u0131m\u0131n b\u00fcy\u00fck bir k\u0131sm\u0131 boyunca bu hikaye \u00fczerinde \u00e7al\u0131\u015ft\u0131m\u201d dedi\u011fi bu \u00e7ok \u00f6zel roman\u0131nda kendi ailesine de anlaml\u0131 bir selam g\u00f6nderiyor.Okurlar\u0131n\u0131, 1. D\u00fcnya Sava\u015f\u0131\u2019n\u0131n g\u00f6lgesinde ya\u015fanan inan\u0131lmaz bir ya\u015fam m\u00fccadelesine g\u00f6t\u00fcren Morpurgo, kendi derinliklerinde kaybolmu\u015f bir \u00e7ocu\u011fun yeniden hayata tutunma \u00f6yk\u00fcs\u00fcn\u00fc kaleme al\u0131yor.K\u00fc\u00e7\u00fck Lucy ya\u015fad\u0131klar\u0131n\u0131n \u00fcstesinden gelmeyi Ay\u2019a bor\u00e7lu. Kim bilir belki de \u015fimdi Ay\u2019a kulak verme s\u0131ras\u0131 sizdedir\u2026<\/p>\n","protected":false},"excerpt":{"rendered":"<p>\u201cAy, g\u00f6ky\u00fcz\u00fcndeki y\u0131ld\u0131zlar\u0131n aras\u0131nda s\u00fcz\u00fcl\u00fcyor; ara s\u0131ra bulutlar\u0131n aras\u0131nda kaybolsa da, sanki bir koruyucu melek gibi bizi takip ediyordu. Ay\u2019a m\u0131r\u0131ldan\u0131yordum; s\u00f6z verdi\u011fim gibi, ona, babama<span class=\"excerpt-hellip\"> [\u2026]<\/span><\/p>\n","protected":false},"featured_media":0,"template":"","meta":{"_monsterinsights_skip_tracking":false,"_monsterinsights_sitenote_active":false,"_monsterinsights_sitenote_note":"","_monsterinsights_sitenote_category":0},"product_brand":[],"product_cat":[12275,12274],"product_tag":[],"class_list":{"0":"post-707703","1":"product","2":"type-product","3":"status-publish","5":"product_cat-6-12-yas-kitaplari","6":"product_cat-cocuk-ve-genclik-kitaplari","7":"pa_cilt-ciltsiz","8":"pa_tur-kitap","9":"pa_yayinevi-tudem-yayinlari","10":"pa_yazar-michael-morpurgo","12":"first","13":"instock","14":"sale","15":"shipping-taxable","16":"purchasable","17":"product-type-simple"},"_links":{"self":[{"href":"https:\/\/roveyayinevi.com.tr\/index.php\/wp-json\/wp\/v2\/product\/707703","targetHints":{"allow":["GET"]}}],"collection":[{"href":"https:\/\/roveyayinevi.com.tr\/index.php\/wp-json\/wp\/v2\/product"}],"about":[{"href":"https:\/\/roveyayinevi.com.tr\/index.php\/wp-json\/wp\/v2\/types\/product"}],"wp:attachment":[{"href":"https:\/\/roveyayinevi.com.tr\/index.php\/wp-json\/wp\/v2\/media?parent=707703"}],"wp:term":[{"taxonomy":"product_brand","embeddable":true,"href":"https:\/\/roveyayinevi.com.tr\/index.php\/wp-json\/wp\/v2\/product_brand?post=707703"},{"taxonomy":"product_cat","embeddable":true,"href":"https:\/\/roveyayinevi.com.tr\/index.php\/wp-json\/wp\/v2\/product_cat?post=707703"},{"taxonomy":"product_tag","embeddable":true,"href":"https:\/\/roveyayinevi.com.tr\/index.php\/wp-json\/wp\/v2\/product_tag?post=707703"}],"curies":[{"name":"wp","href":"https:\/\/api.w.org\/{rel}","templated":true}]}}