{"id":707699,"date":"2025-08-27T16:08:23","date_gmt":"2025-08-27T13:08:23","guid":{"rendered":"https:\/\/roveyayinevi.com.tr\/index.php\/urun\/hz-yakub\/"},"modified":"2026-04-16T02:16:22","modified_gmt":"2026-04-15T23:16:22","slug":"hz-yakub","status":"publish","type":"product","link":"https:\/\/roveyayinevi.com.tr\/index.php\/urun\/hz-yakub\/","title":{"rendered":"Hz. Ya\u2019kub"},"content":{"rendered":"<p>\u201cD\u00fcnyaya dair her r\u00fctbe ve her ilim ge\u00e7ici ve d\u00fcnyada kal\u0131c\u0131d\u0131r. Ezel\u00ee ilim ise Allah\u2019\u0131n kullar\u0131nda kendi kabiliyetlerine g\u00f6re tecelli etmesidir. Burada kullan\u0131lan tecelli kelimesine dikkat etmek gerekir. Bu kelime, bir aynada bir vasf\u0131n ortaya \u00e7\u0131kmas\u0131 gibidir. Hulul de\u011fildir, yani Allah kulun i\u00e7ine girmez. Kulda g\u00f6z\u00fcken mucizeler Allah\u2019a ait olup kulun kendinden zuhura gelmez. Allah kulu ile arac\u0131yla konu\u015fmaz. Sadece bu hak\u00eekati \u00f6\u011fretmek i\u00e7in g\u00f6revlendirilen baz\u0131 ki\u015filer vard\u0131r. Ne yaz\u0131k ki halk onlar\u0131 g\u00f6r\u00fcr. Halbuki yapan, yapt\u0131ran Allah\u2019t\u0131r. Kul, kendisindeki Allah\u2019a ait hakikati kimin vas\u0131tas\u0131yla g\u00f6rm\u00fc\u015fse onu Allah zannetmeye ba\u015flar. Ondan g\u00f6r\u00fcnen her mucizenin, o ki\u015finin kendisine ait oldu\u011funu san\u0131r. Bu durumda Allah\u2019a de\u011fil, aradaki ki\u015fiye tapmaya ba\u015flar. Bu da \u015firke sebebiyet verir ki Kur\u2019an\u2019da aff\u0131 olmayan g\u00fcnahlardan biridir.Halbuki Hocam Kenan er-Rif\u00e2\u00ee, Allah\u2019\u0131 kula \u00f6\u011freten \u00f6\u011fretmen ile Allah aras\u0131ndaki b\u00fcy\u00fck fark\u0131 \u015fu \u015fiiriyle belirtmi\u015ftir:Kullu\u011fu m\u00fcminlerin bir ulu S\u00fcphanedir.Hizmeti dervi\u015flerin er olan insanedir.Bu durumda sen her kimden ne \u00f6\u011frenirsen \u00f6\u011fren (peygamberden dahi) \u00f6\u011freten Allah\u2019t\u0131r. Ama Allah\u2019\u0131n bu Rab isminde tesirli k\u0131ld\u0131\u011f\u0131 ve ondan a\u015fikar oldu\u011fu se\u00e7ilmi\u015f ki\u015fiye \u015f\u00fckretmek ve hizmet etmek gerekir. \u0130\u015fte ruhbanl\u0131k s\u0131n\u0131f\u0131 b\u00f6yle alg\u0131lan\u0131rsa g\u00fcnah olmaktan \u00e7\u0131kar. M\u00fcr\u015fide veya peygambere duyulan sevgi de bu sebepledir.Buradaki hizmet kelimesinden maksat, m\u00fcr\u015fidin \u00f6\u011fretti\u011fi ve g\u00f6sterdi\u011fi ahlak-\u0131 Muhammed\u00ee ile ahlaklan\u0131p Kur\u2019an ve s\u00fcnnete uymak demektir. Bu ahlak\u0131 anlatan ki\u015fi, kendini Allah\u2019tan ayr\u0131 bir varl\u0131k olarak g\u00f6r\u00fcrse veya biz onu b\u00f6yle idrak edersek ruhbanl\u0131k olu\u015fur ki bu da Allah taraf\u0131ndan reddedilir.\u201d<\/p>\n","protected":false},"excerpt":{"rendered":"<p>\u201cD\u00fcnyaya dair her r\u00fctbe ve her ilim ge\u00e7ici ve d\u00fcnyada kal\u0131c\u0131d\u0131r. Ezel\u00ee ilim ise Allah\u2019\u0131n kullar\u0131nda kendi kabiliyetlerine g\u00f6re tecelli etmesidir. Burada kullan\u0131lan tecelli kelimesine dikkat<span class=\"excerpt-hellip\"> [\u2026]<\/span><\/p>\n","protected":false},"featured_media":0,"template":"","meta":{"_monsterinsights_skip_tracking":false,"_monsterinsights_sitenote_active":false,"_monsterinsights_sitenote_note":"","_monsterinsights_sitenote_category":0},"product_brand":[],"product_cat":[13036,12718,12719],"product_tag":[],"class_list":{"0":"post-707699","1":"product","2":"type-product","3":"status-publish","5":"product_cat-arastirma-inceleme-islam","6":"product_cat-din","7":"product_cat-islam","8":"pa_cilt-ciltsiz","9":"pa_tur-kitap","10":"pa_yayinevi-nefes-yayincilik","11":"pa_yazar-cemalnur-sargut","13":"first","14":"instock","15":"sale","16":"shipping-taxable","17":"purchasable","18":"product-type-simple"},"_links":{"self":[{"href":"https:\/\/roveyayinevi.com.tr\/index.php\/wp-json\/wp\/v2\/product\/707699","targetHints":{"allow":["GET"]}}],"collection":[{"href":"https:\/\/roveyayinevi.com.tr\/index.php\/wp-json\/wp\/v2\/product"}],"about":[{"href":"https:\/\/roveyayinevi.com.tr\/index.php\/wp-json\/wp\/v2\/types\/product"}],"wp:attachment":[{"href":"https:\/\/roveyayinevi.com.tr\/index.php\/wp-json\/wp\/v2\/media?parent=707699"}],"wp:term":[{"taxonomy":"product_brand","embeddable":true,"href":"https:\/\/roveyayinevi.com.tr\/index.php\/wp-json\/wp\/v2\/product_brand?post=707699"},{"taxonomy":"product_cat","embeddable":true,"href":"https:\/\/roveyayinevi.com.tr\/index.php\/wp-json\/wp\/v2\/product_cat?post=707699"},{"taxonomy":"product_tag","embeddable":true,"href":"https:\/\/roveyayinevi.com.tr\/index.php\/wp-json\/wp\/v2\/product_tag?post=707699"}],"curies":[{"name":"wp","href":"https:\/\/api.w.org\/{rel}","templated":true}]}}