{"id":707696,"date":"2025-08-27T16:08:22","date_gmt":"2025-08-27T13:08:22","guid":{"rendered":"https:\/\/roveyayinevi.com.tr\/index.php\/urun\/metafizige-giris\/"},"modified":"2026-04-16T02:16:22","modified_gmt":"2026-04-15T23:16:22","slug":"metafizige-giris","status":"publish","type":"product","link":"https:\/\/roveyayinevi.com.tr\/index.php\/urun\/metafizige-giris\/","title":{"rendered":"Metafizi\u011fe Giri\u015f"},"content":{"rendered":"<p>Ahmet Cevizci\u2019nin farkl\u0131 kaynaklardan derleyerek olu\u015fturdu\u011fu bu eser, felsefenin en temel disiplini olsa da nedense \u00e7ok fazla anla\u015f\u0131lamayan metafizi\u011fin do\u011fas\u0131n\u0131, kapsam\u0131n\u0131, tan\u0131mlamalar\u0131n\u0131, \u00f6ne s\u00fcrd\u00fc\u011f\u00fc problemleri ve y\u00f6ntemlerini derinlemesine inceleyen bir kaynak. \ufffc<\/p>\n","protected":false},"excerpt":{"rendered":"<p>Ahmet Cevizci\u2019nin farkl\u0131 kaynaklardan derleyerek olu\u015fturdu\u011fu bu eser, felsefenin en temel disiplini olsa da nedense \u00e7ok fazla anla\u015f\u0131lamayan metafizi\u011fin do\u011fas\u0131n\u0131, kapsam\u0131n\u0131, tan\u0131mlamalar\u0131n\u0131, \u00f6ne s\u00fcrd\u00fc\u011f\u00fc problemleri ve<span class=\"excerpt-hellip\"> [\u2026]<\/span><\/p>\n","protected":false},"featured_media":0,"template":"","meta":{"_monsterinsights_skip_tracking":false,"_monsterinsights_sitenote_active":false,"_monsterinsights_sitenote_note":"","_monsterinsights_sitenote_category":0},"product_brand":[],"product_cat":[12312,12304],"product_tag":[],"class_list":{"0":"post-707696","1":"product","2":"type-product","3":"status-publish","5":"product_cat-diger","6":"product_cat-tarih","7":"pa_cilt-ciltsiz","8":"pa_tur-kitap","9":"pa_yayinevi-say-yayinlari","10":"pa_yazar-ahmet-cevizci","12":"first","13":"instock","14":"sale","15":"shipping-taxable","16":"purchasable","17":"product-type-simple"},"_links":{"self":[{"href":"https:\/\/roveyayinevi.com.tr\/index.php\/wp-json\/wp\/v2\/product\/707696","targetHints":{"allow":["GET"]}}],"collection":[{"href":"https:\/\/roveyayinevi.com.tr\/index.php\/wp-json\/wp\/v2\/product"}],"about":[{"href":"https:\/\/roveyayinevi.com.tr\/index.php\/wp-json\/wp\/v2\/types\/product"}],"wp:attachment":[{"href":"https:\/\/roveyayinevi.com.tr\/index.php\/wp-json\/wp\/v2\/media?parent=707696"}],"wp:term":[{"taxonomy":"product_brand","embeddable":true,"href":"https:\/\/roveyayinevi.com.tr\/index.php\/wp-json\/wp\/v2\/product_brand?post=707696"},{"taxonomy":"product_cat","embeddable":true,"href":"https:\/\/roveyayinevi.com.tr\/index.php\/wp-json\/wp\/v2\/product_cat?post=707696"},{"taxonomy":"product_tag","embeddable":true,"href":"https:\/\/roveyayinevi.com.tr\/index.php\/wp-json\/wp\/v2\/product_tag?post=707696"}],"curies":[{"name":"wp","href":"https:\/\/api.w.org\/{rel}","templated":true}]}}