{"id":707695,"date":"2025-08-27T16:08:21","date_gmt":"2025-08-27T13:08:21","guid":{"rendered":"https:\/\/roveyayinevi.com.tr\/index.php\/urun\/icsavas\/"},"modified":"2026-04-16T02:16:22","modified_gmt":"2026-04-15T23:16:22","slug":"icsavas","status":"publish","type":"product","link":"https:\/\/roveyayinevi.com.tr\/index.php\/urun\/icsavas\/","title":{"rendered":"\u0130\u00e7sava\u015f"},"content":{"rendered":"<p>\u0130\u00d6 133 y\u0131l\u0131nda Gracchus karde\u015flerin reform giri\u015fimleriyle Roma\u2019da ba\u015flayan i\u00e7sava\u015f \u0130\u00d6 31 y\u0131l\u0131na kadar devam etmi\u015ftir.\u0130\u00e7sava\u015f y\u0131llar\u0131n\u0131n en \u00f6nemli simalar\u0131 aras\u0131nda Pompeius ve Caesar yer almaktayd\u0131. Bir tarafta Senato taraf\u0131ndan desteklenen Pompeius, di\u011fer tarafta Gallia\u2019y\u0131 ba\u015far\u0131yla fethetmi\u015f ve Roma\u2019da diktat\u00f6rl\u00fck kurmak isteyen Caesar.T\u00fcrk\u00e7eye ilk defa ve Latince asl\u0131ndan \u00e7evrilen \u0130\u00e7sava\u015f, hem d\u00f6nemi t\u00fcm ayr\u0131nt\u0131lar\u0131yla g\u00f6zler \u00f6n\u00fcne sererken hem de Caesar\u2019\u0131n siyasi bir propagandas\u0131 niteli\u011fini ta\u015f\u0131maktad\u0131r. <\/p>\n","protected":false},"excerpt":{"rendered":"<p>\u0130\u00d6 133 y\u0131l\u0131nda Gracchus karde\u015flerin reform giri\u015fimleriyle Roma\u2019da ba\u015flayan i\u00e7sava\u015f \u0130\u00d6 31 y\u0131l\u0131na kadar devam etmi\u015ftir.\u0130\u00e7sava\u015f y\u0131llar\u0131n\u0131n en \u00f6nemli simalar\u0131 aras\u0131nda Pompeius ve Caesar yer almaktayd\u0131.<span class=\"excerpt-hellip\"> [\u2026]<\/span><\/p>\n","protected":false},"featured_media":0,"template":"","meta":{"_monsterinsights_skip_tracking":false,"_monsterinsights_sitenote_active":false,"_monsterinsights_sitenote_note":"","_monsterinsights_sitenote_category":0},"product_brand":[],"product_cat":[20351,12388],"product_tag":[],"class_list":{"0":"post-707695","1":"product","2":"type-product","3":"status-publish","5":"product_cat-dusunce","6":"product_cat-felsefe","7":"pa_cilt-ciltsiz","8":"pa_tur-kitap","9":"pa_yayinevi-say-yayinlari","10":"pa_yazar-gaius-lulius-caesar","12":"first","13":"instock","14":"sale","15":"shipping-taxable","16":"purchasable","17":"product-type-simple"},"_links":{"self":[{"href":"https:\/\/roveyayinevi.com.tr\/index.php\/wp-json\/wp\/v2\/product\/707695","targetHints":{"allow":["GET"]}}],"collection":[{"href":"https:\/\/roveyayinevi.com.tr\/index.php\/wp-json\/wp\/v2\/product"}],"about":[{"href":"https:\/\/roveyayinevi.com.tr\/index.php\/wp-json\/wp\/v2\/types\/product"}],"wp:attachment":[{"href":"https:\/\/roveyayinevi.com.tr\/index.php\/wp-json\/wp\/v2\/media?parent=707695"}],"wp:term":[{"taxonomy":"product_brand","embeddable":true,"href":"https:\/\/roveyayinevi.com.tr\/index.php\/wp-json\/wp\/v2\/product_brand?post=707695"},{"taxonomy":"product_cat","embeddable":true,"href":"https:\/\/roveyayinevi.com.tr\/index.php\/wp-json\/wp\/v2\/product_cat?post=707695"},{"taxonomy":"product_tag","embeddable":true,"href":"https:\/\/roveyayinevi.com.tr\/index.php\/wp-json\/wp\/v2\/product_tag?post=707695"}],"curies":[{"name":"wp","href":"https:\/\/api.w.org\/{rel}","templated":true}]}}