{"id":707689,"date":"2025-08-27T16:08:19","date_gmt":"2025-08-27T13:08:19","guid":{"rendered":"https:\/\/roveyayinevi.com.tr\/index.php\/urun\/kentsel-heteropya-ozgurlesme-mekani-olarak-esikler-kentine-dogru\/"},"modified":"2026-04-02T02:21:31","modified_gmt":"2026-04-01T23:21:31","slug":"kentsel-heteropya-ozgurlesme-mekani-olarak-esikler-kentine-dogru","status":"publish","type":"product","link":"https:\/\/roveyayinevi.com.tr\/index.php\/urun\/kentsel-heteropya-ozgurlesme-mekani-olarak-esikler-kentine-dogru\/","title":{"rendered":"Kentsel Heteropya &#8211; \u00d6zg\u00fcrle\u015fme Mekan\u0131 Olarak E\u015fikler Kentine Do\u011fru"},"content":{"rendered":"<p>Stavros Stavrides\u2019ten g\u00fcndelik ya\u015fam\u0131m\u0131z\u0131 \u00e7epe\u00e7evre saran kent deneyimini ve m\u00fccadelesini yeniden d\u00fc\u015f\u00fcnmek i\u00e7in ufuk a\u00e7\u0131c\u0131 bir \u00e7al\u0131\u015fma: Kentsel Heterotopya.Metropol\u00fcn yap\u0131lan\u0131\u015f\u0131ndaki g\u00fcncel etkenlerden istisna durumlar\u0131na, Walter Benjamin\u2019in flan\u00f6r\u00fcnden \u00e7e\u015fitli kent metaforlar\u0131na, \u00f6tekiyle kurulan ili\u015fkilerdeki teatrallikten Foucault\u2019nun iktidar \u00e7\u00f6z\u00fcmlemelerinin mek\u00e2nsal boyutlar\u0131na uzanan Stavrides, yaln\u0131zca teorik incelemelerle de yetinmiyor. Kentte ba\u015fka mekansal imkanlar\u0131n boy verdi\u011fi heterotopya deneyimleri ba\u011flam\u0131nda Zapatistalar ve Atina\u2019daki Aral\u0131k ayaklanmas\u0131 gibi g\u00fcncel politik konulara dair de m\u00fcdahalelerde bulunuyor. Kitab\u0131n T\u00fcrk\u00e7e edisyonu i\u00e7in kaleme ald\u0131\u011f\u0131 sons\u00f6zde Stavrides\u2019in Gezi Park\u0131 direni\u015fi ba\u011flam\u0131nda sordu\u011fu soru \u00fczerinde d\u00fc\u015f\u00fcnmenin, g\u00fcn\u00fcm\u00fczdeki bo\u011fucu kapitalist kent deneyiminin alternatiflerini tahayy\u00fcl etmek a\u00e7\u0131s\u0131ndan \u00f6nemli oldu\u011funu d\u00fc\u015f\u00fcn\u00fcyoruz:\u201cAcaba e\u015fikler kenti, gelece\u011fi kolektif olarak yaratma s\u00fcrecindeki farkl\u0131 ama a\u00e7\u0131k kimlikler aras\u0131nda y\u00fcr\u00fct\u00fclen m\u00fczakerelere dayal\u0131 bir \u00f6zg\u00fcrle\u015fme projesinin mek\u00e2nsal kar\u015f\u0131l\u0131\u011f\u0131 haline gelebilir mi?\u201d <\/p>\n","protected":false},"excerpt":{"rendered":"<p>Stavros Stavrides\u2019ten g\u00fcndelik ya\u015fam\u0131m\u0131z\u0131 \u00e7epe\u00e7evre saran kent deneyimini ve m\u00fccadelesini yeniden d\u00fc\u015f\u00fcnmek i\u00e7in ufuk a\u00e7\u0131c\u0131 bir \u00e7al\u0131\u015fma: Kentsel Heterotopya.Metropol\u00fcn yap\u0131lan\u0131\u015f\u0131ndaki g\u00fcncel etkenlerden istisna durumlar\u0131na, Walter Benjamin\u2019in<span class=\"excerpt-hellip\"> [\u2026]<\/span><\/p>\n","protected":false},"featured_media":0,"template":"","meta":{"_monsterinsights_skip_tracking":false,"_monsterinsights_sitenote_active":false,"_monsterinsights_sitenote_note":"","_monsterinsights_sitenote_category":0},"product_brand":[],"product_cat":[12767,12324],"product_tag":[],"class_list":{"0":"post-707689","1":"product","2":"type-product","3":"status-publish","5":"product_cat-kentlesme-modernlesme","6":"product_cat-sosyoloji","7":"pa_cilt-ciltsiz","8":"pa_tur-kitap","9":"pa_yayinevi-sel-yayincilik","10":"pa_yazar-stavro-stavrides","12":"first","13":"instock","14":"sale","15":"shipping-taxable","16":"purchasable","17":"product-type-simple"},"_links":{"self":[{"href":"https:\/\/roveyayinevi.com.tr\/index.php\/wp-json\/wp\/v2\/product\/707689","targetHints":{"allow":["GET"]}}],"collection":[{"href":"https:\/\/roveyayinevi.com.tr\/index.php\/wp-json\/wp\/v2\/product"}],"about":[{"href":"https:\/\/roveyayinevi.com.tr\/index.php\/wp-json\/wp\/v2\/types\/product"}],"wp:attachment":[{"href":"https:\/\/roveyayinevi.com.tr\/index.php\/wp-json\/wp\/v2\/media?parent=707689"}],"wp:term":[{"taxonomy":"product_brand","embeddable":true,"href":"https:\/\/roveyayinevi.com.tr\/index.php\/wp-json\/wp\/v2\/product_brand?post=707689"},{"taxonomy":"product_cat","embeddable":true,"href":"https:\/\/roveyayinevi.com.tr\/index.php\/wp-json\/wp\/v2\/product_cat?post=707689"},{"taxonomy":"product_tag","embeddable":true,"href":"https:\/\/roveyayinevi.com.tr\/index.php\/wp-json\/wp\/v2\/product_tag?post=707689"}],"curies":[{"name":"wp","href":"https:\/\/api.w.org\/{rel}","templated":true}]}}