{"id":707654,"date":"2025-08-27T16:08:05","date_gmt":"2025-08-27T13:08:05","guid":{"rendered":"https:\/\/roveyayinevi.com.tr\/index.php\/urun\/yeni-muhafazakar-tehdit\/"},"modified":"2026-04-16T02:16:21","modified_gmt":"2026-04-15T23:16:21","slug":"yeni-muhafazakar-tehdit","status":"publish","type":"product","link":"https:\/\/roveyayinevi.com.tr\/index.php\/urun\/yeni-muhafazakar-tehdit\/","title":{"rendered":"Yeni Muhafazakar Tehdit"},"content":{"rendered":"<p>Paul Craig Roberts akademisyen ve gazeteci. Uzun y\u0131llar kamuda ve ekonomi alanlar\u0131nda \u00e7al\u0131\u015ft\u0131. Ronald Reagan\u2019\u0131n ba\u015fkanl\u0131\u011f\u0131 d\u00f6neminde Hazine M\u00fcste\u015far\u0131 olarak g\u00f6rev yapt\u0131. Halen Politik Ekonomi Enstit\u00fcs\u00fc\u2019n\u00fcn ba\u015fkan\u0131. Yaz\u0131lar\u0131nda da s\u0131k\u00e7a dile getirdi\u011fi gibi bir\u00e7ok zorlu\u011fu g\u00f6ze alarak ABD\u2019de ger\u00e7e\u011fin izinden giden bir gazeteci olarak \u00e7al\u0131\u015fmay\u0131 s\u00fcrd\u00fcr\u00fcyor. Paul Craig Roberts iktidar\u0131n sert bir muhalifi ve \u00e7etin bir ele\u015ftirmeni. <\/p>\n","protected":false},"excerpt":{"rendered":"<p>Paul Craig Roberts akademisyen ve gazeteci. Uzun y\u0131llar kamuda ve ekonomi alanlar\u0131nda \u00e7al\u0131\u015ft\u0131. Ronald Reagan\u2019\u0131n ba\u015fkanl\u0131\u011f\u0131 d\u00f6neminde Hazine M\u00fcste\u015far\u0131 olarak g\u00f6rev yapt\u0131. Halen Politik Ekonomi Enstit\u00fcs\u00fc\u2019n\u00fcn<span class=\"excerpt-hellip\"> [\u2026]<\/span><\/p>\n","protected":false},"featured_media":0,"template":"","meta":{"_monsterinsights_skip_tracking":false,"_monsterinsights_sitenote_active":false,"_monsterinsights_sitenote_note":"","_monsterinsights_sitenote_category":0},"product_brand":[],"product_cat":[12312,12304],"product_tag":[],"class_list":{"0":"post-707654","1":"product","2":"type-product","3":"status-publish","5":"product_cat-diger","6":"product_cat-tarih","7":"pa_cilt-ciltsiz","8":"pa_tur-kitap","9":"pa_yayinevi-say-yayinlari","10":"pa_yazar-paul-craig-roberts","12":"first","13":"instock","14":"sale","15":"shipping-taxable","16":"purchasable","17":"product-type-simple"},"_links":{"self":[{"href":"https:\/\/roveyayinevi.com.tr\/index.php\/wp-json\/wp\/v2\/product\/707654","targetHints":{"allow":["GET"]}}],"collection":[{"href":"https:\/\/roveyayinevi.com.tr\/index.php\/wp-json\/wp\/v2\/product"}],"about":[{"href":"https:\/\/roveyayinevi.com.tr\/index.php\/wp-json\/wp\/v2\/types\/product"}],"wp:attachment":[{"href":"https:\/\/roveyayinevi.com.tr\/index.php\/wp-json\/wp\/v2\/media?parent=707654"}],"wp:term":[{"taxonomy":"product_brand","embeddable":true,"href":"https:\/\/roveyayinevi.com.tr\/index.php\/wp-json\/wp\/v2\/product_brand?post=707654"},{"taxonomy":"product_cat","embeddable":true,"href":"https:\/\/roveyayinevi.com.tr\/index.php\/wp-json\/wp\/v2\/product_cat?post=707654"},{"taxonomy":"product_tag","embeddable":true,"href":"https:\/\/roveyayinevi.com.tr\/index.php\/wp-json\/wp\/v2\/product_tag?post=707654"}],"curies":[{"name":"wp","href":"https:\/\/api.w.org\/{rel}","templated":true}]}}