{"id":707648,"date":"2025-08-27T16:08:02","date_gmt":"2025-08-27T13:08:02","guid":{"rendered":"https:\/\/roveyayinevi.com.tr\/index.php\/urun\/yurt-renkleri-3\/"},"modified":"2026-04-16T02:16:21","modified_gmt":"2026-04-15T23:16:21","slug":"yurt-renkleri-3","status":"publish","type":"product","link":"https:\/\/roveyayinevi.com.tr\/index.php\/urun\/yurt-renkleri-3\/","title":{"rendered":"Yurt Renkleri 3"},"content":{"rendered":"<p>Yurt Renkleri dizisinin bu \u00fc\u00e7\u00fcnc\u00fc defteri i\u00e7inde piyano i\u00e7in 9 par\u00e7a bulunmaktad\u0131r. Bu par\u00e7alar kolay \u00e7al\u0131nabilir ve modern bir etkiye sahiptir.Ulusal m\u00fczik anlay\u0131\u015f\u0131ndan uluslararas\u0131 m\u00fczik anlay\u0131\u015f\u0131na ge\u00e7i\u015fte bir k\u00f6pr\u00fc g\u00f6revi yapabilir. Dalk\u0131l\u0131\u00e7 CD&#8217;sinde \u00fc\u00e7\u00fcnc\u00fc defter olarak yer almaktad\u0131r. <\/p>\n","protected":false},"excerpt":{"rendered":"<p>Yurt Renkleri dizisinin bu \u00fc\u00e7\u00fcnc\u00fc defteri i\u00e7inde piyano i\u00e7in 9 par\u00e7a bulunmaktad\u0131r. Bu par\u00e7alar kolay \u00e7al\u0131nabilir ve modern bir etkiye sahiptir.Ulusal m\u00fczik anlay\u0131\u015f\u0131ndan uluslararas\u0131 m\u00fczik anlay\u0131\u015f\u0131na<span class=\"excerpt-hellip\"> [\u2026]<\/span><\/p>\n","protected":false},"featured_media":0,"template":"","meta":{"_monsterinsights_skip_tracking":false,"_monsterinsights_sitenote_active":false,"_monsterinsights_sitenote_note":"","_monsterinsights_sitenote_category":0},"product_brand":[],"product_cat":[14556,14557],"product_tag":[],"class_list":{"0":"post-707648","1":"product","2":"type-product","3":"status-publish","5":"product_cat-muzik","6":"product_cat-nota-kitaplari","7":"pa_cilt-ciltsiz","8":"pa_tur-kitap","9":"pa_yayinevi-sun-yayinevi","10":"pa_yazar-muammer-sun","12":"first","13":"instock","14":"sale","15":"shipping-taxable","16":"purchasable","17":"product-type-simple"},"_links":{"self":[{"href":"https:\/\/roveyayinevi.com.tr\/index.php\/wp-json\/wp\/v2\/product\/707648","targetHints":{"allow":["GET"]}}],"collection":[{"href":"https:\/\/roveyayinevi.com.tr\/index.php\/wp-json\/wp\/v2\/product"}],"about":[{"href":"https:\/\/roveyayinevi.com.tr\/index.php\/wp-json\/wp\/v2\/types\/product"}],"wp:attachment":[{"href":"https:\/\/roveyayinevi.com.tr\/index.php\/wp-json\/wp\/v2\/media?parent=707648"}],"wp:term":[{"taxonomy":"product_brand","embeddable":true,"href":"https:\/\/roveyayinevi.com.tr\/index.php\/wp-json\/wp\/v2\/product_brand?post=707648"},{"taxonomy":"product_cat","embeddable":true,"href":"https:\/\/roveyayinevi.com.tr\/index.php\/wp-json\/wp\/v2\/product_cat?post=707648"},{"taxonomy":"product_tag","embeddable":true,"href":"https:\/\/roveyayinevi.com.tr\/index.php\/wp-json\/wp\/v2\/product_tag?post=707648"}],"curies":[{"name":"wp","href":"https:\/\/api.w.org\/{rel}","templated":true}]}}