{"id":707647,"date":"2025-08-27T16:08:02","date_gmt":"2025-08-27T13:08:02","guid":{"rendered":"https:\/\/roveyayinevi.com.tr\/index.php\/urun\/yurt-renkleri-2\/"},"modified":"2026-04-16T02:16:21","modified_gmt":"2026-04-15T23:16:21","slug":"yurt-renkleri-2","status":"publish","type":"product","link":"https:\/\/roveyayinevi.com.tr\/index.php\/urun\/yurt-renkleri-2\/","title":{"rendered":"Yurt Renkleri 2"},"content":{"rendered":"<p>Yurt Renkleri dizisinin bu ikinci kitab\u0131 i\u00e7inde 3 par\u00e7a bulunmaktad\u0131r. \u00d6ncekine g\u00f6re daha modern bir m\u00fczik dili ile bestelenmi\u015f olan eser, bu dizinin farkl\u0131 yap\u0131da \u00f6zel bir \u00f6rne\u011fidir.Hande Dalk\u0131l\u0131\u00e7&#8217;\u0131n CD&#8217;sinde Yurt Renkleri ikinci defter olarak yer almaktad\u0131r. <\/p>\n","protected":false},"excerpt":{"rendered":"<p>Yurt Renkleri dizisinin bu ikinci kitab\u0131 i\u00e7inde 3 par\u00e7a bulunmaktad\u0131r. \u00d6ncekine g\u00f6re daha modern bir m\u00fczik dili ile bestelenmi\u015f olan eser, bu dizinin farkl\u0131 yap\u0131da \u00f6zel<span class=\"excerpt-hellip\"> [\u2026]<\/span><\/p>\n","protected":false},"featured_media":0,"template":"","meta":{"_monsterinsights_skip_tracking":false,"_monsterinsights_sitenote_active":false,"_monsterinsights_sitenote_note":"","_monsterinsights_sitenote_category":0},"product_brand":[],"product_cat":[14556,14557],"product_tag":[],"class_list":{"0":"post-707647","1":"product","2":"type-product","3":"status-publish","5":"product_cat-muzik","6":"product_cat-nota-kitaplari","7":"pa_cilt-ciltsiz","8":"pa_tur-kitap","9":"pa_yayinevi-sun-yayinevi","10":"pa_yazar-muammer-sun","12":"first","13":"instock","14":"sale","15":"shipping-taxable","16":"purchasable","17":"product-type-simple"},"_links":{"self":[{"href":"https:\/\/roveyayinevi.com.tr\/index.php\/wp-json\/wp\/v2\/product\/707647","targetHints":{"allow":["GET"]}}],"collection":[{"href":"https:\/\/roveyayinevi.com.tr\/index.php\/wp-json\/wp\/v2\/product"}],"about":[{"href":"https:\/\/roveyayinevi.com.tr\/index.php\/wp-json\/wp\/v2\/types\/product"}],"wp:attachment":[{"href":"https:\/\/roveyayinevi.com.tr\/index.php\/wp-json\/wp\/v2\/media?parent=707647"}],"wp:term":[{"taxonomy":"product_brand","embeddable":true,"href":"https:\/\/roveyayinevi.com.tr\/index.php\/wp-json\/wp\/v2\/product_brand?post=707647"},{"taxonomy":"product_cat","embeddable":true,"href":"https:\/\/roveyayinevi.com.tr\/index.php\/wp-json\/wp\/v2\/product_cat?post=707647"},{"taxonomy":"product_tag","embeddable":true,"href":"https:\/\/roveyayinevi.com.tr\/index.php\/wp-json\/wp\/v2\/product_tag?post=707647"}],"curies":[{"name":"wp","href":"https:\/\/api.w.org\/{rel}","templated":true}]}}