{"id":707636,"date":"2025-08-27T16:07:23","date_gmt":"2025-08-27T13:07:23","guid":{"rendered":"https:\/\/roveyayinevi.com.tr\/index.php\/urun\/fasizm-kehanetleri\/"},"modified":"2026-04-16T02:16:21","modified_gmt":"2026-04-15T23:16:21","slug":"fasizm-kehanetleri","status":"publish","type":"product","link":"https:\/\/roveyayinevi.com.tr\/index.php\/urun\/fasizm-kehanetleri\/","title":{"rendered":"Fa\u015fizm Kehanetleri"},"content":{"rendered":"<p>George Orwell, 1930\u2019lar\u0131n ba\u015flar\u0131ndan 1950\u2019de \u00f6l\u00fcm\u00fcne dek, B\u00fcy\u00fck Bunal\u0131m, \u0130kinci D\u00fcnya Sava\u015f\u0131 ve atom bombalar\u0131n\u0131 kapsayan bir d\u00f6nem boyunca g\u00fcn\u00fcn evrensel ve yerel her t\u00fcrl\u00fc politik, toplumsal ve edebi meselesi \u00fczerine say\u0131s\u0131z yaz\u0131 kaleme alm\u0131\u015ft\u0131r. Sade, enerjik ve az ama \u00f6z yaz\u0131m tarz\u0131n\u0131 \u00f6rnek ald\u0131\u011f\u0131 Jonathan Swift gibi Orwell da \u00f6zellikle dil ile hakikat aras\u0131ndaki ili\u015fki \u00fczerine kafa yormu\u015ftur. Fa\u015fizm Kehanetleri ba\u015fl\u0131\u011f\u0131yla derledi\u011fimiz bu metinlerde Orwell, milliyet\u00e7ilik, Hitler, fa\u015fizm gibi \u0130kinci D\u00fcnya Sava\u015f\u0131 d\u00f6neminin ka\u00e7\u0131n\u0131lmaz konular\u0131ndan \u0130ngiliz mutfa\u011f\u0131na, H.G. Wells\u2019in d\u00fcnya devleti g\u00f6r\u00fc\u015f\u00fc ve Swift\u2019in Gulliver\u2019inin ele\u015ftirisinden en iyi \u00e7ay\u0131n nas\u0131l yap\u0131laca\u011f\u0131na kadar uzanan d\u00fc\u015f\u00fcnsel bir yolculu\u011fa \u00e7\u0131kar\u0131yor. Edebiyatla politikan\u0131n i\u00e7 i\u00e7e ge\u00e7en ili\u015fkisini Orwell ya\u015fam\u0131 boyunca ba\u015fl\u0131ca d\u00fcsturu olan \u201cdo\u011fru bildi\u011fini s\u00f6yleme\u201d ve yazma tavr\u0131yla birle\u015ftiriyor. Okuru ise ger\u00e7ek bir ustan\u0131n kaleminden \u00e7\u0131kma e\u015fsiz bir \u015f\u00f6len bekliyor. \ufffcTan\u0131t\u0131m Metni<\/p>\n","protected":false},"excerpt":{"rendered":"<p>George Orwell, 1930\u2019lar\u0131n ba\u015flar\u0131ndan 1950\u2019de \u00f6l\u00fcm\u00fcne dek, B\u00fcy\u00fck Bunal\u0131m, \u0130kinci D\u00fcnya Sava\u015f\u0131 ve atom bombalar\u0131n\u0131 kapsayan bir d\u00f6nem boyunca g\u00fcn\u00fcn evrensel ve yerel her t\u00fcrl\u00fc politik,<span class=\"excerpt-hellip\"> [\u2026]<\/span><\/p>\n","protected":false},"featured_media":0,"template":"","meta":{"_monsterinsights_skip_tracking":false,"_monsterinsights_sitenote_active":false,"_monsterinsights_sitenote_note":"","_monsterinsights_sitenote_category":0},"product_brand":[],"product_cat":[12777,12291],"product_tag":[],"class_list":{"0":"post-707636","1":"product","2":"type-product","3":"status-publish","5":"product_cat-deneme","6":"product_cat-edebiyat","7":"pa_cilt-ciltsiz","8":"pa_tur-kitap","9":"pa_yayinevi-sel-yayincilik","10":"pa_yazar-george-orwell","12":"first","13":"instock","14":"sale","15":"shipping-taxable","16":"purchasable","17":"product-type-simple"},"_links":{"self":[{"href":"https:\/\/roveyayinevi.com.tr\/index.php\/wp-json\/wp\/v2\/product\/707636","targetHints":{"allow":["GET"]}}],"collection":[{"href":"https:\/\/roveyayinevi.com.tr\/index.php\/wp-json\/wp\/v2\/product"}],"about":[{"href":"https:\/\/roveyayinevi.com.tr\/index.php\/wp-json\/wp\/v2\/types\/product"}],"wp:attachment":[{"href":"https:\/\/roveyayinevi.com.tr\/index.php\/wp-json\/wp\/v2\/media?parent=707636"}],"wp:term":[{"taxonomy":"product_brand","embeddable":true,"href":"https:\/\/roveyayinevi.com.tr\/index.php\/wp-json\/wp\/v2\/product_brand?post=707636"},{"taxonomy":"product_cat","embeddable":true,"href":"https:\/\/roveyayinevi.com.tr\/index.php\/wp-json\/wp\/v2\/product_cat?post=707636"},{"taxonomy":"product_tag","embeddable":true,"href":"https:\/\/roveyayinevi.com.tr\/index.php\/wp-json\/wp\/v2\/product_tag?post=707636"}],"curies":[{"name":"wp","href":"https:\/\/api.w.org\/{rel}","templated":true}]}}