{"id":707635,"date":"2025-08-27T16:07:22","date_gmt":"2025-08-27T13:07:22","guid":{"rendered":"https:\/\/roveyayinevi.com.tr\/index.php\/urun\/cocuk-2\/"},"modified":"2026-04-16T02:16:21","modified_gmt":"2026-04-15T23:16:21","slug":"cocuk-2","status":"publish","type":"product","link":"https:\/\/roveyayinevi.com.tr\/index.php\/urun\/cocuk-2\/","title":{"rendered":"\u00c7ocuk"},"content":{"rendered":"<p>Thomas Bernhard otobiyografik be\u015flemesinin son kitab\u0131 olan \u00c7ocuk\u2019ta bizi hik\u00e2yenin en ba\u015f\u0131na, \u00e7ocukluk d\u00f6nemine geri g\u00f6nderiyor. Talihsiz annesinin umars\u0131z \u00f6fkesi, b\u00fcy\u00fckbabas\u0131n\u0131n resmi e\u011fitime ve e\u011fitimli cahillere d\u00fc\u015fmanl\u0131\u011f\u0131, ailenin yoksulluk i\u00e7inde oradan oraya savrulmas\u0131 k\u00fc\u00e7\u00fck Thomas\u2019\u0131n ki\u015fili\u011fine y\u00f6n verirken, Almanya ve Avusturya\u2019da Nazizmin y\u00fckseli\u015fi de toplumun b\u00fct\u00fcn\u00fcn\u00fc karanl\u0131\u011fa do\u011fru s\u00fcr\u00fcklemeye ba\u015flam\u0131\u015ft\u0131r.Bernhard zamanlar\u0131n ve olaylar\u0131n i\u00e7 i\u00e7e ge\u00e7ti\u011fi bu \u00e7arp\u0131c\u0131 anlat\u0131s\u0131nda, kendisini de i\u00e7ine alan felaketi ve d\u00f6nemin atmosferini kah \u00e7ocuk, k\u00e2h yeti\u015fkin g\u00f6z\u00fcyle okurun zihninde ustal\u0131kla canland\u0131r\u0131rken, gelece\u011fin yazar\u0131n\u0131n ilk p\u0131r\u0131lt\u0131lar\u0131n\u0131, ayk\u0131r\u0131l\u0131\u011f\u0131n\u0131n k\u00f6kenlerini ve edebi dehas\u0131n\u0131 \u015fekillendiren ba\u015flang\u0131\u00e7 unsurlar\u0131n\u0131 da g\u00f6zler \u00f6n\u00fcne seriyor.<\/p>\n","protected":false},"excerpt":{"rendered":"<p>Thomas Bernhard otobiyografik be\u015flemesinin son kitab\u0131 olan \u00c7ocuk\u2019ta bizi hik\u00e2yenin en ba\u015f\u0131na, \u00e7ocukluk d\u00f6nemine geri g\u00f6nderiyor. Talihsiz annesinin umars\u0131z \u00f6fkesi, b\u00fcy\u00fckbabas\u0131n\u0131n resmi e\u011fitime ve e\u011fitimli cahillere<span class=\"excerpt-hellip\"> [\u2026]<\/span><\/p>\n","protected":false},"featured_media":0,"template":"","meta":{"_monsterinsights_skip_tracking":false,"_monsterinsights_sitenote_active":false,"_monsterinsights_sitenote_note":"","_monsterinsights_sitenote_category":0},"product_brand":[],"product_cat":[12777,12291],"product_tag":[],"class_list":{"0":"post-707635","1":"product","2":"type-product","3":"status-publish","5":"product_cat-deneme","6":"product_cat-edebiyat","7":"pa_cilt-ciltsiz","8":"pa_tur-kitap","9":"pa_yayinevi-sel-yayincilik","10":"pa_yazar-thomas-bernhard","12":"first","13":"instock","14":"sale","15":"shipping-taxable","16":"purchasable","17":"product-type-simple"},"_links":{"self":[{"href":"https:\/\/roveyayinevi.com.tr\/index.php\/wp-json\/wp\/v2\/product\/707635","targetHints":{"allow":["GET"]}}],"collection":[{"href":"https:\/\/roveyayinevi.com.tr\/index.php\/wp-json\/wp\/v2\/product"}],"about":[{"href":"https:\/\/roveyayinevi.com.tr\/index.php\/wp-json\/wp\/v2\/types\/product"}],"wp:attachment":[{"href":"https:\/\/roveyayinevi.com.tr\/index.php\/wp-json\/wp\/v2\/media?parent=707635"}],"wp:term":[{"taxonomy":"product_brand","embeddable":true,"href":"https:\/\/roveyayinevi.com.tr\/index.php\/wp-json\/wp\/v2\/product_brand?post=707635"},{"taxonomy":"product_cat","embeddable":true,"href":"https:\/\/roveyayinevi.com.tr\/index.php\/wp-json\/wp\/v2\/product_cat?post=707635"},{"taxonomy":"product_tag","embeddable":true,"href":"https:\/\/roveyayinevi.com.tr\/index.php\/wp-json\/wp\/v2\/product_tag?post=707635"}],"curies":[{"name":"wp","href":"https:\/\/api.w.org\/{rel}","templated":true}]}}