{"id":707633,"date":"2025-08-27T16:07:21","date_gmt":"2025-08-27T13:07:21","guid":{"rendered":"https:\/\/roveyayinevi.com.tr\/index.php\/urun\/geldim-ama-yoktun\/"},"modified":"2025-11-22T04:00:46","modified_gmt":"2025-11-22T01:00:46","slug":"geldim-ama-yoktun","status":"publish","type":"product","link":"https:\/\/roveyayinevi.com.tr\/index.php\/urun\/geldim-ama-yoktun\/","title":{"rendered":"Geldim Ama Yoktun"},"content":{"rendered":"<p>G\u00f6zleri bu kitab\u0131n kelimeleriyle bulu\u015fan, bulu\u015fup da zihninin k\u0131vr\u0131mlar\u0131nda dam\u0131tarak g\u00f6nl\u00fcn enginliklerine bir sabah selam\u0131 gibi g\u00f6nderen k\u0131ymetli okuyucu merhaba! diye ba\u015fl\u0131yor sat\u0131rlar\u0131na U\u011fur Canbolat. Ve d\u00f6k\u00fcyor i\u00e7indekileri okuruna. Derdi olan bir yazar, derman arayan yaz\u0131lar\u0131yla asl\u0131nda kimi zaman tak\u0131ld\u0131\u011f\u0131m\u0131z d\u00fcnyevi dertlerden silkeliyor bizi, kimi zaman da ta derinimize i\u015fleyen duygular\u0131m\u0131za sesleniyor. Bir fikri var asl\u0131nda ac\u0131lar\u0131 bir nebze sa\u011faltacak. A\u015fka, yaln\u0131zl\u0131\u011fa, h\u00fczne, umuda, dostlu\u011fa, insan olmaya dair Ve t\u00fcm bunlar\u0131n aray\u0131\u015f\u0131nda yan\u0131na \u00e7a\u011f\u0131r\u0131yor g\u00f6nl\u00fcndekileri. Ar\u0131yor, soruyor, sorguluyor, \u00f6\u011freniyor ve sesleniyor; Geldim Ama Sen Yoktun! Geldim, kap\u0131na t\u0131klad\u0131m ama sen yoktun. Sende sen yoktun, bende ben yoktum. \u00c7\u00fcnk\u00fc art\u0131k sen bendeydin.<\/p>\n","protected":false},"excerpt":{"rendered":"<p>G\u00f6zleri bu kitab\u0131n kelimeleriyle bulu\u015fan, bulu\u015fup da zihninin k\u0131vr\u0131mlar\u0131nda dam\u0131tarak g\u00f6nl\u00fcn enginliklerine bir sabah selam\u0131 gibi g\u00f6nderen k\u0131ymetli okuyucu merhaba! diye ba\u015fl\u0131yor sat\u0131rlar\u0131na U\u011fur Canbolat. Ve<span class=\"excerpt-hellip\"> [\u2026]<\/span><\/p>\n","protected":false},"featured_media":0,"template":"","meta":{"_monsterinsights_skip_tracking":false,"_monsterinsights_sitenote_active":false,"_monsterinsights_sitenote_note":"","_monsterinsights_sitenote_category":0},"product_brand":[],"product_cat":[12777,12291],"product_tag":[],"class_list":{"0":"post-707633","1":"product","2":"type-product","3":"status-publish","5":"product_cat-deneme","6":"product_cat-edebiyat","7":"pa_cilt-ciltsiz","8":"pa_tur-kitap","9":"pa_yayinevi-portakal-kitap","10":"pa_yazar-ugur-canbolat","12":"first","13":"instock","14":"sale","15":"shipping-taxable","16":"purchasable","17":"product-type-simple"},"_links":{"self":[{"href":"https:\/\/roveyayinevi.com.tr\/index.php\/wp-json\/wp\/v2\/product\/707633","targetHints":{"allow":["GET"]}}],"collection":[{"href":"https:\/\/roveyayinevi.com.tr\/index.php\/wp-json\/wp\/v2\/product"}],"about":[{"href":"https:\/\/roveyayinevi.com.tr\/index.php\/wp-json\/wp\/v2\/types\/product"}],"wp:attachment":[{"href":"https:\/\/roveyayinevi.com.tr\/index.php\/wp-json\/wp\/v2\/media?parent=707633"}],"wp:term":[{"taxonomy":"product_brand","embeddable":true,"href":"https:\/\/roveyayinevi.com.tr\/index.php\/wp-json\/wp\/v2\/product_brand?post=707633"},{"taxonomy":"product_cat","embeddable":true,"href":"https:\/\/roveyayinevi.com.tr\/index.php\/wp-json\/wp\/v2\/product_cat?post=707633"},{"taxonomy":"product_tag","embeddable":true,"href":"https:\/\/roveyayinevi.com.tr\/index.php\/wp-json\/wp\/v2\/product_tag?post=707633"}],"curies":[{"name":"wp","href":"https:\/\/api.w.org\/{rel}","templated":true}]}}