{"id":707620,"date":"2025-08-27T16:07:16","date_gmt":"2025-08-27T13:07:16","guid":{"rendered":"https:\/\/roveyayinevi.com.tr\/index.php\/urun\/kil-beni-ey-namaz\/"},"modified":"2026-04-16T02:16:20","modified_gmt":"2026-04-15T23:16:20","slug":"kil-beni-ey-namaz","status":"publish","type":"product","link":"https:\/\/roveyayinevi.com.tr\/index.php\/urun\/kil-beni-ey-namaz\/","title":{"rendered":"K\u0131l Beni Ey Namaz"},"content":{"rendered":"<p>K\u0131l Beni Ey Namaz\u2019la namaz\u0131n bizi do\u011fru, duru, diri ve insan k\u0131lmas\u0131n\u0131n ruhunu hissedeceksiniz. Abdestin insan\u0131n zihnini ve g\u00f6nl\u00fcn\u00fc nas\u0131l k\u00f6t\u00fcl\u00fcklerden ar\u0131nd\u0131rd\u0131\u011f\u0131na \u015fahitlik edeceksiniz.Ezanla namaza \u00e7a\u011fr\u0131n\u0131n, anne \u00e7a\u011f\u0131r\u0131\u015f\u0131 gibi s\u0131cak oldu\u011funu fark edeceksiniz. Namaz vakitlerinin hayat\u0131m\u0131z\u0131 d\u00fczene koydu\u011funu ke\u015ffedeceksiniz. F\u00e2tiha s\u00fbresinde N\u00fbh\u2019un gemisinde \u2018biz\u2019 olma bilinciyle b\u00fct\u00fcn k\u00e2inat\u0131 kucaklamay\u0131 \u00f6\u011freneceksiniz. Tesbih\u00e2tla, Rabbimize yakar\u0131\u015f\u0131n en g\u00fczelini tesbih, hamd ve tekbir \u0131\u015f\u0131\u011f\u0131nda ya\u015fayacaks\u0131n\u0131z. Namaz sevgisini bir nefes gibi i\u00e7inize \u00e7ekeceksiniz.\u2018Hu\u015f\u00fb\u2019yu yakalayamad\u0131\u011f\u0131n\u0131z anlar i\u00e7in namaza a\u015fk ile ba\u011flanman\u0131n yollar\u0131n\u0131 bulacaks\u0131n\u0131z. <\/p>\n","protected":false},"excerpt":{"rendered":"<p>K\u0131l Beni Ey Namaz\u2019la namaz\u0131n bizi do\u011fru, duru, diri ve insan k\u0131lmas\u0131n\u0131n ruhunu hissedeceksiniz. Abdestin insan\u0131n zihnini ve g\u00f6nl\u00fcn\u00fc nas\u0131l k\u00f6t\u00fcl\u00fcklerden ar\u0131nd\u0131rd\u0131\u011f\u0131na \u015fahitlik edeceksiniz.Ezanla namaza \u00e7a\u011fr\u0131n\u0131n,<span class=\"excerpt-hellip\"> [\u2026]<\/span><\/p>\n","protected":false},"featured_media":0,"template":"","meta":{"_monsterinsights_skip_tracking":false,"_monsterinsights_sitenote_active":false,"_monsterinsights_sitenote_note":"","_monsterinsights_sitenote_category":0},"product_brand":[],"product_cat":[12718,12719,12720],"product_tag":[],"class_list":{"0":"post-707620","1":"product","2":"type-product","3":"status-publish","5":"product_cat-din","6":"product_cat-islam","7":"product_cat-tasavvuf-mezhepler-tarikatlar","8":"pa_cilt-ciltsiz","9":"pa_tur-kitap","10":"pa_yayinevi-nesil-yayinlari","11":"pa_yazar-senai-demirci","13":"first","14":"instock","15":"sale","16":"shipping-taxable","17":"purchasable","18":"product-type-simple"},"_links":{"self":[{"href":"https:\/\/roveyayinevi.com.tr\/index.php\/wp-json\/wp\/v2\/product\/707620","targetHints":{"allow":["GET"]}}],"collection":[{"href":"https:\/\/roveyayinevi.com.tr\/index.php\/wp-json\/wp\/v2\/product"}],"about":[{"href":"https:\/\/roveyayinevi.com.tr\/index.php\/wp-json\/wp\/v2\/types\/product"}],"wp:attachment":[{"href":"https:\/\/roveyayinevi.com.tr\/index.php\/wp-json\/wp\/v2\/media?parent=707620"}],"wp:term":[{"taxonomy":"product_brand","embeddable":true,"href":"https:\/\/roveyayinevi.com.tr\/index.php\/wp-json\/wp\/v2\/product_brand?post=707620"},{"taxonomy":"product_cat","embeddable":true,"href":"https:\/\/roveyayinevi.com.tr\/index.php\/wp-json\/wp\/v2\/product_cat?post=707620"},{"taxonomy":"product_tag","embeddable":true,"href":"https:\/\/roveyayinevi.com.tr\/index.php\/wp-json\/wp\/v2\/product_tag?post=707620"}],"curies":[{"name":"wp","href":"https:\/\/api.w.org\/{rel}","templated":true}]}}