{"id":707581,"date":"2025-08-27T16:06:57","date_gmt":"2025-08-27T13:06:57","guid":{"rendered":"https:\/\/roveyayinevi.com.tr\/index.php\/urun\/ne-yapmali\/"},"modified":"2026-04-16T02:16:19","modified_gmt":"2026-04-15T23:16:19","slug":"ne-yapmali","status":"publish","type":"product","link":"https:\/\/roveyayinevi.com.tr\/index.php\/urun\/ne-yapmali\/","title":{"rendered":"Ne Yapmal\u0131"},"content":{"rendered":"<p>T\u00fcrkiye&#8217;de bug\u00fcn, yo\u011funlu\u011fu giderek artan bir tart\u0131\u015fma ya\u015fan\u0131yor. \u00dclkenin i\u00e7inde bulundu\u011fu ko\u015fullardan rahats\u0131z olarak gelecekten kayg\u0131 duyan insanlar,  hep ayn\u0131 soruyu soruyor ve sorusuna yan\u0131t ar\u0131yor: Nereye gidiyoruz, ne yapmal\u0131y\u0131z? \u0130\u015fyerlerinde, arkada\u015f sohbetlerinde, evlerde ve okullarda, kitle s\u00f6yle\u015filerinde bu tart\u0131\u015f\u0131l\u0131yor. Soruya; hen\u00fcz, kabul g\u00f6ren somut bir yan\u0131t verilmi\u015f de\u011fil. De\u011fi\u015fik g\u00f6r\u00fc\u015f ve yakla\u015f\u0131mlar var ancak bunlar\u0131n hi\u00e7biri eyleme d\u00f6n\u00fc\u015fen bir olgunlu\u011fa ula\u015fmad\u0131. \u00dclkenin de\u011fi\u015fik y\u00f6relerinde kendili\u011finden olu\u015fan, b\u00fcy\u00fckl\u00fc k\u00fc\u00e7\u00fckl\u00fc tart\u0131\u015fma \u00f6bekleri;  birbiriyle ilintisiz, yerel ve ba\u011f\u0131ms\u0131z k\u00fcmeler halinde, ulusun esenli\u011fine y\u00f6nelen bir \u00e7\u0131k\u0131\u015f yolu ar\u0131yor. Elinizdeki kitapta, \u00e7\u0131k\u0131\u015f yolu aray\u0131\u015f\u0131; tarihsel ve toplumsal dayanaklar\u0131yla ele al\u0131n\u0131yor, T\u00fcrkiye\u2019nin kar\u015f\u0131la\u015ft\u0131\u011f\u0131 sorunlar irdeleniyor ve \u00e7\u00f6z\u00fcme y\u00f6nelik kuramsal \u00e7er\u00e7eve, somut veriler \u00fczerine oturtuluyor. &#8216;Ne Yapmal\u0131&#8217;, \u00e7\u00f6z\u00fcm aray\u0131\u015f\u0131na somut bir \u00f6neriyle kat\u0131l\u0131yor. <\/p>\n","protected":false},"excerpt":{"rendered":"<p>T\u00fcrkiye&#8217;de bug\u00fcn, yo\u011funlu\u011fu giderek artan bir tart\u0131\u015fma ya\u015fan\u0131yor. \u00dclkenin i\u00e7inde bulundu\u011fu ko\u015fullardan rahats\u0131z olarak gelecekten kayg\u0131 duyan insanlar, hep ayn\u0131 soruyu soruyor ve sorusuna yan\u0131t ar\u0131yor:<span class=\"excerpt-hellip\"> [\u2026]<\/span><\/p>\n","protected":false},"featured_media":0,"template":"","meta":{"_monsterinsights_skip_tracking":false,"_monsterinsights_sitenote_active":false,"_monsterinsights_sitenote_note":"","_monsterinsights_sitenote_category":0},"product_brand":[],"product_cat":[13590,12337],"product_tag":[],"class_list":{"0":"post-707581","1":"product","2":"type-product","3":"status-publish","5":"product_cat-arastirma-inceleme-politika-siyaset","6":"product_cat-politika-siyaset","7":"pa_cilt-ciltsiz","8":"pa_tur-kitap","9":"pa_yayinevi-pozitif-yayinlari","10":"pa_yazar-metin-aydogan","12":"first","13":"instock","14":"sale","15":"shipping-taxable","16":"purchasable","17":"product-type-simple"},"_links":{"self":[{"href":"https:\/\/roveyayinevi.com.tr\/index.php\/wp-json\/wp\/v2\/product\/707581","targetHints":{"allow":["GET"]}}],"collection":[{"href":"https:\/\/roveyayinevi.com.tr\/index.php\/wp-json\/wp\/v2\/product"}],"about":[{"href":"https:\/\/roveyayinevi.com.tr\/index.php\/wp-json\/wp\/v2\/types\/product"}],"wp:attachment":[{"href":"https:\/\/roveyayinevi.com.tr\/index.php\/wp-json\/wp\/v2\/media?parent=707581"}],"wp:term":[{"taxonomy":"product_brand","embeddable":true,"href":"https:\/\/roveyayinevi.com.tr\/index.php\/wp-json\/wp\/v2\/product_brand?post=707581"},{"taxonomy":"product_cat","embeddable":true,"href":"https:\/\/roveyayinevi.com.tr\/index.php\/wp-json\/wp\/v2\/product_cat?post=707581"},{"taxonomy":"product_tag","embeddable":true,"href":"https:\/\/roveyayinevi.com.tr\/index.php\/wp-json\/wp\/v2\/product_tag?post=707581"}],"curies":[{"name":"wp","href":"https:\/\/api.w.org\/{rel}","templated":true}]}}