{"id":707572,"date":"2025-08-27T16:06:53","date_gmt":"2025-08-27T13:06:53","guid":{"rendered":"https:\/\/roveyayinevi.com.tr\/index.php\/urun\/panik-atakta\/"},"modified":"2026-04-16T02:16:19","modified_gmt":"2026-04-15T23:16:19","slug":"panik-atakta","status":"publish","type":"product","link":"https:\/\/roveyayinevi.com.tr\/index.php\/urun\/panik-atakta\/","title":{"rendered":"Panik Atakta"},"content":{"rendered":"<p>Lea\u2019n\u0131n hayalleri en sonunda ger\u00e7ek oldu, Jan onu \u00f6pt\u00fc ve bu \u00e7ok romantik bir and\u0131. Ama nedense Jan\u2019dan bir daha hi\u00e7 ses seda \u00e7\u0131kmad\u0131. Bu \u00e7ocu\u011fun nesi var b\u00f6yle? Arada s\u0131rada Lea ve o yak\u0131nla\u015f\u0131yorlar ama hay\u0131r, \u00e7\u0131kmaya ba\u015flamad\u0131lar. B\u00f6yle bir \u015feyi kim anlayabilir ki? Okul gazetesinin karikat\u00fcristi Lea, d\u00fcnyan\u0131n en uzun (ve utan\u00e7 verici) a\u015fk mektubunu yazmaya devam ediyor ama bir sorusu var: Acaba Jan onun r\u00fcyalar\u0131n\u0131n erke\u011fi de\u011fil mi? Lea\u2019n\u0131n i\u00e7indeki gergedanlar her zamanki gibi kararlar\u0131n\u0131 \u00e7oktan vermi\u015fler ve Lea\u2019n\u0131n kafas\u0131n\u0131 kar\u0131\u015ft\u0131rmaya devam ediyorlar. \ufffcTan\u0131t\u0131m Metni<\/p>\n","protected":false},"excerpt":{"rendered":"<p>Lea\u2019n\u0131n hayalleri en sonunda ger\u00e7ek oldu, Jan onu \u00f6pt\u00fc ve bu \u00e7ok romantik bir and\u0131. Ama nedense Jan\u2019dan bir daha hi\u00e7 ses seda \u00e7\u0131kmad\u0131. Bu \u00e7ocu\u011fun<span class=\"excerpt-hellip\"> [\u2026]<\/span><\/p>\n","protected":false},"featured_media":0,"template":"","meta":{"_monsterinsights_skip_tracking":false,"_monsterinsights_sitenote_active":false,"_monsterinsights_sitenote_note":"","_monsterinsights_sitenote_category":0},"product_brand":[],"product_cat":[12358,12357],"product_tag":[],"class_list":{"0":"post-707572","1":"product","2":"type-product","3":"status-publish","5":"product_cat-genel-psikoloji","6":"product_cat-psikoloji","7":"pa_cilt-ciltsiz","8":"pa_tur-kitap","9":"pa_yayinevi-psikonet-yayinlari","10":"pa_yazar-david-d-burns","12":"first","13":"instock","14":"sale","15":"shipping-taxable","16":"purchasable","17":"product-type-simple"},"_links":{"self":[{"href":"https:\/\/roveyayinevi.com.tr\/index.php\/wp-json\/wp\/v2\/product\/707572","targetHints":{"allow":["GET"]}}],"collection":[{"href":"https:\/\/roveyayinevi.com.tr\/index.php\/wp-json\/wp\/v2\/product"}],"about":[{"href":"https:\/\/roveyayinevi.com.tr\/index.php\/wp-json\/wp\/v2\/types\/product"}],"wp:attachment":[{"href":"https:\/\/roveyayinevi.com.tr\/index.php\/wp-json\/wp\/v2\/media?parent=707572"}],"wp:term":[{"taxonomy":"product_brand","embeddable":true,"href":"https:\/\/roveyayinevi.com.tr\/index.php\/wp-json\/wp\/v2\/product_brand?post=707572"},{"taxonomy":"product_cat","embeddable":true,"href":"https:\/\/roveyayinevi.com.tr\/index.php\/wp-json\/wp\/v2\/product_cat?post=707572"},{"taxonomy":"product_tag","embeddable":true,"href":"https:\/\/roveyayinevi.com.tr\/index.php\/wp-json\/wp\/v2\/product_tag?post=707572"}],"curies":[{"name":"wp","href":"https:\/\/api.w.org\/{rel}","templated":true}]}}