{"id":707549,"date":"2025-08-27T16:06:42","date_gmt":"2025-08-27T13:06:42","guid":{"rendered":"https:\/\/roveyayinevi.com.tr\/index.php\/urun\/atasozu-kartlari\/"},"modified":"2026-04-16T02:16:19","modified_gmt":"2026-04-15T23:16:19","slug":"atasozu-kartlari","status":"publish","type":"product","link":"https:\/\/roveyayinevi.com.tr\/index.php\/urun\/atasozu-kartlari\/","title":{"rendered":"Atas\u00f6z\u00fc Kartlar\u0131"},"content":{"rendered":"<p>Atas\u00f6zleri; uzun deneme ve g\u00f6zlemlere dayan\u0131larak s\u00f6ylenmi\u015f ve halka mal olmu\u015f, \u00f6\u011f\u00fct verici nitelikteki s\u00f6zlerdir. Atas\u00f6zlerimiz, hayata bak\u0131\u015f\u0131m\u0131z\u0131n, de\u011ferlerimizin, geleneklerimizin, inan\u00e7lar\u0131m\u0131z\u0131n s\u00f6ze d\u00f6n\u00fc\u015fm\u00fc\u015f bi\u00e7imleridir. Atas\u00f6zleri genellikle bir, en fazla iki c\u00fcmleden olu\u015fur. Bu c\u00fcmleler ki\u015fiden ki\u015fiye de\u011fi\u015fmez. Halk\u0131n ortak mal\u0131d\u0131r ve herkes taraf\u0131ndan ayn\u0131 bi\u00e7imde s\u00f6ylenir.  Resimli Atas\u00f6z\u00fc Kartlar\u0131, dilimizde kullan\u0131lan atas\u00f6zlerini e\u011flenceli bir \u015fekilde tan\u0131tmak ve \u00f6\u011fretmek amac\u0131yla haz\u0131rlanm\u0131\u015ft\u0131r. Kartlar\u0131n bir y\u00fcz\u00fcnde, atas\u00f6z\u00fcn\u00fc anlatan bir \u00e7izim yer almaktad\u0131r. Di\u011fer y\u00fczde ise, atas\u00f6z\u00fcn\u00fc tahmin etmek i\u00e7in se\u00e7enekler, atas\u00f6z\u00fcn\u00fcn kendisi ve anlam\u0131 bulunmaktad\u0131r. Bu y\u00f6n\u00fcyle kartlar, ayn\u0131 zamanda bir oyun gibi kullan\u0131larak ister \u00e7izimden ister se\u00e7eneklerden atas\u00f6z\u00fc tahmin edilebilir.<\/p>\n","protected":false},"excerpt":{"rendered":"<p>Atas\u00f6zleri; uzun deneme ve g\u00f6zlemlere dayan\u0131larak s\u00f6ylenmi\u015f ve halka mal olmu\u015f, \u00f6\u011f\u00fct verici nitelikteki s\u00f6zlerdir. Atas\u00f6zlerimiz, hayata bak\u0131\u015f\u0131m\u0131z\u0131n, de\u011ferlerimizin, geleneklerimizin, inan\u00e7lar\u0131m\u0131z\u0131n s\u00f6ze d\u00f6n\u00fc\u015fm\u00fc\u015f bi\u00e7imleridir. Atas\u00f6zleri genellikle<span class=\"excerpt-hellip\"> [\u2026]<\/span><\/p>\n","protected":false},"featured_media":0,"template":"","meta":{"_monsterinsights_skip_tracking":false,"_monsterinsights_sitenote_active":false,"_monsterinsights_sitenote_note":"","_monsterinsights_sitenote_category":0},"product_brand":[],"product_cat":[12275,12274],"product_tag":[],"class_list":{"0":"post-707549","1":"product","2":"type-product","3":"status-publish","5":"product_cat-6-12-yas-kitaplari","6":"product_cat-cocuk-ve-genclik-kitaplari","7":"pa_cilt-ciltsiz","8":"pa_tur-kitap10","9":"pa_yayinevi-potikare-yayincilik","10":"pa_yazar-kolektif","12":"first","13":"instock","14":"sale","15":"shipping-taxable","16":"purchasable","17":"product-type-simple"},"_links":{"self":[{"href":"https:\/\/roveyayinevi.com.tr\/index.php\/wp-json\/wp\/v2\/product\/707549","targetHints":{"allow":["GET"]}}],"collection":[{"href":"https:\/\/roveyayinevi.com.tr\/index.php\/wp-json\/wp\/v2\/product"}],"about":[{"href":"https:\/\/roveyayinevi.com.tr\/index.php\/wp-json\/wp\/v2\/types\/product"}],"wp:attachment":[{"href":"https:\/\/roveyayinevi.com.tr\/index.php\/wp-json\/wp\/v2\/media?parent=707549"}],"wp:term":[{"taxonomy":"product_brand","embeddable":true,"href":"https:\/\/roveyayinevi.com.tr\/index.php\/wp-json\/wp\/v2\/product_brand?post=707549"},{"taxonomy":"product_cat","embeddable":true,"href":"https:\/\/roveyayinevi.com.tr\/index.php\/wp-json\/wp\/v2\/product_cat?post=707549"},{"taxonomy":"product_tag","embeddable":true,"href":"https:\/\/roveyayinevi.com.tr\/index.php\/wp-json\/wp\/v2\/product_tag?post=707549"}],"curies":[{"name":"wp","href":"https:\/\/api.w.org\/{rel}","templated":true}]}}