{"id":707546,"date":"2025-08-27T16:06:40","date_gmt":"2025-08-27T13:06:40","guid":{"rendered":"https:\/\/roveyayinevi.com.tr\/index.php\/urun\/zaman-sihirbazi\/"},"modified":"2026-04-16T02:16:19","modified_gmt":"2026-04-15T23:16:19","slug":"zaman-sihirbazi","status":"publish","type":"product","link":"https:\/\/roveyayinevi.com.tr\/index.php\/urun\/zaman-sihirbazi\/","title":{"rendered":"Zaman Sihirbaz\u0131"},"content":{"rendered":"<p>Hokus pokus! Belki inanmayacaks\u0131n\u0131z ama bu kitapta 12.300\u2019\u00fcn \u00fczerinde kelime var. PEH! Nereden mi biliyoruz? U\u00e7suz bucaks\u0131z zaman\u0131 olan biri kitaptaki t\u00fcm kelimeleri saym\u0131\u015f da ondan. Kim mi? Alt\u0131 ya\u015f\u0131nda, 67 oyuncak arabas\u0131, 19 pel\u00fc\u015f hayvan\u0131, 7 \u00e7iftle 2 tek mavi \u00e7orab\u0131, 1 annesi ve bir s\u00fcr\u00fc bo\u015f vakti olan bir zaman sihirbaz\u0131. Anton!Tilki Tilki saatin ka\u00e7? \u015eu uzun olan \u00e7ubuk d\u00f6rtle be\u015f aras\u0131nda duruyor gibi, k\u0131sa olansa sekize yakla\u015f\u0131yor. Off, Anton aptal saatin ka\u00e7\u0131 g\u00f6sterdi\u011fine bir t\u00fcrl\u00fc karar veremiyor. K\u00fc\u00e7\u00fck dostumuzun sonu gelmeyen zamanla ba\u015f\u0131 belada. Ba\u015fta annesi olmak \u00fczere etraf\u0131ndaki b\u00fct\u00fcn yeti\u015fkinler zamans\u0131zl\u0131ktan yak\u0131n\u0131rken, Anton s\u00fcrekli ak\u0131p giden zamana adeta meydan okuyor. Peki zaman bu kadar de\u011ferli ve bulunmas\u0131 zorken neden kendisinde bu kadar \u00e7ok var? Acaba biraz da annesine mi verse? Hay aksi, zihni bu kadar kar\u0131\u015f\u0131kken midesindeki devasa kirpi bal\u0131\u011f\u0131 \u015fi\u015ftik\u00e7e \u015fi\u015fiyor. Ke\u015fke birileri kafas\u0131ndaki zaman bilmecesini \u00e7\u00f6zmesi i\u00e7in Anton\u2019a yard\u0131mc\u0131 olabilse\u2026Zaman kavram\u0131na ele\u015ftirel bir pencereden bakarak hem \u00e7ocuklar\u0131n hem de yeti\u015fkinlerin saate bakma al\u0131\u015fkanl\u0131klar\u0131n\u0131 sorgulayan bu e\u011flenceli roman, mizah\u0131 elden b\u0131rakmayan usta i\u015fi \u00f6yk\u00fcs\u00fc ve esprili \u00e7izimleriyle dikkat \u00e7ekiyor. Sabahtan ak\u015fama kadar \u201csa\u00e7ma sapan \u015feyler\u201d d\u00fc\u015f\u00fcnmekten kendini al\u0131koyamad\u0131\u011f\u0131n\u0131 s\u00f6yleyen Alman yazar, ressam Meike Haberstock\u2019un ilk \u00e7ocuk kitab\u0131 olan Zaman Sihirbaz\u0131\u2019nda daha \u00f6nce hi\u00e7 g\u00f6rmedi\u011finiz kemer-\u00fcst\u00fc-hayvan\u0131yla tan\u0131\u015fma f\u0131rsat\u0131 yakalayabilir, kirli sepetindeki b\u00fct\u00fcn kirli \u00e7ama\u015f\u0131rlar\u0131n bula\u015f\u0131k makinesinde nas\u0131l y\u0131kand\u0131\u011f\u0131na tan\u0131kl\u0131k edebilirsiniz.Emin olun, saatler ka\u00e7\u0131 g\u00f6sterirse g\u00f6stersin, Anton\u2019un hik\u00e2yesini okumak i\u00e7in kendinize zaman ay\u0131rd\u0131\u011f\u0131n\u0131za hi\u00e7 pi\u015fman olmayacaks\u0131n\u0131z!<\/p>\n","protected":false},"excerpt":{"rendered":"<p>Hokus pokus! Belki inanmayacaks\u0131n\u0131z ama bu kitapta 12.300\u2019\u00fcn \u00fczerinde kelime var. PEH! Nereden mi biliyoruz? U\u00e7suz bucaks\u0131z zaman\u0131 olan biri kitaptaki t\u00fcm kelimeleri saym\u0131\u015f da ondan.<span class=\"excerpt-hellip\"> [\u2026]<\/span><\/p>\n","protected":false},"featured_media":0,"template":"","meta":{"_monsterinsights_skip_tracking":false,"_monsterinsights_sitenote_active":false,"_monsterinsights_sitenote_note":"","_monsterinsights_sitenote_category":0},"product_brand":[],"product_cat":[12275,12274],"product_tag":[],"class_list":{"0":"post-707546","1":"product","2":"type-product","3":"status-publish","5":"product_cat-6-12-yas-kitaplari","6":"product_cat-cocuk-ve-genclik-kitaplari","7":"pa_cilt-ciltsiz","8":"pa_tur-kitap","9":"pa_yayinevi-tudem-yayinlari","10":"pa_yazar-meike-haberstock","12":"first","13":"instock","14":"sale","15":"shipping-taxable","16":"purchasable","17":"product-type-simple"},"_links":{"self":[{"href":"https:\/\/roveyayinevi.com.tr\/index.php\/wp-json\/wp\/v2\/product\/707546","targetHints":{"allow":["GET"]}}],"collection":[{"href":"https:\/\/roveyayinevi.com.tr\/index.php\/wp-json\/wp\/v2\/product"}],"about":[{"href":"https:\/\/roveyayinevi.com.tr\/index.php\/wp-json\/wp\/v2\/types\/product"}],"wp:attachment":[{"href":"https:\/\/roveyayinevi.com.tr\/index.php\/wp-json\/wp\/v2\/media?parent=707546"}],"wp:term":[{"taxonomy":"product_brand","embeddable":true,"href":"https:\/\/roveyayinevi.com.tr\/index.php\/wp-json\/wp\/v2\/product_brand?post=707546"},{"taxonomy":"product_cat","embeddable":true,"href":"https:\/\/roveyayinevi.com.tr\/index.php\/wp-json\/wp\/v2\/product_cat?post=707546"},{"taxonomy":"product_tag","embeddable":true,"href":"https:\/\/roveyayinevi.com.tr\/index.php\/wp-json\/wp\/v2\/product_tag?post=707546"}],"curies":[{"name":"wp","href":"https:\/\/api.w.org\/{rel}","templated":true}]}}