{"id":707502,"date":"2025-08-27T16:06:20","date_gmt":"2025-08-27T13:06:20","guid":{"rendered":"https:\/\/roveyayinevi.com.tr\/index.php\/urun\/sosyal-fobi\/"},"modified":"2026-04-16T02:16:18","modified_gmt":"2026-04-15T23:16:18","slug":"sosyal-fobi","status":"publish","type":"product","link":"https:\/\/roveyayinevi.com.tr\/index.php\/urun\/sosyal-fobi\/","title":{"rendered":"Sosyal Fobi"},"content":{"rendered":"<p>Dahas\u0131, bu sorunun g\u00f6r\u00fcnen ve g\u00f6r\u00fcnmeyen taraflar\u0131 oldu\u011fu gibi, kimi durumlarda depresif bozukluk ve obsesif kompulsif bozukluk gibi psikiyatrik sorunlara neden olabilecek y\u00f6nleri de bulunuyor. Gen\u00e7lik y\u0131llar\u0131n\u0131 sosyal fobiden kaynaklanan sorunlarla ve \u00f6zg\u00fcven eksikli\u011fiyle ge\u00e7iren Uzman Psikolog Y\u0131ld\u0131z Burkovik, kendi ya\u015fad\u0131klar\u0131ndan da faydalanarak konuya hem bir hasta hem de bir uzman g\u00f6z\u00fcyle yakla\u015f\u0131yor. Meseleyi \u00f6rnekleriyle ele al\u0131yor ve enine boyuna inceliyor. Psikoloji ile ilgilenen okurlara ve sosyal fobiden mustarip olanlara rehberlik eden bu kitab\u0131n en g\u00fc\u00e7l\u00fc mesaj\u0131 ise \u015fu: \u201cArt\u0131k geri \u00e7ekilme de\u011fil, ortaya \u00e7\u0131kma zaman\u0131.\u201d <\/p>\n","protected":false},"excerpt":{"rendered":"<p>Dahas\u0131, bu sorunun g\u00f6r\u00fcnen ve g\u00f6r\u00fcnmeyen taraflar\u0131 oldu\u011fu gibi, kimi durumlarda depresif bozukluk ve obsesif kompulsif bozukluk gibi psikiyatrik sorunlara neden olabilecek y\u00f6nleri de bulunuyor. Gen\u00e7lik<span class=\"excerpt-hellip\"> [\u2026]<\/span><\/p>\n","protected":false},"featured_media":0,"template":"","meta":{"_monsterinsights_skip_tracking":false,"_monsterinsights_sitenote_active":false,"_monsterinsights_sitenote_note":"","_monsterinsights_sitenote_category":0},"product_brand":[],"product_cat":[12358,12357],"product_tag":[],"class_list":{"0":"post-707502","1":"product","2":"type-product","3":"status-publish","5":"product_cat-genel-psikoloji","6":"product_cat-psikoloji","7":"pa_cilt-ciltsiz","8":"pa_tur-kitap","9":"pa_yayinevi-timas-yayinlari","10":"pa_yazar-yildiz-burkovik","12":"first","13":"instock","14":"sale","15":"shipping-taxable","16":"purchasable","17":"product-type-simple"},"_links":{"self":[{"href":"https:\/\/roveyayinevi.com.tr\/index.php\/wp-json\/wp\/v2\/product\/707502","targetHints":{"allow":["GET"]}}],"collection":[{"href":"https:\/\/roveyayinevi.com.tr\/index.php\/wp-json\/wp\/v2\/product"}],"about":[{"href":"https:\/\/roveyayinevi.com.tr\/index.php\/wp-json\/wp\/v2\/types\/product"}],"wp:attachment":[{"href":"https:\/\/roveyayinevi.com.tr\/index.php\/wp-json\/wp\/v2\/media?parent=707502"}],"wp:term":[{"taxonomy":"product_brand","embeddable":true,"href":"https:\/\/roveyayinevi.com.tr\/index.php\/wp-json\/wp\/v2\/product_brand?post=707502"},{"taxonomy":"product_cat","embeddable":true,"href":"https:\/\/roveyayinevi.com.tr\/index.php\/wp-json\/wp\/v2\/product_cat?post=707502"},{"taxonomy":"product_tag","embeddable":true,"href":"https:\/\/roveyayinevi.com.tr\/index.php\/wp-json\/wp\/v2\/product_tag?post=707502"}],"curies":[{"name":"wp","href":"https:\/\/api.w.org\/{rel}","templated":true}]}}