{"id":707494,"date":"2025-08-27T16:06:17","date_gmt":"2025-08-27T13:06:17","guid":{"rendered":"https:\/\/roveyayinevi.com.tr\/index.php\/urun\/duygularin-psikolojisi-ve-duygusal-zeka\/"},"modified":"2026-04-16T02:16:17","modified_gmt":"2026-04-15T23:16:17","slug":"duygularin-psikolojisi-ve-duygusal-zeka","status":"publish","type":"product","link":"https:\/\/roveyayinevi.com.tr\/index.php\/urun\/duygularin-psikolojisi-ve-duygusal-zeka\/","title":{"rendered":"Duygular\u0131n Psikolojisi ve Duygusal Zeka"},"content":{"rendered":"<p>Asl\u0131nda birer bilimsel kategori olan duygular\u0131n hayat\u0131m\u0131zdaki merkezi rol\u00fc, duygusal zekan\u0131n ke\u015ffine karar ihmal edildi. Bat\u0131, duygular\u0131 yok say\u0131p akl\u0131 tek mutlak de\u011fer olarak kutsarken, Do\u011fu da sahip oldu\u011fu zenginli\u011fin fark\u0131na varm\u0131yor, duygular\u0131n e\u011fitimine gereken \u00f6nemi vermiyordu. Oysa duygular\u0131 \u00e7\u00f6z\u00fcmleyebilmek ki\u015finin kendini tan\u0131mas\u0131n\u0131n ilk ad\u0131m\u0131 idi. Nevzat Tarhan, Duygular\u0131n Psikolojisi\u2018nde insan\u0131n sahip oldu\u011fu olumlu ve olumsuz t\u00fcm duygular\u0131 tek tek \u00e7\u00f6z\u00fcmleyerek duygusal zeka kavram\u0131na farkl\u0131 bir bak\u0131\u015f getiriyor. Duygusal zekay\u0131 Do\u011funun ve Bat\u0131n\u0131n de\u011feriyle yeniden yorumlayan yazar, duygular\u0131n e\u011fitiminde yeni bir pencere a\u00e7\u0131yor.<\/p>\n","protected":false},"excerpt":{"rendered":"<p>Asl\u0131nda birer bilimsel kategori olan duygular\u0131n hayat\u0131m\u0131zdaki merkezi rol\u00fc, duygusal zekan\u0131n ke\u015ffine karar ihmal edildi. Bat\u0131, duygular\u0131 yok say\u0131p akl\u0131 tek mutlak de\u011fer olarak kutsarken, Do\u011fu<span class=\"excerpt-hellip\"> [\u2026]<\/span><\/p>\n","protected":false},"featured_media":0,"template":"","meta":{"_monsterinsights_skip_tracking":false,"_monsterinsights_sitenote_active":false,"_monsterinsights_sitenote_note":"","_monsterinsights_sitenote_category":0},"product_brand":[],"product_cat":[12358,12357],"product_tag":[],"class_list":{"0":"post-707494","1":"product","2":"type-product","3":"status-publish","5":"product_cat-genel-psikoloji","6":"product_cat-psikoloji","7":"pa_cilt-ciltsiz","8":"pa_tur-kitap","9":"pa_yayinevi-timas-yayinlari","10":"pa_yazar-nevzat-tarhan","12":"first","13":"instock","14":"sale","15":"shipping-taxable","16":"purchasable","17":"product-type-simple"},"_links":{"self":[{"href":"https:\/\/roveyayinevi.com.tr\/index.php\/wp-json\/wp\/v2\/product\/707494","targetHints":{"allow":["GET"]}}],"collection":[{"href":"https:\/\/roveyayinevi.com.tr\/index.php\/wp-json\/wp\/v2\/product"}],"about":[{"href":"https:\/\/roveyayinevi.com.tr\/index.php\/wp-json\/wp\/v2\/types\/product"}],"wp:attachment":[{"href":"https:\/\/roveyayinevi.com.tr\/index.php\/wp-json\/wp\/v2\/media?parent=707494"}],"wp:term":[{"taxonomy":"product_brand","embeddable":true,"href":"https:\/\/roveyayinevi.com.tr\/index.php\/wp-json\/wp\/v2\/product_brand?post=707494"},{"taxonomy":"product_cat","embeddable":true,"href":"https:\/\/roveyayinevi.com.tr\/index.php\/wp-json\/wp\/v2\/product_cat?post=707494"},{"taxonomy":"product_tag","embeddable":true,"href":"https:\/\/roveyayinevi.com.tr\/index.php\/wp-json\/wp\/v2\/product_tag?post=707494"}],"curies":[{"name":"wp","href":"https:\/\/api.w.org\/{rel}","templated":true}]}}