{"id":707480,"date":"2025-08-27T16:06:11","date_gmt":"2025-08-27T13:06:11","guid":{"rendered":"https:\/\/roveyayinevi.com.tr\/index.php\/urun\/travma-sonrasi-psikolojik-tepkileri-anlamak\/"},"modified":"2026-04-16T02:16:17","modified_gmt":"2026-04-15T23:16:17","slug":"travma-sonrasi-psikolojik-tepkileri-anlamak","status":"publish","type":"product","link":"https:\/\/roveyayinevi.com.tr\/index.php\/urun\/travma-sonrasi-psikolojik-tepkileri-anlamak\/","title":{"rendered":"Travma Sonras\u0131 Psikolojik Tepkileri Anlamak"},"content":{"rendered":"<p>Travmaya U\u011frayanlar ve Aileleri i\u00e7in RehberTravma ile y\u00fczle\u015fmekten ka\u00e7mak, onun etkilerinin hayat\u0131m\u0131zda gizli bir \u015fekilde s\u00fcrmesine neden olur.Bu kitap, b\u00f6yle bir s\u00fcre\u00e7te sizde nelerin olup bitti\u011fini anlaman\u0131za ve bunlar\u0131 a\u015fman\u0131za yard\u0131mc\u0131 olmay\u0131 hedefliyor.Kendi kendinize de uygulayabilece\u011finiz bu \u00f6nerilerle benli\u011finizi geri kazanacak ve hayat\u0131n\u0131za daha iyi bir \u015fekilde devam edeceksiniz.<\/p>\n","protected":false},"excerpt":{"rendered":"<p>Travmaya U\u011frayanlar ve Aileleri i\u00e7in RehberTravma ile y\u00fczle\u015fmekten ka\u00e7mak, onun etkilerinin hayat\u0131m\u0131zda gizli bir \u015fekilde s\u00fcrmesine neden olur.Bu kitap, b\u00f6yle bir s\u00fcre\u00e7te sizde nelerin olup bitti\u011fini<span class=\"excerpt-hellip\"> [\u2026]<\/span><\/p>\n","protected":false},"featured_media":0,"template":"","meta":{"_monsterinsights_skip_tracking":false,"_monsterinsights_sitenote_active":false,"_monsterinsights_sitenote_note":"","_monsterinsights_sitenote_category":0},"product_brand":[],"product_cat":[12358,12357],"product_tag":[],"class_list":{"0":"post-707480","1":"product","2":"type-product","3":"status-publish","5":"product_cat-genel-psikoloji","6":"product_cat-psikoloji","7":"pa_cilt-ciltsiz","8":"pa_tur-kitap","9":"pa_yayinevi-psikonet-yayinlari","10":"pa_yazar-claudia-herbert","12":"first","13":"instock","14":"sale","15":"shipping-taxable","16":"purchasable","17":"product-type-simple"},"_links":{"self":[{"href":"https:\/\/roveyayinevi.com.tr\/index.php\/wp-json\/wp\/v2\/product\/707480","targetHints":{"allow":["GET"]}}],"collection":[{"href":"https:\/\/roveyayinevi.com.tr\/index.php\/wp-json\/wp\/v2\/product"}],"about":[{"href":"https:\/\/roveyayinevi.com.tr\/index.php\/wp-json\/wp\/v2\/types\/product"}],"wp:attachment":[{"href":"https:\/\/roveyayinevi.com.tr\/index.php\/wp-json\/wp\/v2\/media?parent=707480"}],"wp:term":[{"taxonomy":"product_brand","embeddable":true,"href":"https:\/\/roveyayinevi.com.tr\/index.php\/wp-json\/wp\/v2\/product_brand?post=707480"},{"taxonomy":"product_cat","embeddable":true,"href":"https:\/\/roveyayinevi.com.tr\/index.php\/wp-json\/wp\/v2\/product_cat?post=707480"},{"taxonomy":"product_tag","embeddable":true,"href":"https:\/\/roveyayinevi.com.tr\/index.php\/wp-json\/wp\/v2\/product_tag?post=707480"}],"curies":[{"name":"wp","href":"https:\/\/api.w.org\/{rel}","templated":true}]}}