{"id":707467,"date":"2025-08-27T16:06:06","date_gmt":"2025-08-27T13:06:06","guid":{"rendered":"https:\/\/roveyayinevi.com.tr\/index.php\/urun\/hayvanlar-konseri\/"},"modified":"2026-04-16T02:16:17","modified_gmt":"2026-04-15T23:16:17","slug":"hayvanlar-konseri","status":"publish","type":"product","link":"https:\/\/roveyayinevi.com.tr\/index.php\/urun\/hayvanlar-konseri\/","title":{"rendered":"Hayvanlar Konseri"},"content":{"rendered":"<p>Ormandaki hayvanlar can s\u0131k\u0131nt\u0131lar\u0131n\u0131 ge\u00e7irmek i\u00e7in bir konser vermeye karar verirler. Ama onlar\u0131 \u00e7al\u0131\u015ft\u0131racak birisine ihtiya\u00e7lar\u0131 vard\u0131r. Hemen yola koyulur ve da\u011f tepe demeden gezip kendilerine bir orkestra \u015fefi ararlar&#8230; \u00c7ocuklara okumay\u0131 sevdiren yazar Fatih Erdo\u011fan&#8217;\u0131n kaleminden, \u00c7\u0131nar Dize Sertbarut&#8217;un c\u0131v\u0131l c\u0131v\u0131l resimleriyle, elinizden d\u00fc\u015fmeyecek harika bir \u00f6yk\u00fc. \ufffcTan\u0131t\u0131m Metni<\/p>\n","protected":false},"excerpt":{"rendered":"<p>Ormandaki hayvanlar can s\u0131k\u0131nt\u0131lar\u0131n\u0131 ge\u00e7irmek i\u00e7in bir konser vermeye karar verirler. Ama onlar\u0131 \u00e7al\u0131\u015ft\u0131racak birisine ihtiya\u00e7lar\u0131 vard\u0131r. Hemen yola koyulur ve da\u011f tepe demeden gezip kendilerine<span class=\"excerpt-hellip\"> [\u2026]<\/span><\/p>\n","protected":false},"featured_media":0,"template":"","meta":{"_monsterinsights_skip_tracking":false,"_monsterinsights_sitenote_active":false,"_monsterinsights_sitenote_note":"","_monsterinsights_sitenote_category":0},"product_brand":[],"product_cat":[12275,12274],"product_tag":[],"class_list":{"0":"post-707467","1":"product","2":"type-product","3":"status-publish","5":"product_cat-6-12-yas-kitaplari","6":"product_cat-cocuk-ve-genclik-kitaplari","7":"pa_cilt-ciltsiz","8":"pa_tur-kitap","9":"pa_yayinevi-mavi-bulut-yayinlari","10":"pa_yazar-fatih-erdogan","12":"first","13":"instock","14":"sale","15":"shipping-taxable","16":"purchasable","17":"product-type-simple"},"_links":{"self":[{"href":"https:\/\/roveyayinevi.com.tr\/index.php\/wp-json\/wp\/v2\/product\/707467","targetHints":{"allow":["GET"]}}],"collection":[{"href":"https:\/\/roveyayinevi.com.tr\/index.php\/wp-json\/wp\/v2\/product"}],"about":[{"href":"https:\/\/roveyayinevi.com.tr\/index.php\/wp-json\/wp\/v2\/types\/product"}],"wp:attachment":[{"href":"https:\/\/roveyayinevi.com.tr\/index.php\/wp-json\/wp\/v2\/media?parent=707467"}],"wp:term":[{"taxonomy":"product_brand","embeddable":true,"href":"https:\/\/roveyayinevi.com.tr\/index.php\/wp-json\/wp\/v2\/product_brand?post=707467"},{"taxonomy":"product_cat","embeddable":true,"href":"https:\/\/roveyayinevi.com.tr\/index.php\/wp-json\/wp\/v2\/product_cat?post=707467"},{"taxonomy":"product_tag","embeddable":true,"href":"https:\/\/roveyayinevi.com.tr\/index.php\/wp-json\/wp\/v2\/product_tag?post=707467"}],"curies":[{"name":"wp","href":"https:\/\/api.w.org\/{rel}","templated":true}]}}