{"id":707463,"date":"2025-08-27T16:06:05","date_gmt":"2025-08-27T13:06:05","guid":{"rendered":"https:\/\/roveyayinevi.com.tr\/index.php\/urun\/sultan-alp-arslan\/"},"modified":"2026-04-16T02:16:17","modified_gmt":"2026-04-15T23:16:17","slug":"sultan-alp-arslan","status":"publish","type":"product","link":"https:\/\/roveyayinevi.com.tr\/index.php\/urun\/sultan-alp-arslan\/","title":{"rendered":"Sultan Alp Arslan"},"content":{"rendered":"<p>EL\u00c7UKLU FET\u0130HLER\u0130N\u0130N BABASI,T\u00dcRK EFSANES\u0130 SULTAN ALP ARSLAN Cend\u2019den M\u00e2ver\u00e2\u00fcnnehir\u2019e, H\u00e2rizm\u2019den Horasan\u2019a, \u0130ran\u2019dan Anadolu\u2019ya h\u00e2kimiyetlerini do\u011fu ile bat\u0131 aras\u0131nda birle\u015ftirmi\u015f ilk devlet\u2026 Bu co\u011frafyada bizleri kal\u0131c\u0131 k\u0131lan fikirlerin kayna\u011f\u0131, Anadolu\u2019nun T\u00fcrkle\u015fmesinden cumhuriyetimizin kurulu\u015funa kadar gelen yolun ba\u015f\u0131: Sel\u00e7uklular\u2026 Sadece 9 y\u0131l tahtta kalmas\u0131na ra\u011fmen T\u00fcrk tarihinde ad\u0131 en fazla ge\u00e7en h\u00fck\u00fcmdarlardan biri olan Alp Arslan, babas\u0131 \u00c7a\u011fr\u0131, amcas\u0131 Tu\u011frul Bey ve ard\u0131llar\u0131yla Anadolu\u2019nun M\u00fcsl\u00fcmanla\u015fmas\u0131n\u0131 sa\u011flad\u0131. \u00d6zg\u00fcr bir h\u00fck\u00fcmdar olarak F\u0131rat\u2019\u0131n bat\u0131s\u0131na ilk defa ge\u00e7meyi ba\u015faran, 1071\u2019de Malazgirt\u2019te destan yazan, T\u00fcrk tarihinin efsanesi Sultan Alp Arslan\u2026Sultan Alp Arslan \u00fczerine hem akademik ihtiya\u00e7lar\u0131 kar\u015f\u0131layacak hem de ak\u0131c\u0131 \u00fcslubuyla tarih severlerin merak\u0131n\u0131 giderecek bu \u00e7al\u0131\u015fmayla, geri planda kalm\u0131\u015f Sel\u00e7uklu tarihi ile Sultan Alp Arslan yeniden g\u00fcn y\u00fcz\u00fcne \u00e7\u0131k\u0131yor.<\/p>\n","protected":false},"excerpt":{"rendered":"<p>EL\u00c7UKLU FET\u0130HLER\u0130N\u0130N BABASI,T\u00dcRK EFSANES\u0130 SULTAN ALP ARSLAN Cend\u2019den M\u00e2ver\u00e2\u00fcnnehir\u2019e, H\u00e2rizm\u2019den Horasan\u2019a, \u0130ran\u2019dan Anadolu\u2019ya h\u00e2kimiyetlerini do\u011fu ile bat\u0131 aras\u0131nda birle\u015ftirmi\u015f ilk devlet\u2026 Bu co\u011frafyada bizleri kal\u0131c\u0131 k\u0131lan<span class=\"excerpt-hellip\"> [\u2026]<\/span><\/p>\n","protected":false},"featured_media":0,"template":"","meta":{"_monsterinsights_skip_tracking":false,"_monsterinsights_sitenote_active":false,"_monsterinsights_sitenote_note":"","_monsterinsights_sitenote_category":0},"product_brand":[],"product_cat":[13517,12304],"product_tag":[],"class_list":{"0":"post-707463","1":"product","2":"type-product","3":"status-publish","5":"product_cat-osmanli-tarihi","6":"product_cat-tarih","7":"pa_cilt-ciltsiz","8":"pa_tur-kitap","9":"pa_yayinevi-kronik-kitap","10":"pa_yazar-cihan-piyadeoglu","12":"first","13":"instock","14":"sale","15":"shipping-taxable","16":"purchasable","17":"product-type-simple"},"_links":{"self":[{"href":"https:\/\/roveyayinevi.com.tr\/index.php\/wp-json\/wp\/v2\/product\/707463","targetHints":{"allow":["GET"]}}],"collection":[{"href":"https:\/\/roveyayinevi.com.tr\/index.php\/wp-json\/wp\/v2\/product"}],"about":[{"href":"https:\/\/roveyayinevi.com.tr\/index.php\/wp-json\/wp\/v2\/types\/product"}],"wp:attachment":[{"href":"https:\/\/roveyayinevi.com.tr\/index.php\/wp-json\/wp\/v2\/media?parent=707463"}],"wp:term":[{"taxonomy":"product_brand","embeddable":true,"href":"https:\/\/roveyayinevi.com.tr\/index.php\/wp-json\/wp\/v2\/product_brand?post=707463"},{"taxonomy":"product_cat","embeddable":true,"href":"https:\/\/roveyayinevi.com.tr\/index.php\/wp-json\/wp\/v2\/product_cat?post=707463"},{"taxonomy":"product_tag","embeddable":true,"href":"https:\/\/roveyayinevi.com.tr\/index.php\/wp-json\/wp\/v2\/product_tag?post=707463"}],"curies":[{"name":"wp","href":"https:\/\/api.w.org\/{rel}","templated":true}]}}