{"id":707443,"date":"2025-08-27T16:05:56","date_gmt":"2025-08-27T13:05:56","guid":{"rendered":"https:\/\/roveyayinevi.com.tr\/index.php\/urun\/stratejik-liderlik\/"},"modified":"2026-04-16T02:16:16","modified_gmt":"2026-04-15T23:16:16","slug":"stratejik-liderlik","status":"publish","type":"product","link":"https:\/\/roveyayinevi.com.tr\/index.php\/urun\/stratejik-liderlik\/","title":{"rendered":"Stratejik Liderlik"},"content":{"rendered":"<p>Alpaslan ve Osman Gazi FB\u2019liydiler, Bill Gates ve Michael Dell de!FB\u2019lilik tarihin derinliklerine k\u00f6k salan farkl\u0131 bak\u0131\u015ft\u0131r. B\u00fcy\u00fck \u0130skender\u2019den Fatih Sultan Mehmet\u2019e, Henry Ford\u2019dan Mark Zuckerberg\u2019e kadar, siyas\u00ee\/iktisad\u00ee liderlerin hepsi FB\u2019lidir.Fakat bunlardan sadece CimBom\u2019lulu\u011fa terfi edebilenler uzun \u00f6m\u00fcrl\u00fc yap\u0131lar\u0131n kurulmas\u0131na \u00f6nayak olabildi. Farkl\u0131 bak\u0131\u015f, cemiyet\u00e7i bak\u0131\u015fla b\u00fct\u00fcnle\u015fmeden kurumsalla\u015fam\u0131yor.Doksan dakika ayakta kalabilen, yani kurduklar\u0131 yap\u0131lar\u0131n bir t\u00fcr imparatorlu\u011fa d\u00f6n\u00fc\u015ft\u00fc\u011f\u00fc liderler ise sadece Siyah Beyaz renklere g\u00f6n\u00fcl verenlerdir. Yazar fanatik CimBom\u2019lu oldu\u011fu halde, yaras\u0131na tuz bas\u0131p, stratejik bak\u0131\u015f\u0131n \u00f6nemini dile getirmek zorundad\u0131r!Akl\u0131n\u0131z kar\u0131\u015ft\u0131ysa, bu kitap tam size g\u00f6redir. Haydi Bismillah!<\/p>\n","protected":false},"excerpt":{"rendered":"<p>Alpaslan ve Osman Gazi FB\u2019liydiler, Bill Gates ve Michael Dell de!FB\u2019lilik tarihin derinliklerine k\u00f6k salan farkl\u0131 bak\u0131\u015ft\u0131r. B\u00fcy\u00fck \u0130skender\u2019den Fatih Sultan Mehmet\u2019e, Henry Ford\u2019dan Mark Zuckerberg\u2019e<span class=\"excerpt-hellip\"> [\u2026]<\/span><\/p>\n","protected":false},"featured_media":0,"template":"","meta":{"_monsterinsights_skip_tracking":false,"_monsterinsights_sitenote_active":false,"_monsterinsights_sitenote_note":"","_monsterinsights_sitenote_category":0},"product_brand":[],"product_cat":[13043,19008],"product_tag":[],"class_list":{"0":"post-707443","1":"product","2":"type-product","3":"status-publish","5":"product_cat-ekonomi","6":"product_cat-yonetim","7":"pa_cilt-ciltsiz","8":"pa_tur-kitap","9":"pa_yayinevi-kure-yayinlari","10":"pa_yazar-mustafa-ozel","12":"first","13":"instock","14":"sale","15":"shipping-taxable","16":"purchasable","17":"product-type-simple"},"_links":{"self":[{"href":"https:\/\/roveyayinevi.com.tr\/index.php\/wp-json\/wp\/v2\/product\/707443","targetHints":{"allow":["GET"]}}],"collection":[{"href":"https:\/\/roveyayinevi.com.tr\/index.php\/wp-json\/wp\/v2\/product"}],"about":[{"href":"https:\/\/roveyayinevi.com.tr\/index.php\/wp-json\/wp\/v2\/types\/product"}],"wp:attachment":[{"href":"https:\/\/roveyayinevi.com.tr\/index.php\/wp-json\/wp\/v2\/media?parent=707443"}],"wp:term":[{"taxonomy":"product_brand","embeddable":true,"href":"https:\/\/roveyayinevi.com.tr\/index.php\/wp-json\/wp\/v2\/product_brand?post=707443"},{"taxonomy":"product_cat","embeddable":true,"href":"https:\/\/roveyayinevi.com.tr\/index.php\/wp-json\/wp\/v2\/product_cat?post=707443"},{"taxonomy":"product_tag","embeddable":true,"href":"https:\/\/roveyayinevi.com.tr\/index.php\/wp-json\/wp\/v2\/product_tag?post=707443"}],"curies":[{"name":"wp","href":"https:\/\/api.w.org\/{rel}","templated":true}]}}