{"id":707420,"date":"2025-08-27T16:04:56","date_gmt":"2025-08-27T13:04:56","guid":{"rendered":"https:\/\/roveyayinevi.com.tr\/index.php\/urun\/anne-duyarliligi-ve-cocuklarda-baglanma\/"},"modified":"2026-04-16T02:16:16","modified_gmt":"2026-04-15T23:16:16","slug":"anne-duyarliligi-ve-cocuklarda-baglanma","status":"publish","type":"product","link":"https:\/\/roveyayinevi.com.tr\/index.php\/urun\/anne-duyarliligi-ve-cocuklarda-baglanma\/","title":{"rendered":"Anne Duyarl\u0131l\u0131\u011f\u0131 ve \u00c7ocuklarda Ba\u011flanma"},"content":{"rendered":"<p>Yakla\u015f\u0131k 60 y\u0131l \u00f6nce, ba\u011flanma kuram\u0131n\u0131n kurucusu John Bowlby \u00e7ocuk ile onu b\u00fcy\u00fcten yeti\u015fkin aras\u0131ndaki ba\u011f\u0131n, duygusal geli\u015fim \u00fczerinde ya\u015fam boyu s\u00fcren etkisini tart\u0131\u015farak psikoloji alan\u0131nda bir devrim yaratt\u0131. Bowlby\u2019nin kuram\u0131 ve ba\u011flanma ara\u015ft\u0131rmac\u0131lar\u0131 sayesinde, ebeveyn davran\u0131\u015flar\u0131 ile \u00e7ocuklar\u0131n tepkileri aras\u0131ndaki karma\u015f\u0131k ili\u015fkileri anlamada \u00e7ok b\u00fcy\u00fck mesafe kaydedildi. \u00d6zellikle Bat\u0131 \u00fclkelerinde yap\u0131lan ba\u011flanma ara\u015ft\u0131rmalar\u0131na dayanarak \u00e7ok say\u0131da \u00f6l\u00e7\u00fcm arac\u0131 ve uygulama y\u00f6ntemi geli\u015ftirildi. Ba\u011flanma kuram\u0131 y\u0131llar i\u00e7inde psikolojinin hem ebeveynler, hem ara\u015ft\u0131rmac\u0131lar, hem de uygulamac\u0131lar taraf\u0131ndan do\u011frudan g\u00fcnl\u00fck hayata aktar\u0131labilen en etkili kuram\u0131 oldu.Anne Duyarl\u0131\u011f\u0131 ve \u00c7ocuklarda Ba\u011flanma, T\u00fcrkiye\u2019de ba\u011flanma kuram\u0131na ili\u015fkin \u00e7al\u0131\u015fmalarda ihmal edilen erken d\u00f6neme odaklan\u0131yor. Nebi S\u00fcmer, Melike Say\u0131l ve Sibel Kazak Berument\u2019in T\u00fcbitak (Proje No: 105K102) deste\u011fi ile \u00fc\u00e7 y\u0131l boyunca yapt\u0131klar\u0131 \u00e7al\u0131\u015fmada, annelerin duyarl\u0131k ve \u00e7ocuklar\u0131n ba\u011flanma d\u00fczeyini kart s\u0131n\u0131flama yoluyla \u00f6l\u00e7en iki temel \u00f6l\u00e7me arac\u0131 olan Anne Davran\u0131\u015flar\u0131 S\u0131n\u0131fland\u0131rma Seti ve Ba\u011flanma Davran\u0131\u015flar\u0131 S\u0131n\u0131fland\u0131rma Seti T\u00fcrk\u00e7eye uyarlan\u0131p kapsaml\u0131 olarak inceleniyor. T\u00fcrkiye\u2019de ba\u011flanma ve ebeveyn davran\u0131\u015flar\u0131 alan\u0131ndaki ara\u015ft\u0131rmalara ve uygulamalara de\u011ferli katk\u0131da bulunacak el kitab\u0131 niteli\u011finde, \u00f6nemli bir kaynak.- Nebi S\u00fcmer, Orta Do\u011fu Teknik \u00dcniversitesi Kuzey K\u0131br\u0131s Kampusu Psikoloji B\u00f6l\u00fcm\u00fc\u2019nde profes\u00f6r.- Melike Say\u0131l, T\u00fcrk E\u011fitim Derne\u011fi \u00dcniversitesi Psikoloji B\u00f6l\u00fcm\u00fc\u2019nde profes\u00f6r.- Sibel Kazak Berument, Orta Do\u011fu Teknik \u00dcniversitesi Psikoloji B\u00f6l\u00fcm\u00fc\u2019nde profes\u00f6r.<\/p>\n","protected":false},"excerpt":{"rendered":"<p>Yakla\u015f\u0131k 60 y\u0131l \u00f6nce, ba\u011flanma kuram\u0131n\u0131n kurucusu John Bowlby \u00e7ocuk ile onu b\u00fcy\u00fcten yeti\u015fkin aras\u0131ndaki ba\u011f\u0131n, duygusal geli\u015fim \u00fczerinde ya\u015fam boyu s\u00fcren etkisini tart\u0131\u015farak psikoloji alan\u0131nda<span class=\"excerpt-hellip\"> [\u2026]<\/span><\/p>\n","protected":false},"featured_media":0,"template":"","meta":{"_monsterinsights_skip_tracking":false,"_monsterinsights_sitenote_active":false,"_monsterinsights_sitenote_note":"","_monsterinsights_sitenote_category":0},"product_brand":[],"product_cat":[12679,12357],"product_tag":[],"class_list":{"0":"post-707420","1":"product","2":"type-product","3":"status-publish","5":"product_cat-cocuk-psikolojisi","6":"product_cat-psikoloji","7":"pa_cilt-ciltsiz","8":"pa_tur-kitap","9":"pa_yayinevi-koc-universitesi-yayinlari","10":"pa_yazar-nebi-sumer","12":"first","13":"instock","14":"sale","15":"shipping-taxable","16":"purchasable","17":"product-type-simple"},"_links":{"self":[{"href":"https:\/\/roveyayinevi.com.tr\/index.php\/wp-json\/wp\/v2\/product\/707420","targetHints":{"allow":["GET"]}}],"collection":[{"href":"https:\/\/roveyayinevi.com.tr\/index.php\/wp-json\/wp\/v2\/product"}],"about":[{"href":"https:\/\/roveyayinevi.com.tr\/index.php\/wp-json\/wp\/v2\/types\/product"}],"wp:attachment":[{"href":"https:\/\/roveyayinevi.com.tr\/index.php\/wp-json\/wp\/v2\/media?parent=707420"}],"wp:term":[{"taxonomy":"product_brand","embeddable":true,"href":"https:\/\/roveyayinevi.com.tr\/index.php\/wp-json\/wp\/v2\/product_brand?post=707420"},{"taxonomy":"product_cat","embeddable":true,"href":"https:\/\/roveyayinevi.com.tr\/index.php\/wp-json\/wp\/v2\/product_cat?post=707420"},{"taxonomy":"product_tag","embeddable":true,"href":"https:\/\/roveyayinevi.com.tr\/index.php\/wp-json\/wp\/v2\/product_tag?post=707420"}],"curies":[{"name":"wp","href":"https:\/\/api.w.org\/{rel}","templated":true}]}}