{"id":707403,"date":"2025-08-27T16:04:49","date_gmt":"2025-08-27T13:04:49","guid":{"rendered":"https:\/\/roveyayinevi.com.tr\/index.php\/urun\/yaratici-dusunmenin-275-yontemi\/"},"modified":"2026-04-16T02:16:15","modified_gmt":"2026-04-15T23:16:15","slug":"yaratici-dusunmenin-275-yontemi","status":"publish","type":"product","link":"https:\/\/roveyayinevi.com.tr\/index.php\/urun\/yaratici-dusunmenin-275-yontemi\/","title":{"rendered":"Yarat\u0131c\u0131 D\u00fc\u015f\u00fcnmenin 27,5 Y\u00f6ntemi"},"content":{"rendered":"<p>Beynimiz n\u00f6ronlar\u0131n\u0131 \u00e7evreden ald\u0131\u011f\u0131 g\u00f6rsel-i\u015fitsel ve di\u011fer uyar\u0131lar, e\u011fitim ile \u015fekillendirir. Daha sonra gelen, \u00e7o\u011fu yeni uyar\u0131lar\u0131, \u00e7o\u011fu zaman farkl\u0131 bile olsa verimlilik ilkesi nedeniyle olu\u015fturulan bu mevcut n\u00f6ron patikalarla alg\u0131lama e\u011filimi g\u00f6steririz. Bu durum varsay\u0131mlar\u0131 sorgulayamam\u0131z\u0131, yarat\u0131c\u0131-yenilik\u00e7i d\u00fc\u015f\u00fcnememizi, g\u00f6z\u00fcm\u00fcz\u00fcn \u00f6n\u00fcndeki f\u0131rsatlar\u0131 ka\u00e7\u0131rmam\u0131z\u0131 da beraberinde getirir.Bug\u00fcne dek yurti\u00e7inde ve yurtd\u0131\u015f\u0131nda y\u00fczlerce firmaya Yarat\u0131c\u0131 D\u00fc\u015f\u00fcnme ve Yenilik\u00e7ilik (\u0130novasyon) e\u011fitimleri vermi\u015f, \u00e7ok say\u0131da yenilik\u00e7i projede yer alm\u0131\u015f olan Yekta \u00d6zcan \u00d6z\u00f6zer, Yarat\u0131c\u0131 D\u00fc\u015f\u00fcnmenin 27,5 Y\u00f6ntemi\u2019nde, varsay\u0131mlar\u0131 nas\u0131l sorgulayabilece\u011fimizi, bir b\u00f6l\u00fcm\u00fcn\u00fc kendisinin geli\u015ftirdi\u011fi 27,5 farkl\u0131 y\u00f6ntemle mevcut kal\u0131plar\u0131 nas\u0131l k\u0131rabilece\u011fimizi, yarat\u0131c\u0131 fikirleri etkili bir \u015fekilde nas\u0131l geli\u015ftirebilece\u011fimizi, somut ama zevkli ve e\u011flenceli bir uslupla aktar\u0131yor. 27,5 rakam\u0131 ile bile tam rakam varsay\u0131m\u0131n\u0131n sorguland\u0131\u011f\u0131 elinizdeki kitapta bu farkl\u0131 y\u00f6ntemleri i\u015f ya\u015fam\u0131n\u0131zda, sosyal ya\u015fam\u0131n\u0131zda ve \u00e7ocuklar\u0131n\u0131z\u0131 e\u011fitirken, prati\u011fe y\u00f6nelik \u015fekilde \u00f6\u011frenebileceksiniz.<\/p>\n","protected":false},"excerpt":{"rendered":"<p>Beynimiz n\u00f6ronlar\u0131n\u0131 \u00e7evreden ald\u0131\u011f\u0131 g\u00f6rsel-i\u015fitsel ve di\u011fer uyar\u0131lar, e\u011fitim ile \u015fekillendirir. Daha sonra gelen, \u00e7o\u011fu yeni uyar\u0131lar\u0131, \u00e7o\u011fu zaman farkl\u0131 bile olsa verimlilik ilkesi nedeniyle olu\u015fturulan<span class=\"excerpt-hellip\"> [\u2026]<\/span><\/p>\n","protected":false},"featured_media":0,"template":"","meta":{"_monsterinsights_skip_tracking":false,"_monsterinsights_sitenote_active":false,"_monsterinsights_sitenote_note":"","_monsterinsights_sitenote_category":0},"product_brand":[],"product_cat":[12364,12376],"product_tag":[],"class_list":{"0":"post-707403","1":"product","2":"type-product","3":"status-publish","5":"product_cat-genel-konular","6":"product_cat-kisisel-gelisim","7":"pa_cilt-ciltsiz","8":"pa_tur-kitap","9":"pa_yayinevi-mediacat-kitaplari","10":"pa_yazar-yekta-ozcan-ozozer","12":"first","13":"instock","14":"sale","15":"shipping-taxable","16":"purchasable","17":"product-type-simple"},"_links":{"self":[{"href":"https:\/\/roveyayinevi.com.tr\/index.php\/wp-json\/wp\/v2\/product\/707403","targetHints":{"allow":["GET"]}}],"collection":[{"href":"https:\/\/roveyayinevi.com.tr\/index.php\/wp-json\/wp\/v2\/product"}],"about":[{"href":"https:\/\/roveyayinevi.com.tr\/index.php\/wp-json\/wp\/v2\/types\/product"}],"wp:attachment":[{"href":"https:\/\/roveyayinevi.com.tr\/index.php\/wp-json\/wp\/v2\/media?parent=707403"}],"wp:term":[{"taxonomy":"product_brand","embeddable":true,"href":"https:\/\/roveyayinevi.com.tr\/index.php\/wp-json\/wp\/v2\/product_brand?post=707403"},{"taxonomy":"product_cat","embeddable":true,"href":"https:\/\/roveyayinevi.com.tr\/index.php\/wp-json\/wp\/v2\/product_cat?post=707403"},{"taxonomy":"product_tag","embeddable":true,"href":"https:\/\/roveyayinevi.com.tr\/index.php\/wp-json\/wp\/v2\/product_tag?post=707403"}],"curies":[{"name":"wp","href":"https:\/\/api.w.org\/{rel}","templated":true}]}}