{"id":707396,"date":"2025-08-27T16:04:45","date_gmt":"2025-08-27T13:04:45","guid":{"rendered":"https:\/\/roveyayinevi.com.tr\/index.php\/urun\/karahindibaya-ne-oldu\/"},"modified":"2026-04-16T02:16:15","modified_gmt":"2026-04-15T23:16:15","slug":"karahindibaya-ne-oldu","status":"publish","type":"product","link":"https:\/\/roveyayinevi.com.tr\/index.php\/urun\/karahindibaya-ne-oldu\/","title":{"rendered":"Karahindibaya Ne Oldu?"},"content":{"rendered":"<p>Hey, sen! Evet, evet sen; bu sayfaya bakan \u015fansl\u0131 \u00e7ocuk. \u015eansl\u0131s\u0131n \u00e7\u00fcnk\u00fc g\u00fcnl\u00fc\u011f\u00fcm\u00fc okumana izin verece\u011fim.Bilirsin normalde ba\u015fkalar\u0131n\u0131n g\u00fcnl\u00fc\u011f\u00fc okunmaz, bu \u00e7ok ay\u0131p.&#8221; Karahindiba \u00e7i\u00e7e\u011fini bilir misin? Bu kitab\u0131 okuyarak onun inan\u0131lmaz de\u011fi\u015fimine tan\u0131k olacaks\u0131n ve tabi benim hayat\u0131ma da. Haydi durma, seni ilk sayfada bekliyorum dostum. \ufffcTan\u0131t\u0131m Metni<\/p>\n","protected":false},"excerpt":{"rendered":"<p>Hey, sen! Evet, evet sen; bu sayfaya bakan \u015fansl\u0131 \u00e7ocuk. \u015eansl\u0131s\u0131n \u00e7\u00fcnk\u00fc g\u00fcnl\u00fc\u011f\u00fcm\u00fc okumana izin verece\u011fim.Bilirsin normalde ba\u015fkalar\u0131n\u0131n g\u00fcnl\u00fc\u011f\u00fc okunmaz, bu \u00e7ok ay\u0131p.&#8221; Karahindiba \u00e7i\u00e7e\u011fini bilir<span class=\"excerpt-hellip\"> [\u2026]<\/span><\/p>\n","protected":false},"featured_media":0,"template":"","meta":{"_monsterinsights_skip_tracking":false,"_monsterinsights_sitenote_active":false,"_monsterinsights_sitenote_note":"","_monsterinsights_sitenote_category":0},"product_brand":[],"product_cat":[12275,12274],"product_tag":[],"class_list":{"0":"post-707396","1":"product","2":"type-product","3":"status-publish","5":"product_cat-6-12-yas-kitaplari","6":"product_cat-cocuk-ve-genclik-kitaplari","7":"pa_cilt-ciltsiz","8":"pa_tur-kitap","9":"pa_yayinevi-kok-yayinevi","10":"pa_yazar-derya-ozer-yaman","12":"first","13":"instock","14":"sale","15":"shipping-taxable","16":"purchasable","17":"product-type-simple"},"_links":{"self":[{"href":"https:\/\/roveyayinevi.com.tr\/index.php\/wp-json\/wp\/v2\/product\/707396","targetHints":{"allow":["GET"]}}],"collection":[{"href":"https:\/\/roveyayinevi.com.tr\/index.php\/wp-json\/wp\/v2\/product"}],"about":[{"href":"https:\/\/roveyayinevi.com.tr\/index.php\/wp-json\/wp\/v2\/types\/product"}],"wp:attachment":[{"href":"https:\/\/roveyayinevi.com.tr\/index.php\/wp-json\/wp\/v2\/media?parent=707396"}],"wp:term":[{"taxonomy":"product_brand","embeddable":true,"href":"https:\/\/roveyayinevi.com.tr\/index.php\/wp-json\/wp\/v2\/product_brand?post=707396"},{"taxonomy":"product_cat","embeddable":true,"href":"https:\/\/roveyayinevi.com.tr\/index.php\/wp-json\/wp\/v2\/product_cat?post=707396"},{"taxonomy":"product_tag","embeddable":true,"href":"https:\/\/roveyayinevi.com.tr\/index.php\/wp-json\/wp\/v2\/product_tag?post=707396"}],"curies":[{"name":"wp","href":"https:\/\/api.w.org\/{rel}","templated":true}]}}