{"id":707378,"date":"2025-08-27T16:04:38","date_gmt":"2025-08-27T13:04:38","guid":{"rendered":"https:\/\/roveyayinevi.com.tr\/index.php\/urun\/sikayet-terapisi\/"},"modified":"2026-04-16T02:16:15","modified_gmt":"2026-04-15T23:16:15","slug":"sikayet-terapisi","status":"publish","type":"product","link":"https:\/\/roveyayinevi.com.tr\/index.php\/urun\/sikayet-terapisi\/","title":{"rendered":"\u015eikayet Terapisi"},"content":{"rendered":"<p>\u015eikayet edecek ne kadar da \u00e7ok \u015fey var; ama k\u00fc\u00e7\u00fck, ama b\u00fcy\u00fck! Peki, \u015fikayet edince sonu\u00e7 alabiliyor musunuz? Yoksa \u00f6rne\u011fin m\u00fc\u015fteri temsilcisine ula\u015faca\u011f\u0131m derken sinirden ba\u015f\u0131n\u0131za a\u011fr\u0131 m\u0131 saplan\u0131yor?\u015eikayet bir yak\u0131nma, bir m\u0131zm\u0131zlanma veya i\u00e7 bo\u015falt\u0131p rahatlama de\u011fildir. Bir \u015feyi de\u011fi\u015ftirmek i\u00e7in \u00e7aba g\u00f6stermek ve sonu\u00e7 almakt\u0131r.Psikolog Guy Winch on y\u0131l boyunca y\u00fcr\u00fctt\u00fc\u011f\u00fc bir psikoterapi \u00e7al\u0131\u015fmas\u0131ndan sonra kaleme ald\u0131\u011f\u0131 kitab\u0131nda \u015fikayetin nas\u0131l etkili bir \u015fekilde kullan\u0131laca\u011f\u0131n\u0131 ve daha da \u00f6nemlisi nas\u0131l bir terapi haline gelebilece\u011fini anlat\u0131yor.\u015eikayet \u00f6nemlidir; ki\u015fisel ya\u015fam\u0131m\u0131z\u0131 iyile\u015ftirmek, geli\u015ftirmek i\u00e7in ara\u00e7 haline gelebilir. Kendimizi, hakk\u0131n\u0131 savunabilen, kar\u015f\u0131s\u0131na \u00e7\u0131kan sorunlar\u0131 akl\u0131n\u0131 kullanarak \u00e7\u00f6zebilen, her g\u00fc\u00e7l\u00fc\u011f\u00fcn alt\u0131ndankalkabilen etkin bir birey olarak g\u00f6rmemizi sa\u011flar. Sessiz kalmay\u0131p d\u00fc\u015f\u00fcnd\u00fcklerimizi a\u00e7\u0131k\u00e7a s\u00f6ylemek \u00f6zg\u00fcvenimizi art\u0131r\u0131r, yeterlilik duygumuzu g\u00fc\u00e7lendirir.\u015eikayeti bir s\u0131k\u0131nt\u0131 kayna\u011f\u0131, bir sorun olarak g\u00f6rmekten \u00e7ok bir f\u0131rsat olarak g\u00f6rebilirsek \u00f6zg\u00fcvenimiz ve \u00f6zsayg\u0131m\u0131z y\u00fckselmekle kalmaz, sosyal ili\u015fkilerimiz geli\u015fir, zenginle\u015fir, dostluklar\u0131m\u0131z derinle\u015fir.Yolunda gitmeyen bir \u015fey varsa istedi\u011finizi elde edinceye kadar \u015fikayet etmeye devam edin! Ama bilin\u00e7lice ve \u00e7\u00f6z\u00fcm odakl\u0131 olarak!<\/p>\n","protected":false},"excerpt":{"rendered":"<p>\u015eikayet edecek ne kadar da \u00e7ok \u015fey var; ama k\u00fc\u00e7\u00fck, ama b\u00fcy\u00fck! Peki, \u015fikayet edince sonu\u00e7 alabiliyor musunuz? Yoksa \u00f6rne\u011fin m\u00fc\u015fteri temsilcisine ula\u015faca\u011f\u0131m derken sinirden ba\u015f\u0131n\u0131za<span class=\"excerpt-hellip\"> [\u2026]<\/span><\/p>\n","protected":false},"featured_media":0,"template":"","meta":{"_monsterinsights_skip_tracking":false,"_monsterinsights_sitenote_active":false,"_monsterinsights_sitenote_note":"","_monsterinsights_sitenote_category":0},"product_brand":[],"product_cat":[12364,12376],"product_tag":[],"class_list":{"0":"post-707378","1":"product","2":"type-product","3":"status-publish","5":"product_cat-genel-konular","6":"product_cat-kisisel-gelisim","7":"pa_cilt-ciltsiz","8":"pa_tur-kitap","9":"pa_yayinevi-kuraldisi-yayinevi","10":"pa_yazar-guy-winch","12":"first","13":"instock","14":"sale","15":"shipping-taxable","16":"purchasable","17":"product-type-simple"},"_links":{"self":[{"href":"https:\/\/roveyayinevi.com.tr\/index.php\/wp-json\/wp\/v2\/product\/707378","targetHints":{"allow":["GET"]}}],"collection":[{"href":"https:\/\/roveyayinevi.com.tr\/index.php\/wp-json\/wp\/v2\/product"}],"about":[{"href":"https:\/\/roveyayinevi.com.tr\/index.php\/wp-json\/wp\/v2\/types\/product"}],"wp:attachment":[{"href":"https:\/\/roveyayinevi.com.tr\/index.php\/wp-json\/wp\/v2\/media?parent=707378"}],"wp:term":[{"taxonomy":"product_brand","embeddable":true,"href":"https:\/\/roveyayinevi.com.tr\/index.php\/wp-json\/wp\/v2\/product_brand?post=707378"},{"taxonomy":"product_cat","embeddable":true,"href":"https:\/\/roveyayinevi.com.tr\/index.php\/wp-json\/wp\/v2\/product_cat?post=707378"},{"taxonomy":"product_tag","embeddable":true,"href":"https:\/\/roveyayinevi.com.tr\/index.php\/wp-json\/wp\/v2\/product_tag?post=707378"}],"curies":[{"name":"wp","href":"https:\/\/api.w.org\/{rel}","templated":true}]}}