{"id":707367,"date":"2025-08-27T16:04:33","date_gmt":"2025-08-27T13:04:33","guid":{"rendered":"https:\/\/roveyayinevi.com.tr\/index.php\/urun\/benlik-aile-ve-insan-gelisimi\/"},"modified":"2026-04-16T02:16:15","modified_gmt":"2026-04-15T23:16:15","slug":"benlik-aile-ve-insan-gelisimi","status":"publish","type":"product","link":"https:\/\/roveyayinevi.com.tr\/index.php\/urun\/benlik-aile-ve-insan-gelisimi\/","title":{"rendered":"Benlik, Aile ve \u0130nsan Geli\u015fimi"},"content":{"rendered":"<p>Sosyal psikolojinin kurucular\u0131ndan, uluslararas\u0131 \u00fcne sahip T\u00fcrk akademisyen \u00c7i\u011fdem Ka\u011f\u0131t\u00e7\u0131ba\u015f\u0131&#8217;n\u0131n 20 y\u0131ll\u0131k \u00e7al\u0131\u015fmalar\u0131n\u0131 bir araya getirdi\u011fi kitap, yazar\u0131n bundan on y\u0131l \u00f6nce yay\u0131mlanm\u0131\u015f olan K\u00fclt\u00fcrel Psikoloji kitab\u0131n\u0131n geni\u015fletilmi\u015f ve g\u00fcncelle\u015ftirilmi\u015f yeni bask\u0131s\u0131. \u0130nsan psikolojisi ve sosyal geli\u015fimi, Ka\u011f\u0131t\u00e7\u0131ba\u015f\u0131&#8217;n\u0131n \u00c7o\u011funluk D\u00fcnya olarak adland\u0131rd\u0131\u011f\u0131 taraf\u0131n bak\u0131\u015f a\u00e7\u0131s\u0131ndan ele alan kitapta yazar k\u00fclt\u00fcr\u00fcn ki\u015fisel geli\u015fime etkisini ba\u011flamsal-geli\u015fimsel-i\u015flevsel bir yakla\u015f\u0131mla inceliyor.Benli\u011fin do\u011fas\u0131na ve insan geli\u015fimine, k\u00fcreselle\u015fme sonucu giderek benzeyen ya\u015fam tarzlar\u0131 ba\u011flam\u0131nda k\u00fclt\u00fcrleraras\u0131 bir perspektiften bakan \u00e7al\u0131\u015fma, Bat\u0131&#8217;n\u0131n k\u00fclt\u00fcre ba\u011f\u0131ml\u0131l\u0131\u011f\u0131n\u0131 ve g\u00f6recelili\u011fini d\u00fczeltiyor. K\u00fclt\u00fcrel ve k\u00fclt\u00fcrleraras psikologlara psikolojiyi evrensel hale getirme ve k\u00fclt\u00fcre daha az ba\u011f\u0131ml\u0131 k\u0131lma konusunda yol g\u00f6sterirken, psikoloji ve sosyal bilimler \u00f6\u011frencileri i\u00e7in de benzersiz bir kaynak olma niteli\u011fini ta\u015f\u0131yor.<\/p>\n","protected":false},"excerpt":{"rendered":"<p>Sosyal psikolojinin kurucular\u0131ndan, uluslararas\u0131 \u00fcne sahip T\u00fcrk akademisyen \u00c7i\u011fdem Ka\u011f\u0131t\u00e7\u0131ba\u015f\u0131&#8217;n\u0131n 20 y\u0131ll\u0131k \u00e7al\u0131\u015fmalar\u0131n\u0131 bir araya getirdi\u011fi kitap, yazar\u0131n bundan on y\u0131l \u00f6nce yay\u0131mlanm\u0131\u015f olan K\u00fclt\u00fcrel Psikoloji<span class=\"excerpt-hellip\"> [\u2026]<\/span><\/p>\n","protected":false},"featured_media":0,"template":"","meta":{"_monsterinsights_skip_tracking":false,"_monsterinsights_sitenote_active":false,"_monsterinsights_sitenote_note":"","_monsterinsights_sitenote_category":0},"product_brand":[],"product_cat":[12357],"product_tag":[],"class_list":{"0":"post-707367","1":"product","2":"type-product","3":"status-publish","5":"product_cat-psikoloji","6":"pa_cilt-ciltsiz","7":"pa_tur-kitap","8":"pa_yayinevi-koc-universitesi-yayinlari","9":"pa_yazar-cigdem-kagitcibasi","11":"first","12":"instock","13":"sale","14":"shipping-taxable","15":"purchasable","16":"product-type-simple"},"_links":{"self":[{"href":"https:\/\/roveyayinevi.com.tr\/index.php\/wp-json\/wp\/v2\/product\/707367","targetHints":{"allow":["GET"]}}],"collection":[{"href":"https:\/\/roveyayinevi.com.tr\/index.php\/wp-json\/wp\/v2\/product"}],"about":[{"href":"https:\/\/roveyayinevi.com.tr\/index.php\/wp-json\/wp\/v2\/types\/product"}],"wp:attachment":[{"href":"https:\/\/roveyayinevi.com.tr\/index.php\/wp-json\/wp\/v2\/media?parent=707367"}],"wp:term":[{"taxonomy":"product_brand","embeddable":true,"href":"https:\/\/roveyayinevi.com.tr\/index.php\/wp-json\/wp\/v2\/product_brand?post=707367"},{"taxonomy":"product_cat","embeddable":true,"href":"https:\/\/roveyayinevi.com.tr\/index.php\/wp-json\/wp\/v2\/product_cat?post=707367"},{"taxonomy":"product_tag","embeddable":true,"href":"https:\/\/roveyayinevi.com.tr\/index.php\/wp-json\/wp\/v2\/product_tag?post=707367"}],"curies":[{"name":"wp","href":"https:\/\/api.w.org\/{rel}","templated":true}]}}