{"id":707363,"date":"2025-08-27T16:04:31","date_gmt":"2025-08-27T13:04:31","guid":{"rendered":"https:\/\/roveyayinevi.com.tr\/index.php\/urun\/bebek-koala-aksam-yemegi\/"},"modified":"2026-04-16T02:16:15","modified_gmt":"2026-04-15T23:16:15","slug":"bebek-koala-aksam-yemegi","status":"publish","type":"product","link":"https:\/\/roveyayinevi.com.tr\/index.php\/urun\/bebek-koala-aksam-yemegi\/","title":{"rendered":"Bebek Koala Ak\u015fam Yeme\u011fi"},"content":{"rendered":"<p>Ak\u015fam Yeme\u011fiYa\u015fas\u0131n! Ak\u015fam yeme\u011fi haz\u0131r! Bebek Koala \u00e7oktan masaya oturdu bile. Ama Minik Hamster oyun oynamaktan bir t\u00fcrl\u00fc vazge\u00e7miyor! <\/p>\n","protected":false},"excerpt":{"rendered":"<p>Ak\u015fam Yeme\u011fiYa\u015fas\u0131n! Ak\u015fam yeme\u011fi haz\u0131r! Bebek Koala \u00e7oktan masaya oturdu bile. Ama Minik Hamster oyun oynamaktan bir t\u00fcrl\u00fc vazge\u00e7miyor!<\/p>\n","protected":false},"featured_media":0,"template":"","meta":{"_monsterinsights_skip_tracking":false,"_monsterinsights_sitenote_active":false,"_monsterinsights_sitenote_note":"","_monsterinsights_sitenote_category":0},"product_brand":[],"product_cat":[12274,12284],"product_tag":[],"class_list":{"0":"post-707363","1":"product","2":"type-product","3":"status-publish","5":"product_cat-cocuk-ve-genclik-kitaplari","6":"product_cat-hikayeler","7":"pa_cilt-ciltli","8":"pa_tur-kitap","9":"pa_yayinevi-mandolin-yayinlari","10":"pa_yazar-nadia-berkane","12":"first","13":"instock","14":"sale","15":"shipping-taxable","16":"purchasable","17":"product-type-simple"},"_links":{"self":[{"href":"https:\/\/roveyayinevi.com.tr\/index.php\/wp-json\/wp\/v2\/product\/707363","targetHints":{"allow":["GET"]}}],"collection":[{"href":"https:\/\/roveyayinevi.com.tr\/index.php\/wp-json\/wp\/v2\/product"}],"about":[{"href":"https:\/\/roveyayinevi.com.tr\/index.php\/wp-json\/wp\/v2\/types\/product"}],"wp:attachment":[{"href":"https:\/\/roveyayinevi.com.tr\/index.php\/wp-json\/wp\/v2\/media?parent=707363"}],"wp:term":[{"taxonomy":"product_brand","embeddable":true,"href":"https:\/\/roveyayinevi.com.tr\/index.php\/wp-json\/wp\/v2\/product_brand?post=707363"},{"taxonomy":"product_cat","embeddable":true,"href":"https:\/\/roveyayinevi.com.tr\/index.php\/wp-json\/wp\/v2\/product_cat?post=707363"},{"taxonomy":"product_tag","embeddable":true,"href":"https:\/\/roveyayinevi.com.tr\/index.php\/wp-json\/wp\/v2\/product_tag?post=707363"}],"curies":[{"name":"wp","href":"https:\/\/api.w.org\/{rel}","templated":true}]}}