{"id":707348,"date":"2025-08-27T16:04:24","date_gmt":"2025-08-27T13:04:24","guid":{"rendered":"https:\/\/roveyayinevi.com.tr\/index.php\/urun\/oyle-kucuk-seyler\/"},"modified":"2026-04-16T02:16:14","modified_gmt":"2026-04-15T23:16:14","slug":"oyle-kucuk-seyler","status":"publish","type":"product","link":"https:\/\/roveyayinevi.com.tr\/index.php\/urun\/oyle-kucuk-seyler\/","title":{"rendered":"\u00d6yle K\u00fc\u00e7\u00fck \u015eeyler"},"content":{"rendered":"<p>Derelerin Karde\u015fli\u011fi\u201cYa d\u00fcnya \u00f6lecek ya kapitalizm\u201db\u00f6yle diyor Eva Moralesderelerin karde\u015fli\u011fi sirkleri de y\u0131kacaki\u00e7erde d\u0131\u015farda kafesleri par\u00e7ala!<\/p>\n","protected":false},"excerpt":{"rendered":"<p>Derelerin Karde\u015fli\u011fi\u201cYa d\u00fcnya \u00f6lecek ya kapitalizm\u201db\u00f6yle diyor Eva Moralesderelerin karde\u015fli\u011fi sirkleri de y\u0131kacaki\u00e7erde d\u0131\u015farda kafesleri par\u00e7ala!<\/p>\n","protected":false},"featured_media":0,"template":"","meta":{"_monsterinsights_skip_tracking":false,"_monsterinsights_sitenote_active":false,"_monsterinsights_sitenote_note":"","_monsterinsights_sitenote_category":0},"product_brand":[],"product_cat":[12291,12509],"product_tag":[],"class_list":{"0":"post-707348","1":"product","2":"type-product","3":"status-publish","5":"product_cat-edebiyat","6":"product_cat-siir","7":"pa_cilt-ciltsiz","8":"pa_tur-kitap","9":"pa_yayinevi-kirmizi-kedi-yayinevi","10":"pa_yazar-haydar-ergulen","12":"first","13":"instock","14":"sale","15":"shipping-taxable","16":"purchasable","17":"product-type-simple"},"_links":{"self":[{"href":"https:\/\/roveyayinevi.com.tr\/index.php\/wp-json\/wp\/v2\/product\/707348","targetHints":{"allow":["GET"]}}],"collection":[{"href":"https:\/\/roveyayinevi.com.tr\/index.php\/wp-json\/wp\/v2\/product"}],"about":[{"href":"https:\/\/roveyayinevi.com.tr\/index.php\/wp-json\/wp\/v2\/types\/product"}],"wp:attachment":[{"href":"https:\/\/roveyayinevi.com.tr\/index.php\/wp-json\/wp\/v2\/media?parent=707348"}],"wp:term":[{"taxonomy":"product_brand","embeddable":true,"href":"https:\/\/roveyayinevi.com.tr\/index.php\/wp-json\/wp\/v2\/product_brand?post=707348"},{"taxonomy":"product_cat","embeddable":true,"href":"https:\/\/roveyayinevi.com.tr\/index.php\/wp-json\/wp\/v2\/product_cat?post=707348"},{"taxonomy":"product_tag","embeddable":true,"href":"https:\/\/roveyayinevi.com.tr\/index.php\/wp-json\/wp\/v2\/product_tag?post=707348"}],"curies":[{"name":"wp","href":"https:\/\/api.w.org\/{rel}","templated":true}]}}