{"id":707345,"date":"2025-08-27T16:04:22","date_gmt":"2025-08-27T13:04:22","guid":{"rendered":"https:\/\/roveyayinevi.com.tr\/index.php\/urun\/hatirla-barbara-yagmur-yagiyordu\/"},"modified":"2025-11-22T03:58:47","modified_gmt":"2025-11-22T00:58:47","slug":"hatirla-barbara-yagmur-yagiyordu","status":"publish","type":"product","link":"https:\/\/roveyayinevi.com.tr\/index.php\/urun\/hatirla-barbara-yagmur-yagiyordu\/","title":{"rendered":"Hat\u0131rla Barbara Ya\u011fmur Ya\u011f\u0131yordu"},"content":{"rendered":"<p>Eczaneleri \u00e7ok severim. \u00c7ocuklu\u011fumun eczanelerini ise daha \u00e7ok&#8230; \u00c7\u00fcnk\u00fc o y\u0131llarda, eczanelerin raflar\u0131nda g\u00fcn\u00fcm\u00fczdeki kadar ila\u00e7 kutusu g\u00f6remezdiniz. Eczac\u0131, bir perdeyle kapal\u0131 arka odada, elleriyle haz\u0131rlard\u0131 re\u00e7eteleri. O perde, benim i\u00e7in bir sihirbaz\u0131n pelerini gibiydi&#8230; TEB K\u00fct\u00fcphanesi\u2019nden i\u00e7eri girmek isteyenler, kap\u0131n\u0131n \u00fcst\u00fcndeki \u015fu yaz\u0131n\u0131n alt\u0131ndan ge\u00e7erdi: \u201cRuhun \u0130lac\u0131\u201d Hat\u0131rla Barbara Ya\u011fmur Ya\u011f\u0131yordu, bir yazar\u0131n, eserlerini yazd\u0131\u011f\u0131 odan\u0131n perdesini aral\u0131yor bizlere&#8230; Onur Caymaz\u2019\u0131n, re\u00e7eteyi haz\u0131rlayan o eczac\u0131 gibi, bir \u015fiire ya da \u00f6yk\u00fcye ula\u015f\u0131rken sahip oldu\u011fu bilgi birikimine tan\u0131k olacak ve o ya\u011fmurun alt\u0131nda \u0131slanacaks\u0131n\u0131z. Kitaptaki her bir yaz\u0131 ruhunuza iyi hem de \u00e7ok iyi gelecek&#8230; Sabah, \u00f6\u011fle, ak\u015fam&#8230; G\u00fczel bir kitap okumaya a\u00e7 kald\u0131\u011f\u0131n\u0131zda! <\/p>\n","protected":false},"excerpt":{"rendered":"<p>Eczaneleri \u00e7ok severim. \u00c7ocuklu\u011fumun eczanelerini ise daha \u00e7ok&#8230; \u00c7\u00fcnk\u00fc o y\u0131llarda, eczanelerin raflar\u0131nda g\u00fcn\u00fcm\u00fczdeki kadar ila\u00e7 kutusu g\u00f6remezdiniz. Eczac\u0131, bir perdeyle kapal\u0131 arka odada, elleriyle haz\u0131rlard\u0131<span class=\"excerpt-hellip\"> [\u2026]<\/span><\/p>\n","protected":false},"featured_media":0,"template":"","meta":{"_monsterinsights_skip_tracking":false,"_monsterinsights_sitenote_active":false,"_monsterinsights_sitenote_note":"","_monsterinsights_sitenote_category":0},"product_brand":[],"product_cat":[12275,12274],"product_tag":[],"class_list":{"0":"post-707345","1":"product","2":"type-product","3":"status-publish","5":"product_cat-6-12-yas-kitaplari","6":"product_cat-cocuk-ve-genclik-kitaplari","7":"pa_cilt-ciltsiz","8":"pa_tur-kitap","9":"pa_yayinevi-kirmizi-kedi-yayinevi","10":"pa_yazar-onur-caymaz","12":"first","13":"instock","14":"sale","15":"shipping-taxable","16":"purchasable","17":"product-type-simple"},"_links":{"self":[{"href":"https:\/\/roveyayinevi.com.tr\/index.php\/wp-json\/wp\/v2\/product\/707345","targetHints":{"allow":["GET"]}}],"collection":[{"href":"https:\/\/roveyayinevi.com.tr\/index.php\/wp-json\/wp\/v2\/product"}],"about":[{"href":"https:\/\/roveyayinevi.com.tr\/index.php\/wp-json\/wp\/v2\/types\/product"}],"wp:attachment":[{"href":"https:\/\/roveyayinevi.com.tr\/index.php\/wp-json\/wp\/v2\/media?parent=707345"}],"wp:term":[{"taxonomy":"product_brand","embeddable":true,"href":"https:\/\/roveyayinevi.com.tr\/index.php\/wp-json\/wp\/v2\/product_brand?post=707345"},{"taxonomy":"product_cat","embeddable":true,"href":"https:\/\/roveyayinevi.com.tr\/index.php\/wp-json\/wp\/v2\/product_cat?post=707345"},{"taxonomy":"product_tag","embeddable":true,"href":"https:\/\/roveyayinevi.com.tr\/index.php\/wp-json\/wp\/v2\/product_tag?post=707345"}],"curies":[{"name":"wp","href":"https:\/\/api.w.org\/{rel}","templated":true}]}}