{"id":707343,"date":"2025-08-27T16:04:21","date_gmt":"2025-08-27T13:04:21","guid":{"rendered":"https:\/\/roveyayinevi.com.tr\/index.php\/urun\/yasiyoruz-sessizce\/"},"modified":"2026-04-16T02:16:14","modified_gmt":"2026-04-15T23:16:14","slug":"yasiyoruz-sessizce","status":"publish","type":"product","link":"https:\/\/roveyayinevi.com.tr\/index.php\/urun\/yasiyoruz-sessizce\/","title":{"rendered":"Ya\u015f\u0131yoruz Sessizce"},"content":{"rendered":"<p>Bu kitap, bizim sagu, mersiye, a\u011f\u0131t gelene\u011fimize, g\u00f6\u00e7 edeni de burada tutan, ya\u015fatan yepyeni bir \u00f6zellik getiriyor. \u00dc\u00e7 kadim kavram, ya\u015fam\u0131n \u00fc\u00e7 b\u00fcy\u00fck izle\u011fi, a\u015fk, yaln\u0131zl\u0131k ve \u00f6l\u00fcm, \u015fiirden \u015fiire i\u00e7 i\u00e7e ge\u00e7erek birbirinin kap\u0131s\u0131n\u0131 \u00e7al\u0131yor. Sonra \u00fc\u00e7\u00fc birlikte gelip hepimizin hayat\u0131na doluyor. Ya\u015f\u0131yoruz Sessizce, a\u015fk\u0131n, eme\u011fin ve d\u00fcnyan\u0131n \u00f6l\u00fcmle bir daha y\u00fcceltildi\u011fi bir varolu\u015f simyas\u0131. \u015eeref BirselSarka\u00e7 durdu. Kap\u0131 yok. Ayna bu\u011fulanm\u0131yor. Tanr\u0131 bitti. \u00d6l\u00fcm de\u011fil b\u00fcy\u00fck ceza Her zerresi yaln\u0131zl\u0131k Bir d\u00fcnyay\u0131 sevmek hala. Ayr\u0131l\u0131k burcum\u2026 Parmaklar\u0131m birer mihrap \u00e7\u0131ras\u0131 G\u00f6vdem bitene kadar t\u00fctece\u011fim ba\u015f\u0131nda.<\/p>\n","protected":false},"excerpt":{"rendered":"<p>Bu kitap, bizim sagu, mersiye, a\u011f\u0131t gelene\u011fimize, g\u00f6\u00e7 edeni de burada tutan, ya\u015fatan yepyeni bir \u00f6zellik getiriyor. \u00dc\u00e7 kadim kavram, ya\u015fam\u0131n \u00fc\u00e7 b\u00fcy\u00fck izle\u011fi, a\u015fk, yaln\u0131zl\u0131k<span class=\"excerpt-hellip\"> [\u2026]<\/span><\/p>\n","protected":false},"featured_media":0,"template":"","meta":{"_monsterinsights_skip_tracking":false,"_monsterinsights_sitenote_active":false,"_monsterinsights_sitenote_note":"","_monsterinsights_sitenote_category":0},"product_brand":[],"product_cat":[12291,12509],"product_tag":[],"class_list":{"0":"post-707343","1":"product","2":"type-product","3":"status-publish","5":"product_cat-edebiyat","6":"product_cat-siir","7":"pa_cilt-ciltsiz","8":"pa_tur-kitap","9":"pa_yayinevi-kirmizi-kedi-yayinevi","10":"pa_yazar-sukru-erbas","12":"first","13":"instock","14":"sale","15":"shipping-taxable","16":"purchasable","17":"product-type-simple"},"_links":{"self":[{"href":"https:\/\/roveyayinevi.com.tr\/index.php\/wp-json\/wp\/v2\/product\/707343","targetHints":{"allow":["GET"]}}],"collection":[{"href":"https:\/\/roveyayinevi.com.tr\/index.php\/wp-json\/wp\/v2\/product"}],"about":[{"href":"https:\/\/roveyayinevi.com.tr\/index.php\/wp-json\/wp\/v2\/types\/product"}],"wp:attachment":[{"href":"https:\/\/roveyayinevi.com.tr\/index.php\/wp-json\/wp\/v2\/media?parent=707343"}],"wp:term":[{"taxonomy":"product_brand","embeddable":true,"href":"https:\/\/roveyayinevi.com.tr\/index.php\/wp-json\/wp\/v2\/product_brand?post=707343"},{"taxonomy":"product_cat","embeddable":true,"href":"https:\/\/roveyayinevi.com.tr\/index.php\/wp-json\/wp\/v2\/product_cat?post=707343"},{"taxonomy":"product_tag","embeddable":true,"href":"https:\/\/roveyayinevi.com.tr\/index.php\/wp-json\/wp\/v2\/product_tag?post=707343"}],"curies":[{"name":"wp","href":"https:\/\/api.w.org\/{rel}","templated":true}]}}