{"id":707316,"date":"2025-08-27T16:04:08","date_gmt":"2025-08-27T13:04:08","guid":{"rendered":"https:\/\/roveyayinevi.com.tr\/index.php\/urun\/liste\/"},"modified":"2026-04-16T02:16:14","modified_gmt":"2026-04-15T23:16:14","slug":"liste","status":"publish","type":"product","link":"https:\/\/roveyayinevi.com.tr\/index.php\/urun\/liste\/","title":{"rendered":"Liste"},"content":{"rendered":"<p>Devletin zirvesindeki k\u00f6\u015fkte gen\u00e7 bir komiser \u00f6ld\u00fcr\u00fcld\u00fc. Cesedin elindeki listeyi \u00e7ekip ald\u0131 katil. \u0130ktidar\u0131n, g\u00fcc\u00fcn karanl\u0131k dehlizlerinde cinayetin en \u00f6nemli deliliyle izini kaybettirdi.  Politik hesaplar\u0131n piyonu olmu\u015f, mesle\u011fine ihanet etmi\u015f bir polis katilin pe\u015finde. Zavall\u0131 ruhunu gizleyen \u00e7elik z\u0131rh\u0131n\u0131n i\u00e7inde devletin b\u00fct\u00fcn h\u00fccrelerine s\u0131zm\u0131\u015f \u00e7etelere meydan okuyor.  G\u00fcvenebilece\u011fi kimse yok ve kendisi namlunun ucunda. Katiller devletin her yerine \u00e7\u00f6reklenmi\u015fse, nas\u0131l ula\u015fabilir ger\u00e7e\u011fe?  Timur Soykan&#8217;dan, T\u00fcrkiye&#8217;nin g\u00fcncel siyasi hayat\u0131yla yo\u011frulmu\u015f, devlet kademelerinde d\u00f6nen politik hesaplar\u0131 ve M\u0130T, Cemaat, \u0130ktidar aras\u0131ndaki g\u00fc\u00e7 ili\u015fkilerini g\u00fcn y\u00fcz\u00fcne \u00e7\u0131karan s\u00fcr\u00fckleyici bir polisiye. <\/p>\n","protected":false},"excerpt":{"rendered":"<p>Devletin zirvesindeki k\u00f6\u015fkte gen\u00e7 bir komiser \u00f6ld\u00fcr\u00fcld\u00fc. Cesedin elindeki listeyi \u00e7ekip ald\u0131 katil. \u0130ktidar\u0131n, g\u00fcc\u00fcn karanl\u0131k dehlizlerinde cinayetin en \u00f6nemli deliliyle izini kaybettirdi. Politik hesaplar\u0131n piyonu<span class=\"excerpt-hellip\"> [\u2026]<\/span><\/p>\n","protected":false},"featured_media":0,"template":"","meta":{"_monsterinsights_skip_tracking":false,"_monsterinsights_sitenote_active":false,"_monsterinsights_sitenote_note":"","_monsterinsights_sitenote_category":0},"product_brand":[],"product_cat":[12291,12711],"product_tag":[],"class_list":{"0":"post-707316","1":"product","2":"type-product","3":"status-publish","5":"product_cat-edebiyat","6":"product_cat-roman-oyku","7":"pa_cilt-ciltsiz","8":"pa_tur-kitap","9":"pa_yayinevi-kirmizi-kedi-yayinevi","10":"pa_yazar-timur-soykan","12":"first","13":"instock","14":"sale","15":"shipping-taxable","16":"purchasable","17":"product-type-simple"},"_links":{"self":[{"href":"https:\/\/roveyayinevi.com.tr\/index.php\/wp-json\/wp\/v2\/product\/707316","targetHints":{"allow":["GET"]}}],"collection":[{"href":"https:\/\/roveyayinevi.com.tr\/index.php\/wp-json\/wp\/v2\/product"}],"about":[{"href":"https:\/\/roveyayinevi.com.tr\/index.php\/wp-json\/wp\/v2\/types\/product"}],"wp:attachment":[{"href":"https:\/\/roveyayinevi.com.tr\/index.php\/wp-json\/wp\/v2\/media?parent=707316"}],"wp:term":[{"taxonomy":"product_brand","embeddable":true,"href":"https:\/\/roveyayinevi.com.tr\/index.php\/wp-json\/wp\/v2\/product_brand?post=707316"},{"taxonomy":"product_cat","embeddable":true,"href":"https:\/\/roveyayinevi.com.tr\/index.php\/wp-json\/wp\/v2\/product_cat?post=707316"},{"taxonomy":"product_tag","embeddable":true,"href":"https:\/\/roveyayinevi.com.tr\/index.php\/wp-json\/wp\/v2\/product_tag?post=707316"}],"curies":[{"name":"wp","href":"https:\/\/api.w.org\/{rel}","templated":true}]}}