{"id":707313,"date":"2025-08-27T16:04:07","date_gmt":"2025-08-27T13:04:07","guid":{"rendered":"https:\/\/roveyayinevi.com.tr\/index.php\/urun\/sizinti\/"},"modified":"2026-04-16T02:16:14","modified_gmt":"2026-04-15T23:16:14","slug":"sizinti","status":"publish","type":"product","link":"https:\/\/roveyayinevi.com.tr\/index.php\/urun\/sizinti\/","title":{"rendered":"S\u0131z\u0131nt\u0131"},"content":{"rendered":"<p>Yak\u0131n tarihimizin gizlenen ger\u00e7ekleriyley\u00fczle\u015fmeye haz\u0131r m\u0131s\u0131n\u0131z? T\u00fcrk polisi FBI\u2019dan F ethullah G\u00fclen i\u00e7in ne istedi?ABD G \u00fclen cemaati hakk\u0131nda ne d\u00fc\u015f\u00fcn\u00fcyor?T\u00fcrk polisi FBI\u2019a verdi\u011fi Ergenekon brifinginde neler anlatt\u0131?ABD\u2019li diplomatlara Ya\u015far B\u00fcy\u00fckan\u0131t\u2019la ilgili hangi foto\u011fraflar g\u00f6sterildi?\u0130svi\u00e7re\u2019deki gizli hesaplar meselesi hakk\u0131nda neler konu\u015fuldu?P KK\u2019ya af ABD taraf\u0131ndan nas\u0131l planland\u0131?Erdo\u011fan-G\u00fcl \u00e7eki\u015fmesi kriptolara nas\u0131l yans\u0131d\u0131?B\u00fclent Ar\u0131n\u00e7 TSK\u2019y\u0131 ABD B\u00fcy\u00fckel\u00e7isi\u2019ne nas\u0131l ve neden \u015fik\u00e2yet etti?ABD AKP\u2019li bakanlar\u0131 nas\u0131l fi\u015fledi?ABD\u2019nin n\u00fckleer silahlar\u0131 T\u00fcrkiye\u2019de mi?Hangi Ergenekon g\u00f6zalt\u0131lar\u0131 Amerikal\u0131lara \u00f6nceden haber verildi?Bu sorular\u0131n ve daha fazlas\u0131n\u0131n yan\u0131t\u0131 Wikileaks belgeleri \u0131\u015f\u0131\u011f\u0131nda ortaya \u00e7\u0131k\u0131yor. <\/p>\n","protected":false},"excerpt":{"rendered":"<p>Yak\u0131n tarihimizin gizlenen ger\u00e7ekleriyley\u00fczle\u015fmeye haz\u0131r m\u0131s\u0131n\u0131z? T\u00fcrk polisi FBI\u2019dan F ethullah G\u00fclen i\u00e7in ne istedi?ABD G \u00fclen cemaati hakk\u0131nda ne d\u00fc\u015f\u00fcn\u00fcyor?T\u00fcrk polisi FBI\u2019a verdi\u011fi Ergenekon brifinginde<span class=\"excerpt-hellip\"> [\u2026]<\/span><\/p>\n","protected":false},"featured_media":0,"template":"","meta":{"_monsterinsights_skip_tracking":false,"_monsterinsights_sitenote_active":false,"_monsterinsights_sitenote_note":"","_monsterinsights_sitenote_category":0},"product_brand":[],"product_cat":[13590,12337],"product_tag":[],"class_list":{"0":"post-707313","1":"product","2":"type-product","3":"status-publish","5":"product_cat-arastirma-inceleme-politika-siyaset","6":"product_cat-politika-siyaset","7":"pa_cilt-ciltsiz","8":"pa_tur-kitap","9":"pa_yayinevi-kirmizi-kedi-yayinevi","10":"pa_yazar-baris-terkoglu","12":"first","13":"instock","14":"sale","15":"shipping-taxable","16":"purchasable","17":"product-type-simple"},"_links":{"self":[{"href":"https:\/\/roveyayinevi.com.tr\/index.php\/wp-json\/wp\/v2\/product\/707313","targetHints":{"allow":["GET"]}}],"collection":[{"href":"https:\/\/roveyayinevi.com.tr\/index.php\/wp-json\/wp\/v2\/product"}],"about":[{"href":"https:\/\/roveyayinevi.com.tr\/index.php\/wp-json\/wp\/v2\/types\/product"}],"wp:attachment":[{"href":"https:\/\/roveyayinevi.com.tr\/index.php\/wp-json\/wp\/v2\/media?parent=707313"}],"wp:term":[{"taxonomy":"product_brand","embeddable":true,"href":"https:\/\/roveyayinevi.com.tr\/index.php\/wp-json\/wp\/v2\/product_brand?post=707313"},{"taxonomy":"product_cat","embeddable":true,"href":"https:\/\/roveyayinevi.com.tr\/index.php\/wp-json\/wp\/v2\/product_cat?post=707313"},{"taxonomy":"product_tag","embeddable":true,"href":"https:\/\/roveyayinevi.com.tr\/index.php\/wp-json\/wp\/v2\/product_tag?post=707313"}],"curies":[{"name":"wp","href":"https:\/\/api.w.org\/{rel}","templated":true}]}}