{"id":707303,"date":"2025-08-27T16:04:02","date_gmt":"2025-08-27T13:04:02","guid":{"rendered":"https:\/\/roveyayinevi.com.tr\/index.php\/urun\/matmazel-de-scudery\/"},"modified":"2026-04-16T02:16:13","modified_gmt":"2026-04-15T23:16:13","slug":"matmazel-de-scudery","status":"publish","type":"product","link":"https:\/\/roveyayinevi.com.tr\/index.php\/urun\/matmazel-de-scudery\/","title":{"rendered":"Matmazel De Scudery"},"content":{"rendered":"<p>Ernst Theodor Amadeus Hoffmann (1776-1822): Alman romantik edebiyat\u00e7\u0131lar\u0131 aras\u0131nda en geni\u015f okur kitlesine ula\u015fan yazard\u0131r. Ayn\u0131 zamanda bir m\u00fczisyen olan Hoffmann, Bamberg Tiyatrosu\u2019nda orkestra \u015fefi ve besteci olarak da g\u00f6rev ald\u0131. Hoffmann\u2019\u0131n yazd\u0131\u011f\u0131 en iyi novella olarak kabul edilen Matmazel de Scud\u00e9ry ilk kez 1819 y\u0131l\u0131nda, Bir XIV. Louis D\u00f6nemi Hik\u00e2yesi alt ba\u015fl\u0131\u011f\u0131yla yay\u0131mland\u0131. Hoffmann\u2019\u0131n, Johann Christof Wagenseil\u2019in N\u00fcrnberg \u015fehri kroniklerinde yer alan iki dizelik bir \u015fiirden esinlenerek yazd\u0131\u011f\u0131 eser, yay\u0131mland\u0131\u011f\u0131 d\u00f6nemde hayli ilgi g\u00f6rd\u00fc ve yazar\u0131na b\u00fcy\u00fck \u00fcn kazand\u0131rd\u0131. 17. y\u00fczy\u0131l Paris ya\u015fam\u0131na dair ilgin\u00e7 tasvirler i\u00e7eren bu novella, d\u00f6nemin ileri gelen ki\u015filerinden yazar Matmazel de Scud\u00e9ry\u2019nin ba\u015f\u0131ndan ge\u00e7en tuhaf ve gizemli bir olay\u0131 s\u00fcr\u00fckleyici bir dille anlat\u0131r. Eser tiyatroya, operaya ve sinemaya da uyarlanm\u0131\u015ft\u0131r. \ufffcTan\u0131t\u0131m Metni<\/p>\n","protected":false},"excerpt":{"rendered":"<p>Ernst Theodor Amadeus Hoffmann (1776-1822): Alman romantik edebiyat\u00e7\u0131lar\u0131 aras\u0131nda en geni\u015f okur kitlesine ula\u015fan yazard\u0131r. Ayn\u0131 zamanda bir m\u00fczisyen olan Hoffmann, Bamberg Tiyatrosu\u2019nda orkestra \u015fefi ve<span class=\"excerpt-hellip\"> [\u2026]<\/span><\/p>\n","protected":false},"featured_media":0,"template":"","meta":{"_monsterinsights_skip_tracking":false,"_monsterinsights_sitenote_active":false,"_monsterinsights_sitenote_note":"","_monsterinsights_sitenote_category":0},"product_brand":[],"product_cat":[12782,12291],"product_tag":[],"class_list":{"0":"post-707303","1":"product","2":"type-product","3":"status-publish","5":"product_cat-alman-edebiyati","6":"product_cat-edebiyat","7":"pa_cilt-ciltsiz","8":"pa_tur-kitap","9":"pa_yayinevi-is-bankasi-kultur-yayinlari","10":"pa_yazar-ernst-theodor-amadeus-hoffmann","12":"first","13":"instock","14":"sale","15":"shipping-taxable","16":"purchasable","17":"product-type-simple"},"_links":{"self":[{"href":"https:\/\/roveyayinevi.com.tr\/index.php\/wp-json\/wp\/v2\/product\/707303","targetHints":{"allow":["GET"]}}],"collection":[{"href":"https:\/\/roveyayinevi.com.tr\/index.php\/wp-json\/wp\/v2\/product"}],"about":[{"href":"https:\/\/roveyayinevi.com.tr\/index.php\/wp-json\/wp\/v2\/types\/product"}],"wp:attachment":[{"href":"https:\/\/roveyayinevi.com.tr\/index.php\/wp-json\/wp\/v2\/media?parent=707303"}],"wp:term":[{"taxonomy":"product_brand","embeddable":true,"href":"https:\/\/roveyayinevi.com.tr\/index.php\/wp-json\/wp\/v2\/product_brand?post=707303"},{"taxonomy":"product_cat","embeddable":true,"href":"https:\/\/roveyayinevi.com.tr\/index.php\/wp-json\/wp\/v2\/product_cat?post=707303"},{"taxonomy":"product_tag","embeddable":true,"href":"https:\/\/roveyayinevi.com.tr\/index.php\/wp-json\/wp\/v2\/product_tag?post=707303"}],"curies":[{"name":"wp","href":"https:\/\/api.w.org\/{rel}","templated":true}]}}