{"id":707300,"date":"2025-08-27T16:04:00","date_gmt":"2025-08-27T13:04:00","guid":{"rendered":"https:\/\/roveyayinevi.com.tr\/index.php\/urun\/alti-ok\/"},"modified":"2026-04-16T02:16:13","modified_gmt":"2026-04-15T23:16:13","slug":"alti-ok","status":"publish","type":"product","link":"https:\/\/roveyayinevi.com.tr\/index.php\/urun\/alti-ok\/","title":{"rendered":"Alt\u0131 Ok"},"content":{"rendered":"<p>Atat\u00fcrk Devri Yazarlar\u0131n\u0131n Kaleminden\u2022 Abidin Daver \u2022 Ahmet A\u011fao\u011flu \u2022 Ahmet Cevat Emre\u2022 Ahmet Emin Yalman \u2022 Ahmet Hamdi Ba\u015far\u2022 Ahmet Kemal \u2022 Ahmet \u015e\u00fckr\u00fc Esmer \u2022 Ahmet Talat Onay\u2022 Aka G\u00fcnd\u00fcz \u2022 Al\u00e2ettin Cemil Top\u00e7uba\u015f\u0131\u2022 Ali Naci Karacan \u2022 Ali R\u0131za Erem \u2022 Avni Ba\u015fman\u2022 Bedri \u0130zol \u2022 Burhan Asaf Belge\u2022 Cel\u00e2l Nuri \u0130leri \u2022 Cemal H\u00fcsn\u00fc Taray \u2022 Cenap \u015eahabettin\u2022 Falih R\u0131fk\u0131 Atay \u2022 Hadi bin Mihri\u2022 Hakk\u0131 Tar\u0131k Us \u2022 Halil Nimetullah \u00d6zt\u00fcrk \u2022 Hamdullah Suphi Tanr\u0131\u00f6ver\u2022 Harun Ali\u00e7e \u2022 Hasan \u00c2li Y\u00fccel\u2022 Hasan Cemil \u00c7ambel \u2022 Ha\u015fim Nahit Erbil \u2022 Hayri L\u00fctfullah\u2022 H\u00fcseyin Rag\u0131p Baydur \u2022 H\u00fcseyin Vas\u0131f \u00c7\u0131nar\u2022 \u0130brahim Faz\u0131l Pelin \u2022 \u0130smail Habib Sev\u00fck \u2022 \u0130smail Hakk\u0131 Baltac\u0131o\u011flu\u2022 \u0130smail H\u00e2mi Dani\u015fmend \u2022 \u0130smet \u0130n\u00f6n\u00fc\u2022 \u0130zzet Ulvi Aykurt \u2022 K\u00e2z\u0131m Nami Duru \u2022 L\u00fctfi Arif Kanber\u2022 Mahmut Esat Bozkurt \u2022 Mahmut Soydan\u2022 Mehmet Cemil Bilsel \u2022 Mehmet Emin Eri\u015firgil \u2022 Mehmet Esat \u00c7\u0131nar\u2022 Mehmet Saffet Engin \u2022 Mehmet \u015eeref Aykut\u2022 Mehmet Ubeydullah Hatipo\u011flu \u2022 Musliheddin \u00c2dil Taylan \u2022 Mustafa K\u00e2mil Dursun\u2022 Mustafa Necati \u2022 Mustafa Nermi\u2022 Muzaffer Hamit \u2022 Nadir Nadi \u2022 N\u00e2z\u0131m Ali\u2022 N\u00e2z\u0131m Evren \u2022 Necip Ali K\u00fc\u00e7\u00fcka \u2022 Necmettin Sad\u0131k Sadak\u2022 Ne\u015fet Halil Atay \u2022 Ne\u015fet \u00d6mer \u0130rdelp \u2022 Nuri Aziz\u2022 Nusret Kemal K\u00f6ymen \u2022 Peyami Safa\u2022 Rahmeti Arat \u2022 Sadri Ertem \u2022 S\u00fcreyya A\u011fao\u011flu\u2022 \u015eevket S\u00fcreyya Aydemir \u2022 \u015e\u00fckr\u00fc Kaya\u2022 T. M. Ziya \u2022 Tekin Alp \u2022 V\u00e2l\u00e2 Nureddin\u2022 Vedat Nedim T\u00f6r \u2022 Yakup Kadri Karaosmano\u011flu\u2022 Ya\u015far Nabi Nay\u0131r \u2022 Yusuf Ak\u00e7ura \u2022 Yusuf Kemal Tengir\u015fenk\u2022 Zeki Mesut Alsan \u2022 Zeki Nas\u0131r Barker \u2022 Ziya G\u00f6kalp<\/p>\n","protected":false},"excerpt":{"rendered":"<p>Atat\u00fcrk Devri Yazarlar\u0131n\u0131n Kaleminden\u2022 Abidin Daver \u2022 Ahmet A\u011fao\u011flu \u2022 Ahmet Cevat Emre\u2022 Ahmet Emin Yalman \u2022 Ahmet Hamdi Ba\u015far\u2022 Ahmet Kemal \u2022 Ahmet \u015e\u00fckr\u00fc Esmer<span class=\"excerpt-hellip\"> [\u2026]<\/span><\/p>\n","protected":false},"featured_media":0,"template":"","meta":{"_monsterinsights_skip_tracking":false,"_monsterinsights_sitenote_active":false,"_monsterinsights_sitenote_note":"","_monsterinsights_sitenote_category":0},"product_brand":[],"product_cat":[12370,12304],"product_tag":[],"class_list":{"0":"post-707300","1":"product","2":"type-product","3":"status-publish","5":"product_cat-arastirma-inceleme","6":"product_cat-tarih","7":"pa_cilt-ciltli","8":"pa_tur-kitap","9":"pa_yayinevi-kaynak-yayinlari","10":"pa_yazar-kolektif","12":"first","13":"instock","14":"sale","15":"shipping-taxable","16":"purchasable","17":"product-type-simple"},"_links":{"self":[{"href":"https:\/\/roveyayinevi.com.tr\/index.php\/wp-json\/wp\/v2\/product\/707300","targetHints":{"allow":["GET"]}}],"collection":[{"href":"https:\/\/roveyayinevi.com.tr\/index.php\/wp-json\/wp\/v2\/product"}],"about":[{"href":"https:\/\/roveyayinevi.com.tr\/index.php\/wp-json\/wp\/v2\/types\/product"}],"wp:attachment":[{"href":"https:\/\/roveyayinevi.com.tr\/index.php\/wp-json\/wp\/v2\/media?parent=707300"}],"wp:term":[{"taxonomy":"product_brand","embeddable":true,"href":"https:\/\/roveyayinevi.com.tr\/index.php\/wp-json\/wp\/v2\/product_brand?post=707300"},{"taxonomy":"product_cat","embeddable":true,"href":"https:\/\/roveyayinevi.com.tr\/index.php\/wp-json\/wp\/v2\/product_cat?post=707300"},{"taxonomy":"product_tag","embeddable":true,"href":"https:\/\/roveyayinevi.com.tr\/index.php\/wp-json\/wp\/v2\/product_tag?post=707300"}],"curies":[{"name":"wp","href":"https:\/\/api.w.org\/{rel}","templated":true}]}}