{"id":707295,"date":"2025-08-27T16:03:58","date_gmt":"2025-08-27T13:03:58","guid":{"rendered":"https:\/\/roveyayinevi.com.tr\/index.php\/urun\/busha-son-selam\/"},"modified":"2026-04-16T02:16:13","modified_gmt":"2026-04-15T23:16:13","slug":"busha-son-selam","status":"publish","type":"product","link":"https:\/\/roveyayinevi.com.tr\/index.php\/urun\/busha-son-selam\/","title":{"rendered":"Bush\u2019a Son Selam"},"content":{"rendered":"<p>Irakl\u0131 gazeteci Muntazar el-Zeydi 14 Aral\u0131k 2008\u2019de Irak\u2019ta bir bas\u0131n toplant\u0131s\u0131 s\u0131ras\u0131ndad\u00f6nemin ABD Ba\u015fkan\u0131 George W. Bush\u2019a ayakkab\u0131 f\u0131rlatmas\u0131yla bir anda d\u00fcnyan\u0131n g\u00fcndemine oturdu.Muntazar el-Zeydi, sava\u015f\u0131n ve i\u015fgalin getirdi\u011fi y\u0131k\u0131m\u0131 bizzat ya\u015fam\u0131\u015f, halk\u0131n\u0131n katledilmesinin ac\u0131s\u0131n\u0131 y\u00fcre\u011finde hissetmi\u015f vatansever bir gazeteci olarak, i\u015fgal kuvvetinin ba\u015f\u0131 Ba\u015fkan Bush\u2019a ayakkab\u0131lar\u0131n\u0131 f\u0131rlat\u0131rken \u015f\u00f6yle ba\u011f\u0131rm\u0131\u015ft\u0131: \u201cK\u00f6pek, bu veda \u00f6p\u00fcc\u00fc\u011f\u00fc senin i\u00e7in!\u201dBu kitapta ABD i\u015fgali s\u00fcrecinde Irak\u2019ta ya\u015fananlar\u0131 okurken, ABD emperyalizminin ve onun i\u015fbirlik\u00e7ilerinin \u00e7irkin y\u00fcz\u00fcn\u00fc de g\u00f6recek ve isyan edeceksiniz.El-Zeydi, eyleminden sonra cezaevinde a\u011f\u0131r i\u015fkencelerden ge\u00e7ti ancak eyleminin do\u011frulu\u011fundan ve hakl\u0131l\u0131\u011f\u0131ndan hi\u00e7 \u015f\u00fcphe etmedi ve mahkeme salonunda \u015funlar\u0131 s\u00f6yledi:&#8221;Halk\u0131m\u0131n katili Bush&#8217;un kibri ve ahmakl\u0131\u011f\u0131 Irak&#8217;\u0131 kan g\u00f6l\u00fcne \u00e7evirdi. Toplu k\u0131y\u0131m, tecav\u00fcz, \u00fclkenin altyap\u0131s\u0131n\u0131 yok etmek, insanlar\u0131 a\u00e7 ve muhta\u00e7 b\u0131rakmak, be\u015f milyondan fazla \u00e7ocu\u011fu yetim b\u0131rakmak ve milyonlarca Irakl\u0131y\u0131 g\u00f6\u00e7e zorlamak ve daha nice felaketin sorumlusu odur.&#8221;<\/p>\n","protected":false},"excerpt":{"rendered":"<p>Irakl\u0131 gazeteci Muntazar el-Zeydi 14 Aral\u0131k 2008\u2019de Irak\u2019ta bir bas\u0131n toplant\u0131s\u0131 s\u0131ras\u0131ndad\u00f6nemin ABD Ba\u015fkan\u0131 George W. Bush\u2019a ayakkab\u0131 f\u0131rlatmas\u0131yla bir anda d\u00fcnyan\u0131n g\u00fcndemine oturdu.Muntazar el-Zeydi, sava\u015f\u0131n<span class=\"excerpt-hellip\"> [\u2026]<\/span><\/p>\n","protected":false},"featured_media":0,"template":"","meta":{"_monsterinsights_skip_tracking":false,"_monsterinsights_sitenote_active":false,"_monsterinsights_sitenote_note":"","_monsterinsights_sitenote_category":0},"product_brand":[],"product_cat":[31194,12337],"product_tag":[],"class_list":{"0":"post-707295","1":"product","2":"type-product","3":"status-publish","5":"product_cat-guncel-siyaset","6":"product_cat-politika-siyaset","7":"pa_cilt-ciltsiz","8":"pa_tur-kitap","9":"pa_yayinevi-kaynak-yayinlari","10":"pa_yazar-muntazar-el-zeydi","12":"first","13":"instock","14":"sale","15":"shipping-taxable","16":"purchasable","17":"product-type-simple"},"_links":{"self":[{"href":"https:\/\/roveyayinevi.com.tr\/index.php\/wp-json\/wp\/v2\/product\/707295","targetHints":{"allow":["GET"]}}],"collection":[{"href":"https:\/\/roveyayinevi.com.tr\/index.php\/wp-json\/wp\/v2\/product"}],"about":[{"href":"https:\/\/roveyayinevi.com.tr\/index.php\/wp-json\/wp\/v2\/types\/product"}],"wp:attachment":[{"href":"https:\/\/roveyayinevi.com.tr\/index.php\/wp-json\/wp\/v2\/media?parent=707295"}],"wp:term":[{"taxonomy":"product_brand","embeddable":true,"href":"https:\/\/roveyayinevi.com.tr\/index.php\/wp-json\/wp\/v2\/product_brand?post=707295"},{"taxonomy":"product_cat","embeddable":true,"href":"https:\/\/roveyayinevi.com.tr\/index.php\/wp-json\/wp\/v2\/product_cat?post=707295"},{"taxonomy":"product_tag","embeddable":true,"href":"https:\/\/roveyayinevi.com.tr\/index.php\/wp-json\/wp\/v2\/product_tag?post=707295"}],"curies":[{"name":"wp","href":"https:\/\/api.w.org\/{rel}","templated":true}]}}