{"id":707292,"date":"2025-08-27T16:03:57","date_gmt":"2025-08-27T13:03:57","guid":{"rendered":"https:\/\/roveyayinevi.com.tr\/index.php\/urun\/medyayi-kurtarmak\/"},"modified":"2026-04-16T02:16:13","modified_gmt":"2026-04-15T23:16:13","slug":"medyayi-kurtarmak","status":"publish","type":"product","link":"https:\/\/roveyayinevi.com.tr\/index.php\/urun\/medyayi-kurtarmak\/","title":{"rendered":"Medyay\u0131 Kurtarmak"},"content":{"rendered":"<p>Kitle ileti\u015fim ara\u00e7lar\u0131 ve bili\u015fim sekt\u00f6r\u00fcndeki ba\u015f d\u00f6nd\u00fcren geli\u015fmeler, internet kullan\u0131m\u0131ndaki h\u0131zl\u0131 art\u0131\u015f ve yayg\u0131nla\u015fmayla hepimizin hayat\u0131n\u0131 etkileyen dijital devrim \u00e7a\u011f\u0131nda medya kurulu\u015flar\u0131 tarihsel a\u00e7\u0131dan zor bir d\u00f6neme\u00e7ten ge\u00e7iyor. Julia Cage reklam gelirlerinin uzunca bir s\u00fcredir d\u00fc\u015f\u00fc\u015fte oldu\u011fu bu sekt\u00f6rde tekelle\u015fmenin \u00f6n\u00fcne ge\u00e7ebilecek kurtar\u0131c\u0131 bir model \u00f6neriyor. <\/p>\n","protected":false},"excerpt":{"rendered":"<p>Kitle ileti\u015fim ara\u00e7lar\u0131 ve bili\u015fim sekt\u00f6r\u00fcndeki ba\u015f d\u00f6nd\u00fcren geli\u015fmeler, internet kullan\u0131m\u0131ndaki h\u0131zl\u0131 art\u0131\u015f ve yayg\u0131nla\u015fmayla hepimizin hayat\u0131n\u0131 etkileyen dijital devrim \u00e7a\u011f\u0131nda medya kurulu\u015flar\u0131 tarihsel a\u00e7\u0131dan zor<span class=\"excerpt-hellip\"> [\u2026]<\/span><\/p>\n","protected":false},"featured_media":0,"template":"","meta":{"_monsterinsights_skip_tracking":false,"_monsterinsights_sitenote_active":false,"_monsterinsights_sitenote_note":"","_monsterinsights_sitenote_category":0},"product_brand":[],"product_cat":[13590,12337],"product_tag":[],"class_list":{"0":"post-707292","1":"product","2":"type-product","3":"status-publish","5":"product_cat-arastirma-inceleme-politika-siyaset","6":"product_cat-politika-siyaset","7":"pa_cilt-ciltsiz","8":"pa_tur-kitap","9":"pa_yayinevi-is-bankasi-kultur-yayinlari","10":"pa_yazar-julia-cage","12":"first","13":"instock","14":"sale","15":"shipping-taxable","16":"purchasable","17":"product-type-simple"},"_links":{"self":[{"href":"https:\/\/roveyayinevi.com.tr\/index.php\/wp-json\/wp\/v2\/product\/707292","targetHints":{"allow":["GET"]}}],"collection":[{"href":"https:\/\/roveyayinevi.com.tr\/index.php\/wp-json\/wp\/v2\/product"}],"about":[{"href":"https:\/\/roveyayinevi.com.tr\/index.php\/wp-json\/wp\/v2\/types\/product"}],"wp:attachment":[{"href":"https:\/\/roveyayinevi.com.tr\/index.php\/wp-json\/wp\/v2\/media?parent=707292"}],"wp:term":[{"taxonomy":"product_brand","embeddable":true,"href":"https:\/\/roveyayinevi.com.tr\/index.php\/wp-json\/wp\/v2\/product_brand?post=707292"},{"taxonomy":"product_cat","embeddable":true,"href":"https:\/\/roveyayinevi.com.tr\/index.php\/wp-json\/wp\/v2\/product_cat?post=707292"},{"taxonomy":"product_tag","embeddable":true,"href":"https:\/\/roveyayinevi.com.tr\/index.php\/wp-json\/wp\/v2\/product_tag?post=707292"}],"curies":[{"name":"wp","href":"https:\/\/api.w.org\/{rel}","templated":true}]}}