{"id":707268,"date":"2025-08-27T16:03:45","date_gmt":"2025-08-27T13:03:45","guid":{"rendered":"https:\/\/roveyayinevi.com.tr\/index.php\/urun\/bir-gunde-bir-milyon-yil\/"},"modified":"2026-04-16T02:15:47","modified_gmt":"2026-04-15T23:15:47","slug":"bir-gunde-bir-milyon-yil","status":"publish","type":"product","link":"https:\/\/roveyayinevi.com.tr\/index.php\/urun\/bir-gunde-bir-milyon-yil\/","title":{"rendered":"Bir G\u00fcnde Bir Milyon Y\u0131l"},"content":{"rendered":"<p>Ta\u015f Devrinden Telefon \u00c7a\u011f\u0131na G\u00fcndelik Ya\u015fam\u0131n Merak Edilen TarihiHer g\u00fcn, \u00e7alar saatimizin bizi uyand\u0131rmas\u0131ndan gece yast\u0131\u011fa kafam\u0131z\u0131 koyana kadar milyonlarca y\u0131ll\u0131k geleneklerimizi devam ettirerek ge\u00e7iririz g\u00fcnlerimizi. S\u00fcrprizlerle dolu hayatlar\u0131m\u0131z\u0131n tarihini anlatan bu ilgin\u00e7 kitapta Greg Jenner insano\u011flunun g\u00fcndelik geleneklerini milyonlarca y\u0131l \u00f6nceye uzanarak bizlere anlat\u0131yor. Bu kitap politika, sava\u015f ya da sansasyonel olaylar kitab\u0131 de\u011fil; aksine yazar kitab\u0131n\u0131 yazarken Roma\u2019daki \u00e7\u00f6p kutular\u0131n\u0131 kar\u0131\u015ft\u0131rm\u0131\u015f, M\u0131s\u0131r mezarlar\u0131nda dola\u015fm\u0131\u015f, Viktorya d\u00f6nemi kanalizasyon t\u00fcnellerinde saklanarak bizlere en ilgi \u00e7ekici ve olduk\u00e7a tuhaf bilgileri toplayarak komik mi komik, ilgin\u00e7 mi ilgin\u00e7 bir kitap haz\u0131rlam\u0131\u015f. -Yata\u011f\u0131 kim icat etti? -Di\u015flerimizi ne zaman temizlemeye ba\u015flad\u0131k? -Hangisi daha \u00f6nce bulundu: tuvalet mi tuvalet k\u00e2g\u0131d\u0131 m\u0131? -\u0130lk saat nas\u0131l bir \u015feydi? Atalar\u0131m\u0131zla aram\u0131zda ne kadar benzerlik oldu\u011funu komik bir dille anlatan Greg Jenner\u2019a bay\u0131lacaks\u0131n\u0131z T\u00fcm insanl\u0131k tarihi burada, e\u011flenceli ve ilgi \u00e7ekici sohbet tad\u0131nda tarihi anektotlarla dolu. -Daily Mail Her \u015feyi bildi\u011fini sananlar bile bu kitaptan bir \u00e7ok \u015fey \u00f6\u011frenecek. -Wall Street Journal Tarihi anektotlar, komik bilgilerle t\u00fcm insanl\u0131k tarihi bu kitapta. -Daily Mail<\/p>\n","protected":false},"excerpt":{"rendered":"<p>Ta\u015f Devrinden Telefon \u00c7a\u011f\u0131na G\u00fcndelik Ya\u015fam\u0131n Merak Edilen TarihiHer g\u00fcn, \u00e7alar saatimizin bizi uyand\u0131rmas\u0131ndan gece yast\u0131\u011fa kafam\u0131z\u0131 koyana kadar milyonlarca y\u0131ll\u0131k geleneklerimizi devam ettirerek ge\u00e7iririz g\u00fcnlerimizi.<span class=\"excerpt-hellip\"> [\u2026]<\/span><\/p>\n","protected":false},"featured_media":0,"template":"","meta":{"_monsterinsights_skip_tracking":false,"_monsterinsights_sitenote_active":false,"_monsterinsights_sitenote_note":"","_monsterinsights_sitenote_category":0},"product_brand":[],"product_cat":[12370,12304],"product_tag":[],"class_list":{"0":"post-707268","1":"product","2":"type-product","3":"status-publish","5":"product_cat-arastirma-inceleme","6":"product_cat-tarih","7":"pa_cilt-ciltsiz","8":"pa_tur-kitap","9":"pa_yayinevi-indigo-kitap","10":"pa_yazar-greg-jenner","12":"first","13":"instock","14":"sale","15":"shipping-taxable","16":"purchasable","17":"product-type-simple"},"_links":{"self":[{"href":"https:\/\/roveyayinevi.com.tr\/index.php\/wp-json\/wp\/v2\/product\/707268","targetHints":{"allow":["GET"]}}],"collection":[{"href":"https:\/\/roveyayinevi.com.tr\/index.php\/wp-json\/wp\/v2\/product"}],"about":[{"href":"https:\/\/roveyayinevi.com.tr\/index.php\/wp-json\/wp\/v2\/types\/product"}],"wp:attachment":[{"href":"https:\/\/roveyayinevi.com.tr\/index.php\/wp-json\/wp\/v2\/media?parent=707268"}],"wp:term":[{"taxonomy":"product_brand","embeddable":true,"href":"https:\/\/roveyayinevi.com.tr\/index.php\/wp-json\/wp\/v2\/product_brand?post=707268"},{"taxonomy":"product_cat","embeddable":true,"href":"https:\/\/roveyayinevi.com.tr\/index.php\/wp-json\/wp\/v2\/product_cat?post=707268"},{"taxonomy":"product_tag","embeddable":true,"href":"https:\/\/roveyayinevi.com.tr\/index.php\/wp-json\/wp\/v2\/product_tag?post=707268"}],"curies":[{"name":"wp","href":"https:\/\/api.w.org\/{rel}","templated":true}]}}