{"id":707267,"date":"2025-08-27T16:03:45","date_gmt":"2025-08-27T13:03:45","guid":{"rendered":"https:\/\/roveyayinevi.com.tr\/index.php\/urun\/strateji\/"},"modified":"2026-04-16T02:15:47","modified_gmt":"2026-04-15T23:15:47","slug":"strateji","status":"publish","type":"product","link":"https:\/\/roveyayinevi.com.tr\/index.php\/urun\/strateji\/","title":{"rendered":"Strateji"},"content":{"rendered":"<p>Bireylerden en \u00fcst kurumsal yap\u0131 olan devletlere kadar, t\u00fcm m\u00fccadele ve s\u00fcre\u00e7ler; a\u015fama a\u015fama \u00f6nce politika, sonra strateji, daha sonra da taktiklerden ge\u00e7er.Strateji, b\u00fct\u00fcn faaliyet alanlar\u0131 i\u00e7in ihti\u015faml\u0131 \u00f6ng\u00f6r\u00fcd\u00fcr.Strateji, kazanmak ve yenmek i\u00e7in mevcut olanaklar\u0131n beceriyle kullan\u0131lmas\u0131 sanat\u0131d\u0131r.Mutlak ve m\u00fckemmel bir ba\u015far\u0131, ancak kusursuz bir stratejiyle elde edilebilir.Stratejinin uygulama vas\u0131talar\u0131 taktiklerdir. Sa\u011flam olmayan k\u00f6t\u00fc bir stratejiyi en iyi taktikler de d\u00fczeltemez., kuvvet ve mekandan kaynaklanan g\u00fcc\u00fcn\u00fc hi\u00e7bir \u00e7a\u011f de\u011fi\u015ftiremez.Strateji, b\u00fcy\u00fck ba\u015far\u0131lar i\u00e7in ya\u015fam\u0131n gere\u011fidir\u2026 <\/p>\n","protected":false},"excerpt":{"rendered":"<p>Bireylerden en \u00fcst kurumsal yap\u0131 olan devletlere kadar, t\u00fcm m\u00fccadele ve s\u00fcre\u00e7ler; a\u015fama a\u015fama \u00f6nce politika, sonra strateji, daha sonra da taktiklerden ge\u00e7er.Strateji, b\u00fct\u00fcn faaliyet alanlar\u0131<span class=\"excerpt-hellip\"> [\u2026]<\/span><\/p>\n","protected":false},"featured_media":0,"template":"","meta":{"_monsterinsights_skip_tracking":false,"_monsterinsights_sitenote_active":false,"_monsterinsights_sitenote_note":"","_monsterinsights_sitenote_category":0},"product_brand":[],"product_cat":[13043,17647],"product_tag":[],"class_list":{"0":"post-707267","1":"product","2":"type-product","3":"status-publish","5":"product_cat-ekonomi","6":"product_cat-is-dunyasi","7":"pa_cilt-ciltsiz","8":"pa_tur-kitap","9":"pa_yayinevi-inkilap-kitabevi","10":"pa_yazar-osman-pamukoglu","12":"first","13":"instock","14":"sale","15":"shipping-taxable","16":"purchasable","17":"product-type-simple"},"_links":{"self":[{"href":"https:\/\/roveyayinevi.com.tr\/index.php\/wp-json\/wp\/v2\/product\/707267","targetHints":{"allow":["GET"]}}],"collection":[{"href":"https:\/\/roveyayinevi.com.tr\/index.php\/wp-json\/wp\/v2\/product"}],"about":[{"href":"https:\/\/roveyayinevi.com.tr\/index.php\/wp-json\/wp\/v2\/types\/product"}],"wp:attachment":[{"href":"https:\/\/roveyayinevi.com.tr\/index.php\/wp-json\/wp\/v2\/media?parent=707267"}],"wp:term":[{"taxonomy":"product_brand","embeddable":true,"href":"https:\/\/roveyayinevi.com.tr\/index.php\/wp-json\/wp\/v2\/product_brand?post=707267"},{"taxonomy":"product_cat","embeddable":true,"href":"https:\/\/roveyayinevi.com.tr\/index.php\/wp-json\/wp\/v2\/product_cat?post=707267"},{"taxonomy":"product_tag","embeddable":true,"href":"https:\/\/roveyayinevi.com.tr\/index.php\/wp-json\/wp\/v2\/product_tag?post=707267"}],"curies":[{"name":"wp","href":"https:\/\/api.w.org\/{rel}","templated":true}]}}