{"id":707257,"date":"2025-08-27T16:03:40","date_gmt":"2025-08-27T13:03:40","guid":{"rendered":"https:\/\/roveyayinevi.com.tr\/index.php\/urun\/poetika-3\/"},"modified":"2026-04-16T02:15:47","modified_gmt":"2026-04-15T23:15:47","slug":"poetika-3","status":"publish","type":"product","link":"https:\/\/roveyayinevi.com.tr\/index.php\/urun\/poetika-3\/","title":{"rendered":"Poetika"},"content":{"rendered":"<p>Aristoteles (M\u00d6 384-322): Antik Yunan felsefesinin \u00f6nemli isimlerinden Aristoteles Platon\u2019un \u00f6\u011frencisi, Tiran Hermias ile B\u00fcy\u00fck \u0130skender\u2019in hocas\u0131, Lykeion okulunun kurucusudur. Orta\u00e7a\u011f\u2019da Musevi ve M\u00fcsl\u00fcman d\u00fc\u015f\u00fcn\u00fcrleri, Hristiyan teolojisini, \u00f6zellikle de skolastik d\u00fc\u015f\u00fcnceyi etkilemi\u015f, etkisi Ayd\u0131nlanma D\u00f6nemi\u2019ne, R\u00f6nesans\u2019a ve Reform\u2019a yay\u0131lm\u0131\u015ft\u0131r. \ufffc<\/p>\n","protected":false},"excerpt":{"rendered":"<p>Aristoteles (M\u00d6 384-322): Antik Yunan felsefesinin \u00f6nemli isimlerinden Aristoteles Platon\u2019un \u00f6\u011frencisi, Tiran Hermias ile B\u00fcy\u00fck \u0130skender\u2019in hocas\u0131, Lykeion okulunun kurucusudur. Orta\u00e7a\u011f\u2019da Musevi ve M\u00fcsl\u00fcman d\u00fc\u015f\u00fcn\u00fcrleri, Hristiyan<span class=\"excerpt-hellip\"> [\u2026]<\/span><\/p>\n","protected":false},"featured_media":0,"template":"","meta":{"_monsterinsights_skip_tracking":false,"_monsterinsights_sitenote_active":false,"_monsterinsights_sitenote_note":"","_monsterinsights_sitenote_category":0},"product_brand":[],"product_cat":[12312,12304],"product_tag":[],"class_list":{"0":"post-707257","1":"product","2":"type-product","3":"status-publish","5":"product_cat-diger","6":"product_cat-tarih","7":"pa_cilt-ciltsiz","8":"pa_tur-kitap","9":"pa_yayinevi-is-bankasi-kultur-yayinlari","10":"pa_yazar-aristoteles","12":"first","13":"instock","14":"sale","15":"shipping-taxable","16":"purchasable","17":"product-type-simple"},"_links":{"self":[{"href":"https:\/\/roveyayinevi.com.tr\/index.php\/wp-json\/wp\/v2\/product\/707257","targetHints":{"allow":["GET"]}}],"collection":[{"href":"https:\/\/roveyayinevi.com.tr\/index.php\/wp-json\/wp\/v2\/product"}],"about":[{"href":"https:\/\/roveyayinevi.com.tr\/index.php\/wp-json\/wp\/v2\/types\/product"}],"wp:attachment":[{"href":"https:\/\/roveyayinevi.com.tr\/index.php\/wp-json\/wp\/v2\/media?parent=707257"}],"wp:term":[{"taxonomy":"product_brand","embeddable":true,"href":"https:\/\/roveyayinevi.com.tr\/index.php\/wp-json\/wp\/v2\/product_brand?post=707257"},{"taxonomy":"product_cat","embeddable":true,"href":"https:\/\/roveyayinevi.com.tr\/index.php\/wp-json\/wp\/v2\/product_cat?post=707257"},{"taxonomy":"product_tag","embeddable":true,"href":"https:\/\/roveyayinevi.com.tr\/index.php\/wp-json\/wp\/v2\/product_tag?post=707257"}],"curies":[{"name":"wp","href":"https:\/\/api.w.org\/{rel}","templated":true}]}}