{"id":707239,"date":"2025-08-27T16:03:31","date_gmt":"2025-08-27T13:03:31","guid":{"rendered":"https:\/\/roveyayinevi.com.tr\/index.php\/urun\/15-temmuz-ve-fe-to\/"},"modified":"2026-04-16T02:15:46","modified_gmt":"2026-04-15T23:15:46","slug":"15-temmuz-ve-fe-to","status":"publish","type":"product","link":"https:\/\/roveyayinevi.com.tr\/index.php\/urun\/15-temmuz-ve-fe-to\/","title":{"rendered":"15 Temmuz ve FE T\u00d6"},"content":{"rendered":"<p>Fet*hullah\u00e7\u0131 Ter\u00f6r \u00d6rg\u00fct\u00fc&#8217;n\u00fcn (FE*T\u00d6) hedefindeki Cumhuriyet Savc\u0131s\u0131 Kurtulu\u015f Tayan\u00e7 \u00c7al\u0131\u015f\u0131r bu kitab\u0131nda, Paralel Devlet Yap\u0131lanmas\u0131&#8217;n\u0131 b\u00fct\u00fcn y\u00f6nleriyle a\u00e7\u0131kl\u0131yor. Atat\u00fcrk\u00e7\u00fc ve Cumhuriyet\u00e7i ayd\u0131nlara kar\u015f\u0131 y\u00fcr\u00fct\u00fclen psikolojik sava\u015f\u0131n ve hukuksuz operasyonlar\u0131n perde arkas\u0131nda hangi g\u00fc\u00e7ler var? Operasyonel gazetecilik ya da psikolojik sava\u015f gazetecili\u011fi nedir, T\u00fcrkiye&#8217;deki temsilcileri kimlerdir? Paralel Devlet Yap\u0131lanmas\u0131&#8217;n\u0131n medya aya\u011f\u0131nda kimler var? Yarg\u0131da yuvalanan Fet*hullah\u00e7\u0131 Cemaat\u00e7iler hakk\u0131nda bilinmeyenler nelerdir? Fet*hullah\u00e7\u0131 Cemaat&#8217;in i\u015fbirlik\u00e7ileri ve d\u0131\u015f destek\u00e7ileri kimlerdir? FE*T\u00d6&#8217;n\u00fcn Ergenekon ve Balyoz gibi kumpaslarla Ordu&#8217;da yapmak istedi\u011fi \u015fey neydi? 15 Temmuz&#8217;a nas\u0131l gelindi ve asl\u0131nda ne oldu? FE*T\u00d6&#8217;c\u00fc Darbe Giri\u015fimi&#8217;ni nas\u0131l de\u011ferlendirmek gerekir? Cemaat&#8217;in kripto elemanlar\u0131n\u0131 nas\u0131l tan\u0131r\u0131z? Fet\/hullah\u00e7\u0131 Ter\u00f6r \u00d6rg\u00fct\u00fc&#8217;yle m\u00fccadelenin esaslar\u0131 nelerdir? Peki, bundan sonra ne olacak? 15 Temmuz ve FE*T\u00d6\/Bir Ter\u00f6r \u00d6rg\u00fct\u00fcn\u00fcn Anatomisi adl\u0131 bu kitap, halk\u0131na kur\u015fun s\u0131kacak kadar al\u00e7akla\u015fanlar\u0131 de\u015fifre ediyor. <\/p>\n","protected":false},"excerpt":{"rendered":"<p>Fet*hullah\u00e7\u0131 Ter\u00f6r \u00d6rg\u00fct\u00fc&#8217;n\u00fcn (FE*T\u00d6) hedefindeki Cumhuriyet Savc\u0131s\u0131 Kurtulu\u015f Tayan\u00e7 \u00c7al\u0131\u015f\u0131r bu kitab\u0131nda, Paralel Devlet Yap\u0131lanmas\u0131&#8217;n\u0131 b\u00fct\u00fcn y\u00f6nleriyle a\u00e7\u0131kl\u0131yor. Atat\u00fcrk\u00e7\u00fc ve Cumhuriyet\u00e7i ayd\u0131nlara kar\u015f\u0131 y\u00fcr\u00fct\u00fclen psikolojik sava\u015f\u0131n<span class=\"excerpt-hellip\"> [\u2026]<\/span><\/p>\n","protected":false},"featured_media":0,"template":"","meta":{"_monsterinsights_skip_tracking":false,"_monsterinsights_sitenote_active":false,"_monsterinsights_sitenote_note":"","_monsterinsights_sitenote_category":0},"product_brand":[],"product_cat":[31194,12337],"product_tag":[],"class_list":{"0":"post-707239","1":"product","2":"type-product","3":"status-publish","5":"product_cat-guncel-siyaset","6":"product_cat-politika-siyaset","7":"pa_cilt-ciltsiz","8":"pa_tur-kitap","9":"pa_yayinevi-kaynak-yayinlari","10":"pa_yazar-kurtulus-tayanc-calisir","12":"first","13":"instock","14":"sale","15":"shipping-taxable","16":"purchasable","17":"product-type-simple"},"_links":{"self":[{"href":"https:\/\/roveyayinevi.com.tr\/index.php\/wp-json\/wp\/v2\/product\/707239","targetHints":{"allow":["GET"]}}],"collection":[{"href":"https:\/\/roveyayinevi.com.tr\/index.php\/wp-json\/wp\/v2\/product"}],"about":[{"href":"https:\/\/roveyayinevi.com.tr\/index.php\/wp-json\/wp\/v2\/types\/product"}],"wp:attachment":[{"href":"https:\/\/roveyayinevi.com.tr\/index.php\/wp-json\/wp\/v2\/media?parent=707239"}],"wp:term":[{"taxonomy":"product_brand","embeddable":true,"href":"https:\/\/roveyayinevi.com.tr\/index.php\/wp-json\/wp\/v2\/product_brand?post=707239"},{"taxonomy":"product_cat","embeddable":true,"href":"https:\/\/roveyayinevi.com.tr\/index.php\/wp-json\/wp\/v2\/product_cat?post=707239"},{"taxonomy":"product_tag","embeddable":true,"href":"https:\/\/roveyayinevi.com.tr\/index.php\/wp-json\/wp\/v2\/product_tag?post=707239"}],"curies":[{"name":"wp","href":"https:\/\/api.w.org\/{rel}","templated":true}]}}

15 Temmuz ve FE TÖ

<p>Fet*hullahçı Terör Örgütü&#8217;nün (FE*TÖ) hedefindeki Cumhuriyet Savcısı Kurtuluş Tayanç Çalışır bu kitabında, Paralel Devlet Yapılanması&#8217;nı bütün yönleriyle açıklıyor. Atatürkçü ve Cumhuriyetçi aydınlara karşı yürütülen psikolojik savaşın ve hukuksuz operasyonların perde arkasında hangi güçler var? Operasyonel gazetecilik ya da psikolojik savaş gazeteciliği nedir, Türkiye&#8217;deki temsilcileri kimlerdir? Paralel Devlet Yapılanması&#8217;nın medya ayağında kimler var? Yargıda yuvalanan Fet*hullahçı Cemaatçiler hakkında bilinmeyenler nelerdir? Fet*hullahçı Cemaat&#8217;in işbirlikçileri ve dış destekçileri kimlerdir? FE*TÖ&#8217;nün Ergenekon ve Balyoz gibi kumpaslarla Ordu&#8217;da yapmak istediği şey neydi? 15 Temmuz&#8217;a nasıl gelindi ve aslında ne oldu? FE*TÖ&#8217;cü Darbe Girişimi&#8217;ni nasıl değerlendirmek gerekir? Cemaat&#8217;in kripto elemanlarını nasıl tanırız? Fet/hullahçı Terör Örgütü&#8217;yle mücadelenin esasları nelerdir? Peki, bundan sonra ne olacak? 15 Temmuz ve FE*TÖ/Bir Terör Örgütünün Anatomisi adlı bu kitap, halkına kurşun sıkacak kadar alçaklaşanları deşifre ediyor. </p>

<p>Fet*hullahçı Terör Örgütü&#8217;nün (FE*TÖ) hedefindeki Cumhuriyet Savcısı Kurtuluş Tayanç Çalışır bu kitabında, Paralel Devlet Yapılanması&#8217;nı bütün yönleriyle açıklıyor. Atatürkçü ve Cumhuriyetçi aydınlara karşı yürütülen psikolojik savaşın<span class="excerpt-hellip"> […]</span></p>
