{"id":707231,"date":"2025-08-27T16:03:20","date_gmt":"2025-08-27T13:03:20","guid":{"rendered":"https:\/\/roveyayinevi.com.tr\/index.php\/urun\/kuyruklu-yildiz-altinda-bir-izdivac-4\/"},"modified":"2026-04-16T02:15:46","modified_gmt":"2026-04-15T23:15:46","slug":"kuyruklu-yildiz-altinda-bir-izdivac-4","status":"publish","type":"product","link":"https:\/\/roveyayinevi.com.tr\/index.php\/urun\/kuyruklu-yildiz-altinda-bir-izdivac-4\/","title":{"rendered":"Kuyruklu Y\u0131ld\u0131z Alt\u0131nda Bir \u0130zdiva\u00e7"},"content":{"rendered":"<p>H\u00fcseyin Rahmi G\u00fcrp\u0131nar ; \u0130stanbul halk\u0131n\u0131n toplumsal, t\u00f6resel ya\u015fant\u0131lar\u0131n\u0131, aile ge\u00e7imsizliklerini, bat\u0131l inan\u00e7lar\u0131n\u0131, ya\u015fad\u0131\u011f\u0131 \u00e7a\u011fdaki T\u00fcrk toplumunun ge\u00e7irmekte oldu\u011fu krizleri h\u00fcmuristik bir mizah dehas\u0131yla anlat\u0131r. Servet-i F\u00fcnuncular\u0131n ya\u015f\u0131t\u0131 oldu\u011fu halde, ayr\u0131 bir sanat g\u00f6r\u00fc\u015f\u00fcn\u00fc s\u00fcrd\u00fcr\u00fcr. Romanlar\u0131ndaki kahramanlar\u0131n \u00e7o\u011fu 19.y\u00fczy\u0131l s\u00fcnu \u0130stanbul\u2019unun canl\u0131, renkli insan, hayat manzaralar\u0131d\u0131r. Eserlerinde Anadolu yoktur. Mizah\u0131, g\u00fcld\u00fcr\u00fcc\u00fc oldu\u011fu kadar, g\u00fcl\u00fcn\u00e7 y\u00f6nlerimizin yans\u0131t\u0131lmas\u0131, hicvedilmesi i\u00e7in gerekli bir ara\u00e7t\u0131r. H\u00fcseyin Rahmi, se\u00e7ti\u011fi tipleri seviyelerine uygun ustaca konu\u015fturur ve olaylar\u0131 g\u00fcl\u00fcn\u00e7 ve ac\u0131kl\u0131 y\u00f6nleriyle belirtir. Kuvvetli bir g\u00f6zlem g\u00fcc\u00fc vard\u0131r. Realist, nat\u00fcralist bir g\u00f6r\u00fc\u015fle \u2018toplum i\u00e7in sanat\u2019 yapar.<\/p>\n","protected":false},"excerpt":{"rendered":"<p>H\u00fcseyin Rahmi G\u00fcrp\u0131nar ; \u0130stanbul halk\u0131n\u0131n toplumsal, t\u00f6resel ya\u015fant\u0131lar\u0131n\u0131, aile ge\u00e7imsizliklerini, bat\u0131l inan\u00e7lar\u0131n\u0131, ya\u015fad\u0131\u011f\u0131 \u00e7a\u011fdaki T\u00fcrk toplumunun ge\u00e7irmekte oldu\u011fu krizleri h\u00fcmuristik bir mizah dehas\u0131yla anlat\u0131r. Servet-i<span class=\"excerpt-hellip\"> [\u2026]<\/span><\/p>\n","protected":false},"featured_media":0,"template":"","meta":{"_monsterinsights_skip_tracking":false,"_monsterinsights_sitenote_active":false,"_monsterinsights_sitenote_note":"","_monsterinsights_sitenote_category":0},"product_brand":[],"product_cat":[12291,12711],"product_tag":[],"class_list":{"0":"post-707231","1":"product","2":"type-product","3":"status-publish","5":"product_cat-edebiyat","6":"product_cat-roman-oyku","7":"pa_cilt-ciltsiz","8":"pa_tur-kitap","9":"pa_yayinevi-iskele-yayincilik","10":"pa_yazar-huseyin-rahmi-gurpinar","12":"first","13":"instock","14":"sale","15":"shipping-taxable","16":"purchasable","17":"product-type-simple"},"_links":{"self":[{"href":"https:\/\/roveyayinevi.com.tr\/index.php\/wp-json\/wp\/v2\/product\/707231","targetHints":{"allow":["GET"]}}],"collection":[{"href":"https:\/\/roveyayinevi.com.tr\/index.php\/wp-json\/wp\/v2\/product"}],"about":[{"href":"https:\/\/roveyayinevi.com.tr\/index.php\/wp-json\/wp\/v2\/types\/product"}],"wp:attachment":[{"href":"https:\/\/roveyayinevi.com.tr\/index.php\/wp-json\/wp\/v2\/media?parent=707231"}],"wp:term":[{"taxonomy":"product_brand","embeddable":true,"href":"https:\/\/roveyayinevi.com.tr\/index.php\/wp-json\/wp\/v2\/product_brand?post=707231"},{"taxonomy":"product_cat","embeddable":true,"href":"https:\/\/roveyayinevi.com.tr\/index.php\/wp-json\/wp\/v2\/product_cat?post=707231"},{"taxonomy":"product_tag","embeddable":true,"href":"https:\/\/roveyayinevi.com.tr\/index.php\/wp-json\/wp\/v2\/product_tag?post=707231"}],"curies":[{"name":"wp","href":"https:\/\/api.w.org\/{rel}","templated":true}]}}