{"id":707207,"date":"2025-08-27T16:03:09","date_gmt":"2025-08-27T13:03:09","guid":{"rendered":"https:\/\/roveyayinevi.com.tr\/index.php\/urun\/osmanli-tarihinde-islamiyet-ve-devlet\/"},"modified":"2026-04-16T02:15:46","modified_gmt":"2026-04-15T23:15:46","slug":"osmanli-tarihinde-islamiyet-ve-devlet","status":"publish","type":"product","link":"https:\/\/roveyayinevi.com.tr\/index.php\/urun\/osmanli-tarihinde-islamiyet-ve-devlet\/","title":{"rendered":"Osmanl\u0131 Tarihinde \u0130slamiyet ve Devlet"},"content":{"rendered":"<p>\u0130slamiyetle 9. y\u00fczy\u0131lda tan\u0131\u015fan T\u00fcrkler, kendi devlet anlay\u0131\u015flar\u0131n\u0131 \u0130slam d\u00fcnyas\u0131na ta\u015f\u0131d\u0131. B\u00f6ylece devlet ve hukuk kavramlar\u0131nda, ba\u011f\u0131ms\u0131z sivil otorite ve onun kanun koyucu g\u00fcc\u00fc lehine b\u00fcy\u00fck bir de\u011fi\u015fiklik ortaya \u00e7\u0131kt\u0131. \u015eeriat ile yan yana bir sivil hukuk alan\u0131 geli\u015fti. 11. y\u00fczy\u0131lda El-Maverdi ve EbuMansur el-Ba\u011fdadi ba\u015fta, b\u00fcy\u00fck fakihler \u0130slam toplumlar\u0131nda bu ayr\u0131m\u0131n gereklili\u011fi \u00fczerine yazd\u0131lar, tart\u0131\u015ft\u0131lar.Osmanl\u0131 Devleti bu gelene\u011fin bir par\u00e7as\u0131yd\u0131. Yayg\u0131n pop\u00fcler kan\u0131n\u0131n aksine, her devlet gibi ba\u015flang\u0131\u00e7ta belli bir kal\u0131pla kurulmu\u015f, \u00e7\u00f6k\u00fc\u015f\u00fcne dek de bu kal\u0131ba harfiyen uymu\u015f de\u011fildi. Halil \u0130nalc\u0131k, Osmanl\u0131 tarihinin ge\u00e7mi\u015fe uzanan k\u00f6klerini de g\u00f6z ard\u0131 etmeden, 600 y\u0131l boyunca devlet ve \u0130slamiyet aras\u0131ndaki de\u011fi\u015fken ili\u015fkinin bir d\u00f6k\u00fcm\u00fcn\u00fc bu kitapta sunuyor.Kutadgu Bilig\u2019deki devlet anlay\u0131\u015f\u0131ndan ba\u015flayarak, Uc\u2019larda bir yanda gazi beylerle, bir yanda dervi\u015flerle ba\u015flayan kurulu\u015f \u00f6yk\u00fcs\u00fcn\u00fc anlat\u0131yor. Devlet kurumsalla\u015ft\u0131k\u00e7a Uc\u2019lar\u0131n, gazilerin ve dervi\u015flerin \u00f6nemlerini kaybedi\u015fini, bu arada yeni kurumlar\u0131n ve anlay\u0131\u015flar\u0131n y\u00fckseli\u015fini g\u00f6zler \u00f6n\u00fcne seriyor. Fatih Kan\u00fbnnamesi\u2019yle \u00f6rf\u00fcn hukuk alan\u0131na resmen giri\u015finin, uleman\u0131n devlet yap\u0131s\u0131ndaki di\u011fer unsurlardan giderek ayr\u0131\u015fmas\u0131n\u0131n uzun zamana yay\u0131lm\u0131\u015f \u00f6yk\u00fcs\u00fcn\u00fc ayr\u0131nt\u0131lar\u0131yla sunuyor. 17. Y\u00fczy\u0131lda Avrupa\u2019daki tasfiyeci ak\u0131mlarla ayn\u0131 s\u0131ralarda ortaya \u00e7\u0131kan selefi Kad\u0131zadelilerin hem toplum hem de devlet ve \u0130slamiyet \u00fczerindeki etkilerini mercek alt\u0131na al\u0131yor.18. y\u00fczy\u0131lda ba\u015flayan Bat\u0131l\u0131la\u015fma eksenli modernle\u015fme hareketinin Cumhuriyet\u2019in kurulu\u015funa dek uzanan seyrini takip ediyor. Osmanl\u0131lar\u0131n kurulu\u015f y\u0131llar\u0131ndan beri s\u00fcren H\u0131ristiyanl\u0131k \u0130slam tart\u0131\u015fmalar\u0131n\u0131 da bu \u00e7er\u00e7evede ele al\u0131yor.Osmanl\u0131 Tarihinde \u0130slamiyet ve Devlet kadim bir meseleyi, usta bir Osmanl\u0131 tarih\u00e7isinin kaleminden okumak isteyenler i\u00e7in. <\/p>\n","protected":false},"excerpt":{"rendered":"<p>\u0130slamiyetle 9. y\u00fczy\u0131lda tan\u0131\u015fan T\u00fcrkler, kendi devlet anlay\u0131\u015flar\u0131n\u0131 \u0130slam d\u00fcnyas\u0131na ta\u015f\u0131d\u0131. B\u00f6ylece devlet ve hukuk kavramlar\u0131nda, ba\u011f\u0131ms\u0131z sivil otorite ve onun kanun koyucu g\u00fcc\u00fc lehine b\u00fcy\u00fck<span class=\"excerpt-hellip\"> [\u2026]<\/span><\/p>\n","protected":false},"featured_media":0,"template":"","meta":{"_monsterinsights_skip_tracking":false,"_monsterinsights_sitenote_active":false,"_monsterinsights_sitenote_note":"","_monsterinsights_sitenote_category":0},"product_brand":[],"product_cat":[13517,12304],"product_tag":[],"class_list":{"0":"post-707207","1":"product","2":"type-product","3":"status-publish","5":"product_cat-osmanli-tarihi","6":"product_cat-tarih","7":"pa_cilt-ciltsiz","8":"pa_tur-kitap","9":"pa_yayinevi-is-bankasi-kultur-yayinlari","10":"pa_yazar-halil-inalcik","12":"first","13":"instock","14":"sale","15":"shipping-taxable","16":"purchasable","17":"product-type-simple"},"_links":{"self":[{"href":"https:\/\/roveyayinevi.com.tr\/index.php\/wp-json\/wp\/v2\/product\/707207","targetHints":{"allow":["GET"]}}],"collection":[{"href":"https:\/\/roveyayinevi.com.tr\/index.php\/wp-json\/wp\/v2\/product"}],"about":[{"href":"https:\/\/roveyayinevi.com.tr\/index.php\/wp-json\/wp\/v2\/types\/product"}],"wp:attachment":[{"href":"https:\/\/roveyayinevi.com.tr\/index.php\/wp-json\/wp\/v2\/media?parent=707207"}],"wp:term":[{"taxonomy":"product_brand","embeddable":true,"href":"https:\/\/roveyayinevi.com.tr\/index.php\/wp-json\/wp\/v2\/product_brand?post=707207"},{"taxonomy":"product_cat","embeddable":true,"href":"https:\/\/roveyayinevi.com.tr\/index.php\/wp-json\/wp\/v2\/product_cat?post=707207"},{"taxonomy":"product_tag","embeddable":true,"href":"https:\/\/roveyayinevi.com.tr\/index.php\/wp-json\/wp\/v2\/product_tag?post=707207"}],"curies":[{"name":"wp","href":"https:\/\/api.w.org\/{rel}","templated":true}]}}