{"id":707199,"date":"2025-08-27T16:03:06","date_gmt":"2025-08-27T13:03:06","guid":{"rendered":"https:\/\/roveyayinevi.com.tr\/index.php\/urun\/pariste-katliam\/"},"modified":"2026-04-16T02:15:45","modified_gmt":"2026-04-15T23:15:45","slug":"pariste-katliam","status":"publish","type":"product","link":"https:\/\/roveyayinevi.com.tr\/index.php\/urun\/pariste-katliam\/","title":{"rendered":"Paris&#8217;te Katliam"},"content":{"rendered":"<p>Christopher Marlowe, (1564-1593): Hayat\u0131 ve \u00f6l\u00fcm\u00fc bir gizem perdesiyle \u00f6rt\u00fcl\u00fc olan sanat\u00e7\u0131 Elizabeth d\u00f6neminin en \u00f6nemli oyun yazarlar\u0131 aras\u0131nda yer al\u0131r. Canterbury\u2019de bir ayakkab\u0131c\u0131n\u0131n o\u011flu olarak d\u00fcnyaya gelmi\u015f, zeka ve yetene\u011fi ile sivrilmi\u015f, zaman\u0131n\u0131n en iyi e\u011fitimini alm\u0131\u015ft\u0131r. Din \u00f6\u011frenimi yapmak \u00fczere gitti\u011fi Cambridge \u00dcniversitesi\u2019nde tarih ve felsefeyle de ilgilenmi\u015f, Frans\u0131zca \u00f6\u011frenmi\u015f, lisans ve lisans \u00fcst\u00fc derecelerle mezun olmu\u015ftur. \u0130ngiliz tiyatrosunda uyaks\u0131z dizeler ve a\u00e7\u0131k \u00f6l\u00e7\u00fc sayesinde dilin t\u00fcm olanaklar\u0131n\u0131n kullan\u0131labildi\u011fi yeni bir \u00e7\u0131\u011f\u0131r\u0131n \u00f6nc\u00fcs\u00fc olmu\u015ftur. Kartaca Krali\u00e7esi Dido\u2019yu Thomas Nashe ile birlikte 1587\u2019den \u00f6nce yazd\u0131\u011f\u0131 tahmin edilmektedir. Bu oyunu B\u00fcy\u00fck Timurlenk 1-2, Maltal\u0131 Yahudi, Doktor Faustus ve 2. Edward izler. Paris\u2019te Katliam yazar\u0131n son oyunudur. Uyumsuz, kavgac\u0131 ve k\u00fcf\u00fcrbaz bir insan olan Marlowe\u2019un Katolik \u00f6\u011frenciler aras\u0131nda devlet ajan\u0131 olarak \u00e7al\u0131\u015ft\u0131\u011f\u0131na dair \u015f\u00fcpheler vard\u0131r. Kalpazanl\u0131kla su\u00e7lanm\u0131\u015f, tanr\u0131tan\u0131mazl\u0131k iddias\u0131yla kovu\u015fturulmu\u015f ve bir meyhane arkada\u015f\u0131 taraf\u0131ndan \u00f6ld\u00fcr\u00fclm\u00fc\u015ft\u00fcr. \ufffcTan\u0131t\u0131m Metni<\/p>\n","protected":false},"excerpt":{"rendered":"<p>Christopher Marlowe, (1564-1593): Hayat\u0131 ve \u00f6l\u00fcm\u00fc bir gizem perdesiyle \u00f6rt\u00fcl\u00fc olan sanat\u00e7\u0131 Elizabeth d\u00f6neminin en \u00f6nemli oyun yazarlar\u0131 aras\u0131nda yer al\u0131r. Canterbury\u2019de bir ayakkab\u0131c\u0131n\u0131n o\u011flu olarak<span class=\"excerpt-hellip\"> [\u2026]<\/span><\/p>\n","protected":false},"featured_media":0,"template":"","meta":{"_monsterinsights_skip_tracking":false,"_monsterinsights_sitenote_active":false,"_monsterinsights_sitenote_note":"","_monsterinsights_sitenote_category":0},"product_brand":[],"product_cat":[12291,14272],"product_tag":[],"class_list":{"0":"post-707199","1":"product","2":"type-product","3":"status-publish","5":"product_cat-edebiyat","6":"product_cat-tiyatro","7":"pa_cilt-ciltsiz","8":"pa_tur-kitap","9":"pa_yayinevi-is-bankasi-kultur-yayinlari","10":"pa_yazar-christopher-marlowe","12":"first","13":"instock","14":"sale","15":"shipping-taxable","16":"purchasable","17":"product-type-simple"},"_links":{"self":[{"href":"https:\/\/roveyayinevi.com.tr\/index.php\/wp-json\/wp\/v2\/product\/707199","targetHints":{"allow":["GET"]}}],"collection":[{"href":"https:\/\/roveyayinevi.com.tr\/index.php\/wp-json\/wp\/v2\/product"}],"about":[{"href":"https:\/\/roveyayinevi.com.tr\/index.php\/wp-json\/wp\/v2\/types\/product"}],"wp:attachment":[{"href":"https:\/\/roveyayinevi.com.tr\/index.php\/wp-json\/wp\/v2\/media?parent=707199"}],"wp:term":[{"taxonomy":"product_brand","embeddable":true,"href":"https:\/\/roveyayinevi.com.tr\/index.php\/wp-json\/wp\/v2\/product_brand?post=707199"},{"taxonomy":"product_cat","embeddable":true,"href":"https:\/\/roveyayinevi.com.tr\/index.php\/wp-json\/wp\/v2\/product_cat?post=707199"},{"taxonomy":"product_tag","embeddable":true,"href":"https:\/\/roveyayinevi.com.tr\/index.php\/wp-json\/wp\/v2\/product_tag?post=707199"}],"curies":[{"name":"wp","href":"https:\/\/api.w.org\/{rel}","templated":true}]}}