{"id":707196,"date":"2025-08-27T16:03:04","date_gmt":"2025-08-27T13:03:04","guid":{"rendered":"https:\/\/roveyayinevi.com.tr\/index.php\/urun\/karga-bana-dedi-ki-mizah-yazilari\/"},"modified":"2026-04-16T02:15:45","modified_gmt":"2026-04-15T23:15:45","slug":"karga-bana-dedi-ki-mizah-yazilari","status":"publish","type":"product","link":"https:\/\/roveyayinevi.com.tr\/index.php\/urun\/karga-bana-dedi-ki-mizah-yazilari\/","title":{"rendered":"Karga Bana Dedi ki: Mizah Yaz\u0131lar\u0131"},"content":{"rendered":"<p>Kaba s\u00f6ze ba\u015fvurmayan politik hicvin ve mizah\u0131n en ba\u015far\u0131l\u0131 \u00f6rneklerini sunan Refik Halid Karay, edebiyat\u0131m\u0131z\u0131n en usta mizah yazar\u0131 ve d\u00fc\u015f\u00fcn\u00fcrlerinden biridir. Zengin mizah k\u00fclt\u00fcr\u00fcn\u00fcn ve yarat\u0131c\u0131 dehas\u0131n\u0131n \u00fcr\u00fcn\u00fc \u00e7ok say\u0131da mizah eseri ortaya koyan Karay, Kalem\u2019de \u201cKirpi\u201d imzas\u0131yla ba\u015flayan ve Cem\u2019de ba\u015fyazarl\u0131kla s\u00fcren mizah yazarl\u0131\u011f\u0131 ile \u0130ttihat ve Terakki\u2019ye y\u00f6nelik muhalefetin belirledi\u011fi M\u00fctareke\u2019ye kadar olan d\u00f6nem ve M\u00fctareke\u2019den Milli M\u00fccadele\u2019nin sonuna kadar, \u00f6zellikle Aydede \u00fczerinden y\u00fcr\u00fctt\u00fc\u011f\u00fc etkin muhalefet d\u00f6neminde T\u00fcrk mizah\u0131na damgas\u0131n\u0131 vurmu\u015ftur. <\/p>\n","protected":false},"excerpt":{"rendered":"<p>Kaba s\u00f6ze ba\u015fvurmayan politik hicvin ve mizah\u0131n en ba\u015far\u0131l\u0131 \u00f6rneklerini sunan Refik Halid Karay, edebiyat\u0131m\u0131z\u0131n en usta mizah yazar\u0131 ve d\u00fc\u015f\u00fcn\u00fcrlerinden biridir. Zengin mizah k\u00fclt\u00fcr\u00fcn\u00fcn ve<span class=\"excerpt-hellip\"> [\u2026]<\/span><\/p>\n","protected":false},"featured_media":0,"template":"","meta":{"_monsterinsights_skip_tracking":false,"_monsterinsights_sitenote_active":false,"_monsterinsights_sitenote_note":"","_monsterinsights_sitenote_category":0},"product_brand":[],"product_cat":[12291,14825],"product_tag":[],"class_list":{"0":"post-707196","1":"product","2":"type-product","3":"status-publish","5":"product_cat-edebiyat","6":"product_cat-mizah","7":"pa_cilt-ciltsiz","8":"pa_tur-kitap","9":"pa_yayinevi-inkilap-kitabevi","10":"pa_yazar-refik-halid-karay","12":"first","13":"instock","14":"sale","15":"shipping-taxable","16":"purchasable","17":"product-type-simple"},"_links":{"self":[{"href":"https:\/\/roveyayinevi.com.tr\/index.php\/wp-json\/wp\/v2\/product\/707196","targetHints":{"allow":["GET"]}}],"collection":[{"href":"https:\/\/roveyayinevi.com.tr\/index.php\/wp-json\/wp\/v2\/product"}],"about":[{"href":"https:\/\/roveyayinevi.com.tr\/index.php\/wp-json\/wp\/v2\/types\/product"}],"wp:attachment":[{"href":"https:\/\/roveyayinevi.com.tr\/index.php\/wp-json\/wp\/v2\/media?parent=707196"}],"wp:term":[{"taxonomy":"product_brand","embeddable":true,"href":"https:\/\/roveyayinevi.com.tr\/index.php\/wp-json\/wp\/v2\/product_brand?post=707196"},{"taxonomy":"product_cat","embeddable":true,"href":"https:\/\/roveyayinevi.com.tr\/index.php\/wp-json\/wp\/v2\/product_cat?post=707196"},{"taxonomy":"product_tag","embeddable":true,"href":"https:\/\/roveyayinevi.com.tr\/index.php\/wp-json\/wp\/v2\/product_tag?post=707196"}],"curies":[{"name":"wp","href":"https:\/\/api.w.org\/{rel}","templated":true}]}}